{"id":653,"date":"2021-05-19T12:54:01","date_gmt":"2021-05-19T10:54:01","guid":{"rendered":"http:\/\/suryn.pl\/?page_id=653"},"modified":"2021-05-20T19:52:39","modified_gmt":"2021-05-20T17:52:39","slug":"strona-194-i-195","status":"publish","type":"page","link":"https:\/\/suryn.pl\/index.php\/strona-194-i-195\/","title":{"rendered":"Strona 194 i 195"},"content":{"rendered":"\n<pre class=\"wp-block-verse\" style=\"font-size:17px\"><strong>***<\/strong>\ncisza na szczytach\npowietrze odpoczywa od\nludzkich my\u015bli\nja te\u017c...<\/pre>\n\n\n\n<div style=\"height:100px\" aria-hidden=\"true\" class=\"wp-block-spacer\"><\/div>\n\n\n\n<div style=\"height:100px\" aria-hidden=\"true\" class=\"wp-block-spacer\"><\/div>\n\n\n\n<div style=\"height:100px\" aria-hidden=\"true\" class=\"wp-block-spacer\"><\/div>\n\n\n\n<pre class=\"wp-block-verse\" style=\"font-size:17px\"><strong>***<\/strong>\nwyczekiwa\u0142em spektakli\nsferycznych\na tu stado ptak\u00f3w\nna sinym niebie\njak kaligrafia\n\n<\/pre>\n\n\n\n<p class=\"has-text-align-right\"><a href=\"http:\/\/suryn.pl\/index.php\/strona-192-i-193\/\" data-type=\"URL\" data-id=\"http:\/\/suryn.pl\/index.php\/strona-192-i-193\/\">Poprzednia<\/a>&nbsp; <a href=\"http:\/\/suryn.pl\/index.php\/strona-196-i-197\/\" data-type=\"URL\" data-id=\"http:\/\/suryn.pl\/index.php\/strona-196-i-197\/\">Nast\u0119pna<\/a><\/p>\n\n\n\n<div style=\"height:100px\" aria-hidden=\"true\" class=\"wp-block-spacer\"><\/div>\n\n\n\n<div style=\"height:100px\" aria-hidden=\"true\" class=\"wp-block-spacer\"><\/div>\n","protected":false},"excerpt":{"rendered":"<p>*** cisza na szczytach powietrze odpoczywa od ludzkich my\u015bli ja te\u017c&#8230; *** wyczekiwa\u0142em spektakli sferycznych a tu stado ptak\u00f3w na sinym niebie jak kaligrafia Poprzednia&nbsp; Nast\u0119pna<\/p>\n","protected":false},"author":1,"featured_media":0,"parent":0,"menu_order":0,"comment_status":"closed","ping_status":"closed","template":"","meta":{"footnotes":""},"class_list":["post-653","page","type-page","status-publish","hentry"],"_links":{"self":[{"href":"https:\/\/suryn.pl\/index.php\/wp-json\/wp\/v2\/pages\/653","targetHints":{"allow":["GET"]}}],"collection":[{"href":"https:\/\/suryn.pl\/index.php\/wp-json\/wp\/v2\/pages"}],"about":[{"href":"https:\/\/suryn.pl\/index.php\/wp-json\/wp\/v2\/types\/page"}],"author":[{"embeddable":true,"href":"https:\/\/suryn.pl\/index.php\/wp-json\/wp\/v2\/users\/1"}],"replies":[{"embeddable":true,"href":"https:\/\/suryn.pl\/index.php\/wp-json\/wp\/v2\/comments?post=653"}],"version-history":[{"count":4,"href":"https:\/\/suryn.pl\/index.php\/wp-json\/wp\/v2\/pages\/653\/revisions"}],"predecessor-version":[{"id":1229,"href":"https:\/\/suryn.pl\/index.php\/wp-json\/wp\/v2\/pages\/653\/revisions\/1229"}],"wp:attachment":[{"href":"https:\/\/suryn.pl\/index.php\/wp-json\/wp\/v2\/media?parent=653"}],"curies":[{"name":"wp","href":"https:\/\/api.w.org\/{rel}","templated":true}]}}