{"id":620,"date":"2021-05-19T12:28:03","date_gmt":"2021-05-19T10:28:03","guid":{"rendered":"http:\/\/suryn.pl\/?page_id=620"},"modified":"2021-05-21T15:39:43","modified_gmt":"2021-05-21T13:39:43","slug":"strona-182-i-183","status":"publish","type":"page","link":"https:\/\/suryn.pl\/index.php\/strona-182-i-183\/","title":{"rendered":"Strona 182 i 183"},"content":{"rendered":"\n<pre class=\"wp-block-verse\" style=\"font-size:17px\"><strong>Bach<\/strong>\nta muzyka jak\ndzi\u0119kczynienie\nwype\u0142nia mnie\nprzelewa si\u0119 jak fontanna\nmi\u0142o\u015bci\ni znikam z niej\ni zmartwychwstaj\u0119\nw \u015bwietle \u017cywym\ni zachwycie ponad wszelkie\npoj\u0119cie<\/pre>\n\n\n\n<div style=\"height:47px\" aria-hidden=\"true\" class=\"wp-block-spacer\"><\/div>\n\n\n\n<div style=\"height:100px\" aria-hidden=\"true\" class=\"wp-block-spacer\"><\/div>\n\n\n\n<pre class=\"wp-block-verse\" style=\"font-size:17px\"><strong>Paruzja<\/strong>\npatrzysz \u2013 nie wierzysz\nnie ma czasu\noddychasz przestrzeni\u0105\ncia\u0142em Boga\nrze\u015bki wiatr prawdy\nrozwia\u0142 opary ob\u0142\u0119du\nziemia po\u0142yka wod\u0119\nwoda po\u017cera ogie\u0144\nogie\u0144 znika w powietrzu\nJam jest Ten, Kt\u00f3ry Jest\n\n<\/pre>\n\n\n\n<p class=\"has-text-align-right\"><a href=\"http:\/\/suryn.pl\/index.php\/strona-180-i-181\/\" data-type=\"URL\" data-id=\"http:\/\/suryn.pl\/index.php\/strona-180-i-181\/\">Poprzednia<\/a>&nbsp;<a href=\"http:\/\/suryn.pl\/index.php\/strona-184-i-185\/\" data-type=\"URL\" data-id=\"http:\/\/suryn.pl\/index.php\/strona-184-i-185\/\"> Nast\u0119pna<\/a><\/p>\n\n\n\n<div style=\"height:100px\" aria-hidden=\"true\" class=\"wp-block-spacer\"><\/div>\n","protected":false},"excerpt":{"rendered":"<p>Bach ta muzyka jak dzi\u0119kczynienie wype\u0142nia mnie przelewa si\u0119 jak fontanna mi\u0142o\u015bci i znikam z niej i zmartwychwstaj\u0119 w \u015bwietle \u017cywym i zachwycie ponad wszelkie poj\u0119cie Paruzja patrzysz \u2013 nie wierzysz nie ma czasu oddychasz przestrzeni\u0105 cia\u0142em Boga rze\u015bki wiatr prawdy rozwia\u0142 opary ob\u0142\u0119du ziemia po\u0142yka wod\u0119 woda po\u017cera ogie\u0144 ogie\u0144 znika w powietrzu Jam jest Ten, Kt\u00f3ry Jest Poprzednia&nbsp; &#8230;<\/p>\n","protected":false},"author":1,"featured_media":0,"parent":0,"menu_order":0,"comment_status":"closed","ping_status":"closed","template":"","meta":{"footnotes":""},"class_list":["post-620","page","type-page","status-publish","hentry"],"_links":{"self":[{"href":"https:\/\/suryn.pl\/index.php\/wp-json\/wp\/v2\/pages\/620","targetHints":{"allow":["GET"]}}],"collection":[{"href":"https:\/\/suryn.pl\/index.php\/wp-json\/wp\/v2\/pages"}],"about":[{"href":"https:\/\/suryn.pl\/index.php\/wp-json\/wp\/v2\/types\/page"}],"author":[{"embeddable":true,"href":"https:\/\/suryn.pl\/index.php\/wp-json\/wp\/v2\/users\/1"}],"replies":[{"embeddable":true,"href":"https:\/\/suryn.pl\/index.php\/wp-json\/wp\/v2\/comments?post=620"}],"version-history":[{"count":5,"href":"https:\/\/suryn.pl\/index.php\/wp-json\/wp\/v2\/pages\/620\/revisions"}],"predecessor-version":[{"id":1533,"href":"https:\/\/suryn.pl\/index.php\/wp-json\/wp\/v2\/pages\/620\/revisions\/1533"}],"wp:attachment":[{"href":"https:\/\/suryn.pl\/index.php\/wp-json\/wp\/v2\/media?parent=620"}],"curies":[{"name":"wp","href":"https:\/\/api.w.org\/{rel}","templated":true}]}}