{"id":587,"date":"2021-05-19T11:53:30","date_gmt":"2021-05-19T09:53:30","guid":{"rendered":"http:\/\/suryn.pl\/?page_id=587"},"modified":"2021-05-20T19:42:42","modified_gmt":"2021-05-20T17:42:42","slug":"stroma-166-i-167","status":"publish","type":"page","link":"https:\/\/suryn.pl\/index.php\/stroma-166-i-167\/","title":{"rendered":"Stroma 166 i 167"},"content":{"rendered":"\n<pre class=\"wp-block-verse\" style=\"font-size:17px\"><strong>***<\/strong>\nten dumny paw\nto ja?\nten pomylony sen\nto g\u00f3wno na patyku\nten cud mniemany\nto mi\u0119so i \u015bwiat\u0142o\nten na zdj\u0119ciu\ni po kt\u00f3rym miejsce\nznika\nmilion lat pomy\u0142ek\ni chwila nadziei<\/pre>\n\n\n\n<div style=\"height:100px\" aria-hidden=\"true\" class=\"wp-block-spacer\"><\/div>\n\n\n\n<div style=\"height:53px\" aria-hidden=\"true\" class=\"wp-block-spacer\"><\/div>\n\n\n\n<pre class=\"wp-block-verse\" style=\"font-size:17px\"><strong>***<\/strong>\njezioro moje i niebo odbite\ntrzciny szepcz\u0105ce i piaszczyste drogi\ntarnino z fioletowym p\u0142omykiem\ni ty cierpliwa sosno okaleczona\nprzez moich bli\u017anich\nwybaczcie mi wszystko, inaczej\nnie podnios\u0119 si\u0119 i nie zawo\u0142am\no ratunek dla nas<\/pre>\n\n\n\n<p class=\"has-text-align-right\"><a href=\"http:\/\/suryn.pl\/index.php\/strona-164-i-165\/\" data-type=\"URL\" data-id=\"http:\/\/suryn.pl\/index.php\/strona-164-i-165\/\">Poprzednia<\/a>&nbsp; <a href=\"http:\/\/suryn.pl\/index.php\/strona-168-i-169\/\" data-type=\"URL\" data-id=\"http:\/\/suryn.pl\/index.php\/strona-168-i-169\/\">Nast\u0119pna<\/a><\/p>\n\n\n\n<div style=\"height:100px\" aria-hidden=\"true\" class=\"wp-block-spacer\"><\/div>\n\n\n\n<div style=\"height:100px\" aria-hidden=\"true\" class=\"wp-block-spacer\"><\/div>\n","protected":false},"excerpt":{"rendered":"<p>*** ten dumny paw to ja? ten pomylony sen to g\u00f3wno na patyku ten cud mniemany to mi\u0119so i \u015bwiat\u0142o ten na zdj\u0119ciu i po kt\u00f3rym miejsce znika milion lat pomy\u0142ek i chwila nadziei *** jezioro moje i niebo odbite trzciny szepcz\u0105ce i piaszczyste drogi tarnino z fioletowym p\u0142omykiem i ty cierpliwa sosno okaleczona przez moich bli\u017anich wybaczcie mi wszystko, &#8230;<\/p>\n","protected":false},"author":1,"featured_media":0,"parent":0,"menu_order":0,"comment_status":"closed","ping_status":"closed","template":"","meta":{"footnotes":""},"class_list":["post-587","page","type-page","status-publish","hentry"],"_links":{"self":[{"href":"https:\/\/suryn.pl\/index.php\/wp-json\/wp\/v2\/pages\/587","targetHints":{"allow":["GET"]}}],"collection":[{"href":"https:\/\/suryn.pl\/index.php\/wp-json\/wp\/v2\/pages"}],"about":[{"href":"https:\/\/suryn.pl\/index.php\/wp-json\/wp\/v2\/types\/page"}],"author":[{"embeddable":true,"href":"https:\/\/suryn.pl\/index.php\/wp-json\/wp\/v2\/users\/1"}],"replies":[{"embeddable":true,"href":"https:\/\/suryn.pl\/index.php\/wp-json\/wp\/v2\/comments?post=587"}],"version-history":[{"count":6,"href":"https:\/\/suryn.pl\/index.php\/wp-json\/wp\/v2\/pages\/587\/revisions"}],"predecessor-version":[{"id":1212,"href":"https:\/\/suryn.pl\/index.php\/wp-json\/wp\/v2\/pages\/587\/revisions\/1212"}],"wp:attachment":[{"href":"https:\/\/suryn.pl\/index.php\/wp-json\/wp\/v2\/media?parent=587"}],"curies":[{"name":"wp","href":"https:\/\/api.w.org\/{rel}","templated":true}]}}