{"id":578,"date":"2021-05-19T11:48:32","date_gmt":"2021-05-19T09:48:32","guid":{"rendered":"http:\/\/suryn.pl\/?page_id=578"},"modified":"2021-05-21T15:38:52","modified_gmt":"2021-05-21T13:38:52","slug":"strona-162-i-163","status":"publish","type":"page","link":"https:\/\/suryn.pl\/index.php\/strona-162-i-163\/","title":{"rendered":"Strona 162 i 163"},"content":{"rendered":"\n<pre class=\"wp-block-verse\" style=\"font-size:17px\"><strong>***<\/strong>\njeszcze jedna prawda\nw\u0142a\u015bnie odchodzi\nmi\u0119dzy magiczne strony\nzabieraj\u0105c filozof\u00f3w i bajki\nzostaje ziemia bez \u015bniegu\ndzie\u0144 bez dna\nnoc bez marze\u0144\njawa wyjawiona do cna<\/pre>\n\n\n\n<div style=\"height:100px\" aria-hidden=\"true\" class=\"wp-block-spacer\"><\/div>\n\n\n\n<div style=\"height:79px\" aria-hidden=\"true\" class=\"wp-block-spacer\"><\/div>\n\n\n\n<pre class=\"wp-block-verse\" style=\"font-size:17px\"><strong>***<\/strong>\nOtoczy\u0142e\u015b mnie lustrami Twoich s\u0142\u00f3w i mego sumienia, n\u0119dza mej ucieczki, \u015blepota mych k\u0142amstw kr\u0119ci si\u0119 wko\u0142o. Blagam Ci\u0119! wyrwij mnie ze mnie fa\u0142szywego, a bolesnego. Nie chc\u0119 ju\u017c ucieka\u0107, ani t\u0142umaczy\u0107 czegokolwiek.<\/pre>\n\n\n\n<p class=\"has-text-align-right\"><a href=\"http:\/\/suryn.pl\/index.php\/strona-160-i-161\/\" data-type=\"URL\" data-id=\"http:\/\/suryn.pl\/index.php\/strona-160-i-161\/\">Poprzednia<\/a>&nbsp; <a href=\"http:\/\/suryn.pl\/index.php\/strona-164-i-165\/\" data-type=\"URL\" data-id=\"http:\/\/suryn.pl\/index.php\/strona-164-i-165\/\">Nast\u0119pna<\/a><\/p>\n\n\n\n<div style=\"height:100px\" aria-hidden=\"true\" class=\"wp-block-spacer\"><\/div>\n\n\n\n<div style=\"height:100px\" aria-hidden=\"true\" class=\"wp-block-spacer\"><\/div>\n","protected":false},"excerpt":{"rendered":"<p>*** jeszcze jedna prawda w\u0142a\u015bnie odchodzi mi\u0119dzy magiczne strony zabieraj\u0105c filozof\u00f3w i bajki zostaje ziemia bez \u015bniegu dzie\u0144 bez dna noc bez marze\u0144 jawa wyjawiona do cna *** Otoczy\u0142e\u015b mnie lustrami Twoich s\u0142\u00f3w i mego sumienia, n\u0119dza mej ucieczki, \u015blepota mych k\u0142amstw kr\u0119ci si\u0119 wko\u0142o. Blagam Ci\u0119! wyrwij mnie ze mnie fa\u0142szywego, a bolesnego. Nie chc\u0119 ju\u017c ucieka\u0107, ani t\u0142umaczy\u0107 &#8230;<\/p>\n","protected":false},"author":1,"featured_media":0,"parent":0,"menu_order":0,"comment_status":"closed","ping_status":"closed","template":"","meta":{"footnotes":""},"class_list":["post-578","page","type-page","status-publish","hentry"],"_links":{"self":[{"href":"https:\/\/suryn.pl\/index.php\/wp-json\/wp\/v2\/pages\/578","targetHints":{"allow":["GET"]}}],"collection":[{"href":"https:\/\/suryn.pl\/index.php\/wp-json\/wp\/v2\/pages"}],"about":[{"href":"https:\/\/suryn.pl\/index.php\/wp-json\/wp\/v2\/types\/page"}],"author":[{"embeddable":true,"href":"https:\/\/suryn.pl\/index.php\/wp-json\/wp\/v2\/users\/1"}],"replies":[{"embeddable":true,"href":"https:\/\/suryn.pl\/index.php\/wp-json\/wp\/v2\/comments?post=578"}],"version-history":[{"count":5,"href":"https:\/\/suryn.pl\/index.php\/wp-json\/wp\/v2\/pages\/578\/revisions"}],"predecessor-version":[{"id":1531,"href":"https:\/\/suryn.pl\/index.php\/wp-json\/wp\/v2\/pages\/578\/revisions\/1531"}],"wp:attachment":[{"href":"https:\/\/suryn.pl\/index.php\/wp-json\/wp\/v2\/media?parent=578"}],"curies":[{"name":"wp","href":"https:\/\/api.w.org\/{rel}","templated":true}]}}

<pre class="wp-block-verse" style="font-size:17px"><strong>***</strong>
jeszcze jedna prawda
właśnie odchodzi
między magiczne strony
zabierając filozofów i bajki
zostaje ziemia bez śniegu
dzień bez dna
noc bez marzeń
jawa wyjawiona do cna</pre>



<div style="height:100px" aria-hidden="true" class="wp-block-spacer"></div>



<div style="height:79px" aria-hidden="true" class="wp-block-spacer"></div>



<pre class="wp-block-verse" style="font-size:17px"><strong>***</strong>
Otoczyłeś mnie lustrami Twoich słów i mego sumienia, nędza mej ucieczki, ślepota mych kłamstw kręci się wkoło. Blagam Cię! wyrwij mnie ze mnie fałszywego, a bolesnego. Nie chcę już uciekać, ani tłumaczyć czegokolwiek.</pre>



<p class="has-text-align-right"><a href="http://suryn.pl/index.php/strona-160-i-161/" data-type="URL" data-id="http://suryn.pl/index.php/strona-160-i-161/">Poprzednia</a>&nbsp; <a href="http://suryn.pl/index.php/strona-164-i-165/" data-type="URL" data-id="http://suryn.pl/index.php/strona-164-i-165/">Następna</a></p>



<div style="height:100px" aria-hidden="true" class="wp-block-spacer"></div>



<div style="height:100px" aria-hidden="true" class="wp-block-spacer"></div>

<p>*** jeszcze jedna prawda właśnie odchodzi między magiczne strony zabierając filozofów i bajki zostaje ziemia bez śniegu dzień bez dna noc bez marzeń jawa wyjawiona do cna *** Otoczyłeś mnie lustrami Twoich słów i mego sumienia, nędza mej ucieczki, ślepota mych kłamstw kręci się wkoło. Blagam Cię! wyrwij mnie ze mnie fałszywego, a bolesnego. Nie chcę już uciekać, ani tłumaczyć &#8230;</p>
