{"id":663,"date":"2021-05-19T12:59:41","date_gmt":"2021-05-19T10:59:41","guid":{"rendered":"http:\/\/suryn.pl\/?page_id=663"},"modified":"2021-05-20T19:53:55","modified_gmt":"2021-05-20T17:53:55","slug":"strona-200-i-201","status":"publish","type":"page","link":"http:\/\/suryn.pl\/index.php\/strona-200-i-201\/","title":{"rendered":"Strona 200 i 201"},"content":{"rendered":"\n<pre class=\"wp-block-verse\" style=\"font-size:17px\"><strong>haiku tutejsze<\/strong>\nmieli mnie czas\nna \u017carnach \u015bwiata\nczy z tego ziarna\nb\u0119dzie chleb?<\/pre>\n\n\n\n<div style=\"height:100px\" aria-hidden=\"true\" class=\"wp-block-spacer\"><\/div>\n\n\n\n<div style=\"height:100px\" aria-hidden=\"true\" class=\"wp-block-spacer\"><\/div>\n\n\n\n<div style=\"height:100px\" aria-hidden=\"true\" class=\"wp-block-spacer\"><\/div>\n\n\n\n<pre class=\"wp-block-verse\" style=\"font-size:17px\">\n\n\n<strong>***<\/strong>\nw tej muzyce plan Boga objawiony dla tych\nco s\u0142ysz\u0105\nnie wiem jak o tym pisa\u0107\nwi\u0119c milcz\u0119\nszukam wiecznej bramy\nkt\u00f3ra wszystko przemienia\nw \u015bwiat\u0142o zbawienia\n\n<\/pre>\n\n\n\n<p class=\"has-text-align-right\"><a href=\"http:\/\/suryn.pl\/index.php\/strona-198-i-199\/\" data-type=\"URL\" data-id=\"http:\/\/suryn.pl\/index.php\/strona-198-i-199\/\">Poprzednia<\/a>&nbsp; <a href=\"http:\/\/suryn.pl\/index.php\/strona-202-i-203\/\" data-type=\"URL\" data-id=\"http:\/\/suryn.pl\/index.php\/strona-202-i-203\/\">Nast\u0119pna<\/a><\/p>\n\n\n\n<div style=\"height:100px\" aria-hidden=\"true\" class=\"wp-block-spacer\"><\/div>\n\n\n\n<div style=\"height:100px\" aria-hidden=\"true\" class=\"wp-block-spacer\"><\/div>\n","protected":false},"excerpt":{"rendered":"<p>haiku tutejsze mieli mnie czas na \u017carnach \u015bwiata czy z tego ziarna b\u0119dzie chleb? *** w tej muzyce plan Boga objawiony dla tych co s\u0142ysz\u0105 nie wiem jak o tym pisa\u0107 wi\u0119c milcz\u0119 szukam wiecznej bramy kt\u00f3ra wszystko przemienia w \u015bwiat\u0142o zbawienia Poprzednia&nbsp; Nast\u0119pna<\/p>\n","protected":false},"author":1,"featured_media":0,"parent":0,"menu_order":0,"comment_status":"closed","ping_status":"closed","template":"","meta":{"footnotes":""},"class_list":["post-663","page","type-page","status-publish","hentry"],"_links":{"self":[{"href":"http:\/\/suryn.pl\/index.php\/wp-json\/wp\/v2\/pages\/663","targetHints":{"allow":["GET"]}}],"collection":[{"href":"http:\/\/suryn.pl\/index.php\/wp-json\/wp\/v2\/pages"}],"about":[{"href":"http:\/\/suryn.pl\/index.php\/wp-json\/wp\/v2\/types\/page"}],"author":[{"embeddable":true,"href":"http:\/\/suryn.pl\/index.php\/wp-json\/wp\/v2\/users\/1"}],"replies":[{"embeddable":true,"href":"http:\/\/suryn.pl\/index.php\/wp-json\/wp\/v2\/comments?post=663"}],"version-history":[{"count":4,"href":"http:\/\/suryn.pl\/index.php\/wp-json\/wp\/v2\/pages\/663\/revisions"}],"predecessor-version":[{"id":1233,"href":"http:\/\/suryn.pl\/index.php\/wp-json\/wp\/v2\/pages\/663\/revisions\/1233"}],"wp:attachment":[{"href":"http:\/\/suryn.pl\/index.php\/wp-json\/wp\/v2\/media?parent=663"}],"curies":[{"name":"wp","href":"https:\/\/api.w.org\/{rel}","templated":true}]}}