{"id":618,"date":"2021-05-19T12:24:40","date_gmt":"2021-05-19T10:24:40","guid":{"rendered":"http:\/\/suryn.pl\/?page_id=618"},"modified":"2021-05-20T19:49:48","modified_gmt":"2021-05-20T17:49:48","slug":"strona-180-i-181","status":"publish","type":"page","link":"http:\/\/suryn.pl\/index.php\/strona-180-i-181\/","title":{"rendered":"Strona 180 i 181"},"content":{"rendered":"\n<pre class=\"wp-block-verse\" style=\"font-size:17px\"><strong>teraz<\/strong>\nteraz si\u0119 narodzi\u0142em\nteraz stwarza mnie i stwarza\nDuch \u015awi\u0119ty \u2013 ja nie przeszkadzam\nteraz jest pe\u0142ne i puste\njest wolno\u015bci\u0105 w wolno\u015bci\npij\u0119 pierwszy raz\njem pierwszy raz\nnie mam wyobra\u017ce\u0144\nmam rzeczywisto\u015b\u0107\nnie wybieram \u2013 spotykam\ncud trwa tak jak ja\n&nbsp;<\/pre>\n\n\n\n<div style=\"height:100px\" aria-hidden=\"true\" class=\"wp-block-spacer\"><\/div>\n\n\n\n<div style=\"height:100px\" aria-hidden=\"true\" class=\"wp-block-spacer\"><\/div>\n\n\n\n<pre class=\"wp-block-verse\" style=\"font-size:17px\"><strong>***<\/strong>\ndo Ciebie wo\u0142am\nprzez las nienazwany\nprzez ludzkie szale\u0144stwo\nratuj!\nwszak by\u0142e\u015b na pocz\u0105tku\nprosz\u0119, b\u0105d\u017a i teraz\nco nam brakuje, \u017ce mijasz\ntak oboj\u0119tnie?\nprzyjd\u017a z imieniem\ni obud\u017a\nS\u0142owo - b\u0105d\u017a dos\u0142owne!\npostawi\u0119 Ci kiedy\u015b o\u0142tarz\noczyszcz\u0119 serce\nopr\u00f3\u017cni\u0119 umys\u0142 jak potrafi\u0119\nprzypilnuj\u0119 j\u0119zyka\nmusisz si\u0119 zjawi\u0107\nnim kohorty be\u0142kotu\nzalej\u0105 ostatnie wyspy milczenia\n\n<\/pre>\n\n\n\n<p class=\"has-text-align-right\"><a href=\"http:\/\/suryn.pl\/index.php\/strona-178-i-179\/\" data-type=\"URL\" data-id=\"http:\/\/suryn.pl\/index.php\/strona-178-i-179\/\">Poprzednia<\/a>&nbsp; <a href=\"http:\/\/suryn.pl\/index.php\/strona-182-i-183\/\" data-type=\"URL\" data-id=\"http:\/\/suryn.pl\/index.php\/strona-182-i-183\/\">Nast\u0119pna<\/a><\/p>\n\n\n\n<p><\/p>\n","protected":false},"excerpt":{"rendered":"<p>teraz teraz si\u0119 narodzi\u0142em teraz stwarza mnie i stwarza Duch \u015awi\u0119ty \u2013 ja nie przeszkadzam teraz jest pe\u0142ne i puste jest wolno\u015bci\u0105 w wolno\u015bci pij\u0119 pierwszy raz jem pierwszy raz nie mam wyobra\u017ce\u0144 mam rzeczywisto\u015b\u0107 nie wybieram \u2013 spotykam cud trwa tak jak ja &nbsp; *** do Ciebie wo\u0142am przez las nienazwany przez ludzkie szale\u0144stwo ratuj! wszak by\u0142e\u015b na pocz\u0105tku &#8230;<\/p>\n","protected":false},"author":1,"featured_media":0,"parent":0,"menu_order":0,"comment_status":"closed","ping_status":"closed","template":"","meta":{"footnotes":""},"class_list":["post-618","page","type-page","status-publish","hentry"],"_links":{"self":[{"href":"http:\/\/suryn.pl\/index.php\/wp-json\/wp\/v2\/pages\/618","targetHints":{"allow":["GET"]}}],"collection":[{"href":"http:\/\/suryn.pl\/index.php\/wp-json\/wp\/v2\/pages"}],"about":[{"href":"http:\/\/suryn.pl\/index.php\/wp-json\/wp\/v2\/types\/page"}],"author":[{"embeddable":true,"href":"http:\/\/suryn.pl\/index.php\/wp-json\/wp\/v2\/users\/1"}],"replies":[{"embeddable":true,"href":"http:\/\/suryn.pl\/index.php\/wp-json\/wp\/v2\/comments?post=618"}],"version-history":[{"count":3,"href":"http:\/\/suryn.pl\/index.php\/wp-json\/wp\/v2\/pages\/618\/revisions"}],"predecessor-version":[{"id":1221,"href":"http:\/\/suryn.pl\/index.php\/wp-json\/wp\/v2\/pages\/618\/revisions\/1221"}],"wp:attachment":[{"href":"http:\/\/suryn.pl\/index.php\/wp-json\/wp\/v2\/media?parent=618"}],"curies":[{"name":"wp","href":"https:\/\/api.w.org\/{rel}","templated":true}]}}