{"id":611,"date":"2021-05-19T12:18:46","date_gmt":"2021-05-19T10:18:46","guid":{"rendered":"http:\/\/suryn.pl\/?page_id=611"},"modified":"2021-05-20T19:44:42","modified_gmt":"2021-05-20T17:44:42","slug":"strona-176-i-177","status":"publish","type":"page","link":"http:\/\/suryn.pl\/index.php\/strona-176-i-177\/","title":{"rendered":"Strona 176 i 177"},"content":{"rendered":"\n<pre class=\"wp-block-verse\" style=\"font-size:17px\"><strong>na wylot<\/strong>\nnie szukaj mnie\nani cia\u0142o\nani duch\nani ten, kt\u00f3ry widzi\nani ten, kt\u00f3ry cierpi\nnie ma mnie\njest On\no kt\u00f3rym\njeszcze nic nie wiem<\/pre>\n\n\n\n<div style=\"height:100px\" aria-hidden=\"true\" class=\"wp-block-spacer\"><\/div>\n\n\n\n<div style=\"height:100px\" aria-hidden=\"true\" class=\"wp-block-spacer\"><\/div>\n\n\n\n<pre class=\"wp-block-verse\" style=\"font-size:17px\">\n\n<strong>***<\/strong>\nBach to ta\u0144cz\u0105ce\n\u015bwiat\u0142o w diamencie\ntrzy sroki na zimowej\ngruszy...\n\n<\/pre>\n\n\n\n<p class=\"has-text-align-right\"><a href=\"http:\/\/suryn.pl\/index.php\/strona-174-i-175\/\" data-type=\"URL\" data-id=\"http:\/\/suryn.pl\/index.php\/strona-174-i-175\/\">Poprzednia<\/a>&nbsp; <a href=\"http:\/\/suryn.pl\/index.php\/strona-178-i-179\/\" data-type=\"URL\" data-id=\"http:\/\/suryn.pl\/index.php\/strona-178-i-179\/\">Nast\u0119pna<\/a><\/p>\n\n\n\n<div style=\"height:100px\" aria-hidden=\"true\" class=\"wp-block-spacer\"><\/div>\n\n\n\n<div style=\"height:100px\" aria-hidden=\"true\" class=\"wp-block-spacer\"><\/div>\n\n\n\n<div style=\"height:100px\" aria-hidden=\"true\" class=\"wp-block-spacer\"><\/div>\n","protected":false},"excerpt":{"rendered":"<p>na wylot nie szukaj mnie ani cia\u0142o ani duch ani ten, kt\u00f3ry widzi ani ten, kt\u00f3ry cierpi nie ma mnie jest On o kt\u00f3rym jeszcze nic nie wiem *** Bach to ta\u0144cz\u0105ce \u015bwiat\u0142o w diamencie trzy sroki na zimowej gruszy&#8230; Poprzednia&nbsp; Nast\u0119pna<\/p>\n","protected":false},"author":1,"featured_media":0,"parent":0,"menu_order":0,"comment_status":"closed","ping_status":"closed","template":"","meta":{"footnotes":""},"class_list":["post-611","page","type-page","status-publish","hentry"],"_links":{"self":[{"href":"http:\/\/suryn.pl\/index.php\/wp-json\/wp\/v2\/pages\/611","targetHints":{"allow":["GET"]}}],"collection":[{"href":"http:\/\/suryn.pl\/index.php\/wp-json\/wp\/v2\/pages"}],"about":[{"href":"http:\/\/suryn.pl\/index.php\/wp-json\/wp\/v2\/types\/page"}],"author":[{"embeddable":true,"href":"http:\/\/suryn.pl\/index.php\/wp-json\/wp\/v2\/users\/1"}],"replies":[{"embeddable":true,"href":"http:\/\/suryn.pl\/index.php\/wp-json\/wp\/v2\/comments?post=611"}],"version-history":[{"count":5,"href":"http:\/\/suryn.pl\/index.php\/wp-json\/wp\/v2\/pages\/611\/revisions"}],"predecessor-version":[{"id":1218,"href":"http:\/\/suryn.pl\/index.php\/wp-json\/wp\/v2\/pages\/611\/revisions\/1218"}],"wp:attachment":[{"href":"http:\/\/suryn.pl\/index.php\/wp-json\/wp\/v2\/media?parent=611"}],"curies":[{"name":"wp","href":"https:\/\/api.w.org\/{rel}","templated":true}]}}