{"id":594,"date":"2021-05-19T12:10:38","date_gmt":"2021-05-19T10:10:38","guid":{"rendered":"http:\/\/suryn.pl\/?page_id=594"},"modified":"2021-05-20T19:43:19","modified_gmt":"2021-05-20T17:43:19","slug":"strona-170-i-171","status":"publish","type":"page","link":"http:\/\/suryn.pl\/index.php\/strona-170-i-171\/","title":{"rendered":"Strona 170 i 171"},"content":{"rendered":"\n<pre class=\"wp-block-verse\" style=\"font-size:17px\"><strong>***<\/strong>\nJe\u015bli dzi\u015b boj\u0119 si\u0119 \u015bmierci, to tak jakbym ba\u0142 si\u0119 kiepskiej inwestycji mej duszy.\n\u00a0<\/pre>\n\n\n\n<div style=\"height:100px\" aria-hidden=\"true\" class=\"wp-block-spacer\"><\/div>\n\n\n\n<div style=\"height:100px\" aria-hidden=\"true\" class=\"wp-block-spacer\"><\/div>\n\n\n\n<div style=\"height:347px\" aria-hidden=\"true\" class=\"wp-block-spacer\"><\/div>\n\n\n\n<pre class=\"wp-block-verse\" style=\"font-size:17px\"><strong>***<\/strong>\nkarla\u0142em i karla\u0142em\no on r\u00f3s\u0142 i r\u00f3s\u0142\ndajmy na to ksi\u0119\u017cyc\nunosi\u0142y si\u0119 wody\nopada\u0142y s\u0142owa\ndos\u0142ownie\nnieustanny karnawa\u0142\nucieczka i pogo\u0144\ncisza sta\u0142a si\u0119 zagro\u017ceniem\nwarto\u015bciom przyklejono oczy\nmo\u017ce by si\u0119 uda\u0142o\ngdyby nie pami\u0119\u0107 i g\u0142\u00f3d\nnie z tej ziemi\nmo\u017ce by i wystarczy\u0142o\nale nie wystarcza\nw tym raju ci\u0105gle w\u0105\u017c\na na niebie tarcza\nbo\u017cego powo\u0142ania<\/pre>\n\n\n\n<p class=\"has-text-align-right\"><a href=\"http:\/\/suryn.pl\/index.php\/strona-168-i-169\/\" data-type=\"URL\" data-id=\"http:\/\/suryn.pl\/index.php\/strona-168-i-169\/\">Poprzednia<\/a>&nbsp; <a href=\"http:\/\/suryn.pl\/index.php\/strona-172-i-173\/\" data-type=\"URL\" data-id=\"http:\/\/suryn.pl\/index.php\/strona-172-i-173\/\">Nast\u0119pna<\/a><\/p>\n\n\n\n<div style=\"height:100px\" aria-hidden=\"true\" class=\"wp-block-spacer\"><\/div>\n","protected":false},"excerpt":{"rendered":"<p>*** Je\u015bli dzi\u015b boj\u0119 si\u0119 \u015bmierci, to tak jakbym ba\u0142 si\u0119 kiepskiej inwestycji mej duszy. \u00a0 *** karla\u0142em i karla\u0142em o on r\u00f3s\u0142 i r\u00f3s\u0142 dajmy na to ksi\u0119\u017cyc unosi\u0142y si\u0119 wody opada\u0142y s\u0142owa dos\u0142ownie nieustanny karnawa\u0142 ucieczka i pogo\u0144 cisza sta\u0142a si\u0119 zagro\u017ceniem warto\u015bciom przyklejono oczy mo\u017ce by si\u0119 uda\u0142o gdyby nie pami\u0119\u0107 i g\u0142\u00f3d nie z tej ziemi &#8230;<\/p>\n","protected":false},"author":1,"featured_media":0,"parent":0,"menu_order":0,"comment_status":"closed","ping_status":"closed","template":"","meta":{"footnotes":""},"class_list":["post-594","page","type-page","status-publish","hentry"],"_links":{"self":[{"href":"http:\/\/suryn.pl\/index.php\/wp-json\/wp\/v2\/pages\/594","targetHints":{"allow":["GET"]}}],"collection":[{"href":"http:\/\/suryn.pl\/index.php\/wp-json\/wp\/v2\/pages"}],"about":[{"href":"http:\/\/suryn.pl\/index.php\/wp-json\/wp\/v2\/types\/page"}],"author":[{"embeddable":true,"href":"http:\/\/suryn.pl\/index.php\/wp-json\/wp\/v2\/users\/1"}],"replies":[{"embeddable":true,"href":"http:\/\/suryn.pl\/index.php\/wp-json\/wp\/v2\/comments?post=594"}],"version-history":[{"count":6,"href":"http:\/\/suryn.pl\/index.php\/wp-json\/wp\/v2\/pages\/594\/revisions"}],"predecessor-version":[{"id":1214,"href":"http:\/\/suryn.pl\/index.php\/wp-json\/wp\/v2\/pages\/594\/revisions\/1214"}],"wp:attachment":[{"href":"http:\/\/suryn.pl\/index.php\/wp-json\/wp\/v2\/media?parent=594"}],"curies":[{"name":"wp","href":"https:\/\/api.w.org\/{rel}","templated":true}]}}

<pre class="wp-block-verse" style="font-size:17px"><strong>***</strong>
Jeśli dziś boję się śmierci, to tak jakbym bał się kiepskiej inwestycji mej duszy.
 </pre>



<div style="height:100px" aria-hidden="true" class="wp-block-spacer"></div>



<div style="height:100px" aria-hidden="true" class="wp-block-spacer"></div>



<div style="height:347px" aria-hidden="true" class="wp-block-spacer"></div>



<pre class="wp-block-verse" style="font-size:17px"><strong>***</strong>
karlałem i karlałem
o on rósł i rósł
dajmy na to księżyc
unosiły się wody
opadały słowa
dosłownie
nieustanny karnawał
ucieczka i pogoń
cisza stała się zagrożeniem
wartościom przyklejono oczy
może by się udało
gdyby nie pamięć i głód
nie z tej ziemi
może by i wystarczyło
ale nie wystarcza
w tym raju ciągle wąż
a na niebie tarcza
bożego powołania</pre>



<p class="has-text-align-right"><a href="http://suryn.pl/index.php/strona-168-i-169/" data-type="URL" data-id="http://suryn.pl/index.php/strona-168-i-169/">Poprzednia</a>&nbsp; <a href="http://suryn.pl/index.php/strona-172-i-173/" data-type="URL" data-id="http://suryn.pl/index.php/strona-172-i-173/">Następna</a></p>



<div style="height:100px" aria-hidden="true" class="wp-block-spacer"></div>

<p>*** Jeśli dziś boję się śmierci, to tak jakbym bał się kiepskiej inwestycji mej duszy.   *** karlałem i karlałem o on rósł i rósł dajmy na to księżyc unosiły się wody opadały słowa dosłownie nieustanny karnawał ucieczka i pogoń cisza stała się zagrożeniem wartościom przyklejono oczy może by się udało gdyby nie pamięć i głód nie z tej ziemi &#8230;</p>
