{"id":592,"date":"2021-05-19T12:08:27","date_gmt":"2021-05-19T10:08:27","guid":{"rendered":"http:\/\/suryn.pl\/?page_id=592"},"modified":"2021-05-20T19:42:59","modified_gmt":"2021-05-20T17:42:59","slug":"strona-168-i-169","status":"publish","type":"page","link":"http:\/\/suryn.pl\/index.php\/strona-168-i-169\/","title":{"rendered":"Strona 168 i 169"},"content":{"rendered":"\n<pre class=\"wp-block-verse\" style=\"font-size:17px\"><strong>***<\/strong>\nukrzy\u017cowane \u015bwiat\u0142o\nnadal \u015bwieci\nnie ma granic w ogrodzie \u015bwiata\nAdam szuka owocu\nprawdy\nw szybach autobus\u00f3w\nw b\u0142ysku reklam\nw moich i twoich oczach<\/pre>\n\n\n\n<div style=\"height:100px\" aria-hidden=\"true\" class=\"wp-block-spacer\"><\/div>\n\n\n\n<div style=\"height:100px\" aria-hidden=\"true\" class=\"wp-block-spacer\"><\/div>\n\n\n\n<pre class=\"wp-block-verse\" style=\"font-size:17px\"><strong>***<\/strong>\nsok\u00f3\u0142? rar\u00f3g? pustu\u0142ka?\nzawis\u0142 malutkim krzy\u017cykiem\nwysoko w b\u0142\u0119kicie\ni spad\u0142 jak kamie\u0144\ngdzie\u015b za tamtym wzg\u00f3rzem\nzazdroszcz\u0119 mu lotu i widoku\ni tej niew\u0105tpliwo\u015bci<\/pre>\n\n\n\n<p class=\"has-text-align-right\"><a href=\"http:\/\/suryn.pl\/index.php\/stroma-166-i-167\/\" data-type=\"URL\" data-id=\"http:\/\/suryn.pl\/index.php\/stroma-166-i-167\/\">Poprzednia<\/a>&nbsp; <a href=\"http:\/\/suryn.pl\/index.php\/strona-170-i-171\/\" data-type=\"URL\" data-id=\"http:\/\/suryn.pl\/index.php\/strona-170-i-171\/\">Nast\u0119pna<\/a><\/p>\n\n\n\n<div style=\"height:100px\" aria-hidden=\"true\" class=\"wp-block-spacer\"><\/div>\n\n\n\n<div style=\"height:100px\" aria-hidden=\"true\" class=\"wp-block-spacer\"><\/div>\n","protected":false},"excerpt":{"rendered":"<p>*** ukrzy\u017cowane \u015bwiat\u0142o nadal \u015bwieci nie ma granic w ogrodzie \u015bwiata Adam szuka owocu prawdy w szybach autobus\u00f3w w b\u0142ysku reklam w moich i twoich oczach *** sok\u00f3\u0142? rar\u00f3g? pustu\u0142ka? zawis\u0142 malutkim krzy\u017cykiem wysoko w b\u0142\u0119kicie i spad\u0142 jak kamie\u0144 gdzie\u015b za tamtym wzg\u00f3rzem zazdroszcz\u0119 mu lotu i widoku i tej niew\u0105tpliwo\u015bci Poprzednia&nbsp; Nast\u0119pna<\/p>\n","protected":false},"author":1,"featured_media":0,"parent":0,"menu_order":0,"comment_status":"closed","ping_status":"closed","template":"","meta":{"footnotes":""},"class_list":["post-592","page","type-page","status-publish","hentry"],"_links":{"self":[{"href":"http:\/\/suryn.pl\/index.php\/wp-json\/wp\/v2\/pages\/592","targetHints":{"allow":["GET"]}}],"collection":[{"href":"http:\/\/suryn.pl\/index.php\/wp-json\/wp\/v2\/pages"}],"about":[{"href":"http:\/\/suryn.pl\/index.php\/wp-json\/wp\/v2\/types\/page"}],"author":[{"embeddable":true,"href":"http:\/\/suryn.pl\/index.php\/wp-json\/wp\/v2\/users\/1"}],"replies":[{"embeddable":true,"href":"http:\/\/suryn.pl\/index.php\/wp-json\/wp\/v2\/comments?post=592"}],"version-history":[{"count":4,"href":"http:\/\/suryn.pl\/index.php\/wp-json\/wp\/v2\/pages\/592\/revisions"}],"predecessor-version":[{"id":1213,"href":"http:\/\/suryn.pl\/index.php\/wp-json\/wp\/v2\/pages\/592\/revisions\/1213"}],"wp:attachment":[{"href":"http:\/\/suryn.pl\/index.php\/wp-json\/wp\/v2\/media?parent=592"}],"curies":[{"name":"wp","href":"https:\/\/api.w.org\/{rel}","templated":true}]}}

<pre class="wp-block-verse" style="font-size:17px"><strong>***</strong>
ukrzyżowane światło
nadal świeci
nie ma granic w ogrodzie świata
Adam szuka owocu
prawdy
w szybach autobusów
w błysku reklam
w moich i twoich oczach</pre>



<div style="height:100px" aria-hidden="true" class="wp-block-spacer"></div>



<div style="height:100px" aria-hidden="true" class="wp-block-spacer"></div>



<pre class="wp-block-verse" style="font-size:17px"><strong>***</strong>
sokół? raróg? pustułka?
zawisł malutkim krzyżykiem
wysoko w błękicie
i spadł jak kamień
gdzieś za tamtym wzgórzem
zazdroszczę mu lotu i widoku
i tej niewątpliwości</pre>



<p class="has-text-align-right"><a href="http://suryn.pl/index.php/stroma-166-i-167/" data-type="URL" data-id="http://suryn.pl/index.php/stroma-166-i-167/">Poprzednia</a>&nbsp; <a href="http://suryn.pl/index.php/strona-170-i-171/" data-type="URL" data-id="http://suryn.pl/index.php/strona-170-i-171/">Następna</a></p>



<div style="height:100px" aria-hidden="true" class="wp-block-spacer"></div>



<div style="height:100px" aria-hidden="true" class="wp-block-spacer"></div>

<p>*** ukrzyżowane światło nadal świeci nie ma granic w ogrodzie świata Adam szuka owocu prawdy w szybach autobusów w błysku reklam w moich i twoich oczach *** sokół? raróg? pustułka? zawisł malutkim krzyżykiem wysoko w błękicie i spadł jak kamień gdzieś za tamtym wzgórzem zazdroszczę mu lotu i widoku i tej niewątpliwości Poprzednia&nbsp; Następna</p>
