{"id":563,"date":"2021-05-19T11:37:40","date_gmt":"2021-05-19T09:37:40","guid":{"rendered":"http:\/\/suryn.pl\/?page_id=563"},"modified":"2021-05-20T19:41:06","modified_gmt":"2021-05-20T17:41:06","slug":"strona-156-i-157","status":"publish","type":"page","link":"http:\/\/suryn.pl\/index.php\/strona-156-i-157\/","title":{"rendered":"Strona 156 i 157"},"content":{"rendered":"\n<pre class=\"wp-block-verse\" style=\"font-size:17px\"><strong>Robak, 6.07.1992<\/strong>\nJest cicho \u2013 polana gaworz\u0105, wzdycha pies, mi\u0119kkie \u015bwiat\u0142o o\u015bwietla kuchni\u0119, kominek i mnie. Pal\u0119 fajk\u0119 i dumam o wszystkim, przychodzi my\u015bl, \u017ce teraz bardzo wiele zale\u017cy ode mnie. Zaczyna si\u0119 wyprawa, od mojej odwagi, uwagi, rozs\u0105dku i cierpliwo\u015bci zale\u017cy jej powodzenie. Jestem synem Kr\u00f3la i wracam do Ojca. Droga nie b\u0119dzie \u0142atwa, ale mo\u017ce da\u0107 satysfakcj\u0119, do\u015bwiadczenie i zwyci\u0119stwo, kt\u00f3re zawsze jest zwyci\u0119stwem nad sob\u0105. Dochodzi p\u00f3\u0142noc, dorzucam drwa i patrz\u0119 w ogie\u0144, a tam nieustanne metamorfozy w szkar\u0142atach, rubinach i pulsuj\u0105cej czerwieni: miasta ca\u0142e, stosy ofiarne, salamandry i co tylko chcesz widzie\u0107 - zobaczysz. Wa\u017cny wiecz\u00f3r, wa\u017cna noc \u2013 pyta\u0142em \u2013 us\u0142ysza\u0142em: chro\u0144 \u017ar\u00f3d\u0142o, dbaj o s\u0142o\u0144ce, pilnuj ognia, b\u0105d\u017a dzieckiem, do\u015bwiadczaj, dzia\u0142aj, nie oceniaj, pomagaj, b\u0105d\u017a z lud\u017ami tak blisko jak tylko to mo\u017cliwe, kochaj i pracuj w ciszy i w skupieniu, nie l\u0119kaj si\u0119 \u2013 jeste\u015b w Ojcu, a Ojciec z tobie.\u00a0\u00a0\n\u00a0<\/pre>\n\n\n\n<div style=\"height:100px\" aria-hidden=\"true\" class=\"wp-block-spacer\"><\/div>\n\n\n\n<pre class=\"wp-block-verse\" style=\"font-size:17px\"><strong>***<\/strong>\nszept sfer\nfurkot pi\u00f3r\ni oto stoi - On\nw p\u0142aszczu \u015bwiat\u0142a -\nAnio\u0142 mego wyzwolenia\nani s\u0142owa mi\u0119dzy nami\na rozmawiamy\nw spos\u00f3b niepoj\u0119ty\njestem w niebo wzi\u0119ty\u00a0\u00a0<\/pre>\n\n\n\n<p class=\"has-text-align-right\"><a href=\"http:\/\/suryn.pl\/index.php\/strona-154-i-155\/\" data-type=\"URL\" data-id=\"http:\/\/suryn.pl\/index.php\/strona-154-i-155\/\">Poprzednia<\/a>&nbsp; <a href=\"http:\/\/suryn.pl\/index.php\/strona-158-i-159\/\" data-type=\"URL\" data-id=\"http:\/\/suryn.pl\/index.php\/strona-158-i-159\/\">Nast\u0119pna<\/a><\/p>\n\n\n\n<div style=\"height:325px\" aria-hidden=\"true\" class=\"wp-block-spacer\"><\/div>\n","protected":false},"excerpt":{"rendered":"<p>Robak, 6.07.1992 Jest cicho \u2013 polana gaworz\u0105, wzdycha pies, mi\u0119kkie \u015bwiat\u0142o o\u015bwietla kuchni\u0119, kominek i mnie. Pal\u0119 fajk\u0119 i dumam o wszystkim, przychodzi my\u015bl, \u017ce teraz bardzo wiele zale\u017cy ode mnie. Zaczyna si\u0119 wyprawa, od mojej odwagi, uwagi, rozs\u0105dku i cierpliwo\u015bci zale\u017cy jej powodzenie. Jestem synem Kr\u00f3la i wracam do Ojca. Droga nie b\u0119dzie \u0142atwa, ale mo\u017ce da\u0107 satysfakcj\u0119, do\u015bwiadczenie &#8230;<\/p>\n","protected":false},"author":1,"featured_media":0,"parent":0,"menu_order":0,"comment_status":"closed","ping_status":"closed","template":"","meta":{"footnotes":""},"class_list":["post-563","page","type-page","status-publish","hentry"],"_links":{"self":[{"href":"http:\/\/suryn.pl\/index.php\/wp-json\/wp\/v2\/pages\/563","targetHints":{"allow":["GET"]}}],"collection":[{"href":"http:\/\/suryn.pl\/index.php\/wp-json\/wp\/v2\/pages"}],"about":[{"href":"http:\/\/suryn.pl\/index.php\/wp-json\/wp\/v2\/types\/page"}],"author":[{"embeddable":true,"href":"http:\/\/suryn.pl\/index.php\/wp-json\/wp\/v2\/users\/1"}],"replies":[{"embeddable":true,"href":"http:\/\/suryn.pl\/index.php\/wp-json\/wp\/v2\/comments?post=563"}],"version-history":[{"count":5,"href":"http:\/\/suryn.pl\/index.php\/wp-json\/wp\/v2\/pages\/563\/revisions"}],"predecessor-version":[{"id":1207,"href":"http:\/\/suryn.pl\/index.php\/wp-json\/wp\/v2\/pages\/563\/revisions\/1207"}],"wp:attachment":[{"href":"http:\/\/suryn.pl\/index.php\/wp-json\/wp\/v2\/media?parent=563"}],"curies":[{"name":"wp","href":"https:\/\/api.w.org\/{rel}","templated":true}]}}

<pre class="wp-block-verse" style="font-size:17px"><strong>Robak, 6.07.1992</strong>
Jest cicho – polana gaworzą, wzdycha pies, miękkie światło oświetla kuchnię, kominek i mnie. Palę fajkę i dumam o wszystkim, przychodzi myśl, że teraz bardzo wiele zależy ode mnie. Zaczyna się wyprawa, od mojej odwagi, uwagi, rozsądku i cierpliwości zależy jej powodzenie. Jestem synem Króla i wracam do Ojca. Droga nie będzie łatwa, ale może dać satysfakcję, doświadczenie i zwycięstwo, które zawsze jest zwycięstwem nad sobą. Dochodzi północ, dorzucam drwa i patrzę w ogień, a tam nieustanne metamorfozy w szkarłatach, rubinach i pulsującej czerwieni: miasta całe, stosy ofiarne, salamandry i co tylko chcesz widzieć - zobaczysz. Ważny wieczór, ważna noc – pytałem – usłyszałem: chroń źródło, dbaj o słońce, pilnuj ognia, bądź dzieckiem, doświadczaj, działaj, nie oceniaj, pomagaj, bądź z ludźmi tak blisko jak tylko to możliwe, kochaj i pracuj w ciszy i w skupieniu, nie lękaj się – jesteś w Ojcu, a Ojciec z tobie.  
 </pre>



<div style="height:100px" aria-hidden="true" class="wp-block-spacer"></div>



<pre class="wp-block-verse" style="font-size:17px"><strong>***</strong>
szept sfer
furkot piór
i oto stoi - On
w płaszczu światła -
Anioł mego wyzwolenia
ani słowa między nami
a rozmawiamy
w sposób niepojęty
jestem w niebo wzięty  </pre>



<p class="has-text-align-right"><a href="http://suryn.pl/index.php/strona-154-i-155/" data-type="URL" data-id="http://suryn.pl/index.php/strona-154-i-155/">Poprzednia</a>&nbsp; <a href="http://suryn.pl/index.php/strona-158-i-159/" data-type="URL" data-id="http://suryn.pl/index.php/strona-158-i-159/">Następna</a></p>



<div style="height:325px" aria-hidden="true" class="wp-block-spacer"></div>

<p>Robak, 6.07.1992 Jest cicho – polana gaworzą, wzdycha pies, miękkie światło oświetla kuchnię, kominek i mnie. Palę fajkę i dumam o wszystkim, przychodzi myśl, że teraz bardzo wiele zależy ode mnie. Zaczyna się wyprawa, od mojej odwagi, uwagi, rozsądku i cierpliwości zależy jej powodzenie. Jestem synem Króla i wracam do Ojca. Droga nie będzie łatwa, ale może dać satysfakcję, doświadczenie &#8230;</p>
