{"id":526,"date":"2021-05-19T11:12:20","date_gmt":"2021-05-19T09:12:20","guid":{"rendered":"http:\/\/suryn.pl\/?page_id=526"},"modified":"2021-05-21T15:36:36","modified_gmt":"2021-05-21T13:36:36","slug":"strona-138-i-139","status":"publish","type":"page","link":"http:\/\/suryn.pl\/index.php\/strona-138-i-139\/","title":{"rendered":"Strona 138 i 139"},"content":{"rendered":"\n<pre class=\"wp-block-verse\" style=\"font-size:17px\"><strong>***<\/strong>\nwezwanie\nus\u0142ysza\u0142em wezwanie\nporzu\u0107 wszystko\ni p\u00f3jd\u017a za mn\u0105\nale nie wiedzia\u0142am\nza kim i dok\u0105d\nmam si\u0119 uda\u0107\n\u015bwiat jak dzie\u0144\n\u017cycie jak sen\nc\u00f3\u017c mog\u0142em straci\u0107?\nzyska\u0107 mog\u0142em wszystko\nposzed\u0142em za g\u0142osem\ni szukam mego mistrza\ndo dzi\u015b<\/pre>\n\n\n\n<div style=\"height:168px\" aria-hidden=\"true\" class=\"wp-block-spacer\"><\/div>\n\n\n\n<pre class=\"wp-block-verse\" style=\"font-size:17px\"><strong>***<\/strong>\nBodaj\u017ce rok 88&nbsp;&nbsp;Wieczorem. Le\u017c\u0119, ogl\u0105dam \u015bwiat przez lornetk\u0119. Zjad\u0142em ca\u0142\u0105 bombonierk\u0119. Nic nie widz\u0119. \u015aroda rano: Zdj\u0105\u0142em ochraniacze z lornetki - wida\u0107 znacznie lepiej.&nbsp;&nbsp;Napisa\u0142em trzy listy do starych znajomych, oczywi\u015bcie w duchu imperialnym. Po spacerze i obiedzie czytam Czechowa, za\u015b ta\u0144cz\u0119, \u015bpiewam i strugam zatyczki do fajki \u2013 z kruszyny b\u0119dzie biedactwo.\n\n\n&nbsp;<\/pre>\n\n\n\n<p class=\"has-text-align-right\"><a href=\"http:\/\/suryn.pl\/index.php\/strona-136-i-137\/\" data-type=\"URL\" data-id=\"http:\/\/suryn.pl\/index.php\/strona-136-i-137\/\">Poprzednia<\/a>&nbsp; <a href=\"http:\/\/suryn.pl\/index.php\/strona-140-i-141\/\" data-type=\"URL\" data-id=\"http:\/\/suryn.pl\/index.php\/strona-140-i-141\/\">Nast\u0119pna<\/a><\/p>\n\n\n\n<div style=\"height:255px\" aria-hidden=\"true\" class=\"wp-block-spacer\"><\/div>\n","protected":false},"excerpt":{"rendered":"<p>*** wezwanie us\u0142ysza\u0142em wezwanie porzu\u0107 wszystko i p\u00f3jd\u017a za mn\u0105 ale nie wiedzia\u0142am za kim i dok\u0105d mam si\u0119 uda\u0107 \u015bwiat jak dzie\u0144 \u017cycie jak sen c\u00f3\u017c mog\u0142em straci\u0107? zyska\u0107 mog\u0142em wszystko poszed\u0142em za g\u0142osem i szukam mego mistrza do dzi\u015b *** Bodaj\u017ce rok 88&nbsp;&nbsp;Wieczorem. Le\u017c\u0119, ogl\u0105dam \u015bwiat przez lornetk\u0119. Zjad\u0142em ca\u0142\u0105 bombonierk\u0119. Nic nie widz\u0119. \u015aroda rano: Zdj\u0105\u0142em ochraniacze &#8230;<\/p>\n","protected":false},"author":1,"featured_media":0,"parent":0,"menu_order":0,"comment_status":"closed","ping_status":"closed","template":"","meta":{"footnotes":""},"class_list":["post-526","page","type-page","status-publish","hentry"],"_links":{"self":[{"href":"http:\/\/suryn.pl\/index.php\/wp-json\/wp\/v2\/pages\/526","targetHints":{"allow":["GET"]}}],"collection":[{"href":"http:\/\/suryn.pl\/index.php\/wp-json\/wp\/v2\/pages"}],"about":[{"href":"http:\/\/suryn.pl\/index.php\/wp-json\/wp\/v2\/types\/page"}],"author":[{"embeddable":true,"href":"http:\/\/suryn.pl\/index.php\/wp-json\/wp\/v2\/users\/1"}],"replies":[{"embeddable":true,"href":"http:\/\/suryn.pl\/index.php\/wp-json\/wp\/v2\/comments?post=526"}],"version-history":[{"count":8,"href":"http:\/\/suryn.pl\/index.php\/wp-json\/wp\/v2\/pages\/526\/revisions"}],"predecessor-version":[{"id":1523,"href":"http:\/\/suryn.pl\/index.php\/wp-json\/wp\/v2\/pages\/526\/revisions\/1523"}],"wp:attachment":[{"href":"http:\/\/suryn.pl\/index.php\/wp-json\/wp\/v2\/media?parent=526"}],"curies":[{"name":"wp","href":"https:\/\/api.w.org\/{rel}","templated":true}]}}