{"id":482,"date":"2021-05-19T10:21:40","date_gmt":"2021-05-19T08:21:40","guid":{"rendered":"http:\/\/suryn.pl\/?page_id=482"},"modified":"2021-05-19T18:13:02","modified_gmt":"2021-05-19T16:13:02","slug":"strona-118-i-119","status":"publish","type":"page","link":"http:\/\/suryn.pl\/index.php\/strona-118-i-119\/","title":{"rendered":"Strona 118 i 119"},"content":{"rendered":"\n<pre class=\"wp-block-verse\" style=\"font-size:17px\"><strong>pora naga<\/strong>\nw szklanym powietrzu\nstoi ptak\nw trawy zapad\u0142\nsiwy wiatr\nten sen\nbez okien\nnazwa\u0142a\u015b\nkiedy\u015b\nlistopadem<\/pre>\n\n\n\n<div style=\"height:239px\" aria-hidden=\"true\" class=\"wp-block-spacer\"><\/div>\n\n\n\n<pre class=\"wp-block-verse\" style=\"font-size:17px\"><strong>czytaj\u0105c poet\u00f3w<\/strong>\nod\u0142o\u017cy\u0142em ksi\u0105\u017ck\u0119\nby\u0142o jasnym\ndlaczego\ns\u0142o\u0144ce akurat tu i teraz\ngrzeje \u0142awk\u0119 i mnie\nogrodnik przerywa\u0142 truskawki\ngdzie\u015b w wielkich miastach\nudr\u0119czone ulice gra\u0142y\nna upalnych tubach po\u0142udnia\nwidzia\u0142em wszystko\nbardzo wyra\u017anie\ni \u017cal mnie opu\u015bci\u0142\nptak jeszcze jeden\nzapad\u0142 za hen\nsta\u0142y jak nale\u017cy nad grz\u0105dkami zapachy\n\n<\/pre>\n\n\n\n<p class=\"has-text-align-right\"><a href=\"http:\/\/suryn.pl\/index.php\/strona-116-i-117\/\" data-type=\"URL\" data-id=\"http:\/\/suryn.pl\/index.php\/strona-116-i-117\/\">Poprzednia<\/a>\u00a0 <a href=\"http:\/\/suryn.pl\/index.php\/strona-120-i-121\/\" data-type=\"URL\" data-id=\"http:\/\/suryn.pl\/index.php\/strona-120-i-121\/\">Nast\u0119pna<\/a><\/p>\n","protected":false},"excerpt":{"rendered":"<p>pora naga w szklanym powietrzu stoi ptak w trawy zapad\u0142 siwy wiatr ten sen bez okien nazwa\u0142a\u015b kiedy\u015b listopadem czytaj\u0105c poet\u00f3w od\u0142o\u017cy\u0142em ksi\u0105\u017ck\u0119 by\u0142o jasnym dlaczego s\u0142o\u0144ce akurat tu i teraz grzeje \u0142awk\u0119 i mnie ogrodnik przerywa\u0142 truskawki gdzie\u015b w wielkich miastach udr\u0119czone ulice gra\u0142y na upalnych tubach po\u0142udnia widzia\u0142em wszystko bardzo wyra\u017anie i \u017cal mnie opu\u015bci\u0142 ptak jeszcze jeden &#8230;<\/p>\n","protected":false},"author":1,"featured_media":0,"parent":0,"menu_order":0,"comment_status":"closed","ping_status":"closed","template":"","meta":{"footnotes":""},"class_list":["post-482","page","type-page","status-publish","hentry"],"_links":{"self":[{"href":"http:\/\/suryn.pl\/index.php\/wp-json\/wp\/v2\/pages\/482","targetHints":{"allow":["GET"]}}],"collection":[{"href":"http:\/\/suryn.pl\/index.php\/wp-json\/wp\/v2\/pages"}],"about":[{"href":"http:\/\/suryn.pl\/index.php\/wp-json\/wp\/v2\/types\/page"}],"author":[{"embeddable":true,"href":"http:\/\/suryn.pl\/index.php\/wp-json\/wp\/v2\/users\/1"}],"replies":[{"embeddable":true,"href":"http:\/\/suryn.pl\/index.php\/wp-json\/wp\/v2\/comments?post=482"}],"version-history":[{"count":13,"href":"http:\/\/suryn.pl\/index.php\/wp-json\/wp\/v2\/pages\/482\/revisions"}],"predecessor-version":[{"id":804,"href":"http:\/\/suryn.pl\/index.php\/wp-json\/wp\/v2\/pages\/482\/revisions\/804"}],"wp:attachment":[{"href":"http:\/\/suryn.pl\/index.php\/wp-json\/wp\/v2\/media?parent=482"}],"curies":[{"name":"wp","href":"https:\/\/api.w.org\/{rel}","templated":true}]}}