{"id":462,"date":"2021-05-19T10:09:41","date_gmt":"2021-05-19T08:09:41","guid":{"rendered":"http:\/\/suryn.pl\/?page_id=462"},"modified":"2021-05-19T18:09:06","modified_gmt":"2021-05-19T16:09:06","slug":"strona-108-i-109","status":"publish","type":"page","link":"http:\/\/suryn.pl\/index.php\/strona-108-i-109\/","title":{"rendered":"Strona 108 i 109"},"content":{"rendered":"\n<pre class=\"wp-block-verse\" style=\"font-size:17px\"><strong>jednia \u2013 wygodnia<\/strong>\n<em>&nbsp;&nbsp;&nbsp;&nbsp;&nbsp;&nbsp;&nbsp;&nbsp;&nbsp;&nbsp;&nbsp;&nbsp;maj 84<\/em>\nObdarzy\u0142 mnie B\u00f3g wolno\u015bci\u0105 szczeg\u00f3lnego rodzaju i nie bardzo wie, co z tym zrobi\u0107. Odczuwam, \u017ce jest zak\u0142opotany swoim gestem, a ja s\u0142u\u017c\u0119 jako odgromnik. Otrzyma\u0107 takie beneficja bez prawa dyspozycji, przyznacie pa\u0144stwo, wyrafinowana \u0142aska. Nie wini\u0119 nikogo, winnych nie ma. Jest robota, kt\u00f3ra wre i swoj\u0105 rol\u0119 spe\u0142ni\u0107 musisz. Nawet taki niespolegliwiec jak ja na co\u015b Panu jest potrzebny. A cho\u0107by Pana nie by\u0142o, to lepiej jest mniema\u0107, i\u017c dzier\u017cawca te\u017c wie, co robi. Ach, gdyby jeszcze nie te rajskie sny, cudne przeczucie i pami\u0119\u0107 starsza od wszystkiego, \u017ce kiedy\u015b pasowa\u0142em jak \u015bruba do nakr\u0119tki. I tak co dnia zwodzi mnie ona: jednia-wygodnia.<\/pre>\n\n\n\n<div style=\"height:265px\" aria-hidden=\"true\" class=\"wp-block-spacer\"><\/div>\n\n\n\n<pre class=\"wp-block-verse\" style=\"font-size:17px\"><strong>celtycka harfa<\/strong>\nniech b\u0119dzie to poranek utkany ze s\u0142o\u0144ca\ni pragnie\u0144 pierwszych tak delikatny \u017ce\nnie wypowiem\nwtedy ona otwiera legendy\ns\u0142yszysz jak ptak szamoce si\u0119 w sieci\nwszystko rusza si\u0119 a stoi\nd\u017awi\u0119czy\nw z\u0142otej po\u015bwiacie lasu Broceliande\nkwiat i wiatr pami\u0119\u0107 traw sen ska\u0142\nchwa\u0142a i mech porasta kamie\u0144 kamie\u0144 porasta\nmilczenie wci\u0105\u017c dalej dalej\nro\u015bnie ten zamek na schodach stara krew\nkto\u015b kogo\u015b kocha\u0142 i o tym ten \u015bpiew\nst\u0119pa brzmi\u0105 kroki ba\u015bniowego konia\njak struny\nmiecze majowego deszczu p\u0119kaj\u0105 wznio\u015ble\ntak oto w \u015bwi\u0119ty czas prze\u017aroczysty poch\u00f3d\nwznosi si\u0119 nad las i morze i p\u00f3ki d\u017awi\u0119k\u00f3w\np\u00f3ty \u017cycia\nO! a\u017c kamie\u0144 krzykn\u0105\u0142\n<em>&nbsp;&nbsp;&nbsp;&nbsp;&nbsp;&nbsp;&nbsp;&nbsp;&nbsp;&nbsp;&nbsp;&nbsp;Sulima-Suryn, Darski<\/em><\/pre>\n\n\n\n<p class=\"has-text-align-right\"><a href=\"http:\/\/suryn.pl\/index.php\/strona-106-i-107\/\" data-type=\"URL\" data-id=\"http:\/\/suryn.pl\/index.php\/strona-106-i-107\/\">Poprzednia<\/a>\u00a0 <a href=\"http:\/\/suryn.pl\/index.php\/strona-110-i-111\/\" data-type=\"URL\" data-id=\"http:\/\/suryn.pl\/index.php\/strona-110-i-111\/\">Nast\u0119pna<\/a><\/p>\n","protected":false},"excerpt":{"rendered":"<p>jednia \u2013 wygodnia &nbsp;&nbsp;&nbsp;&nbsp;&nbsp;&nbsp;&nbsp;&nbsp;&nbsp;&nbsp;&nbsp;&nbsp;maj 84 Obdarzy\u0142 mnie B\u00f3g wolno\u015bci\u0105 szczeg\u00f3lnego rodzaju i nie bardzo wie, co z tym zrobi\u0107. Odczuwam, \u017ce jest zak\u0142opotany swoim gestem, a ja s\u0142u\u017c\u0119 jako odgromnik. Otrzyma\u0107 takie beneficja bez prawa dyspozycji, przyznacie pa\u0144stwo, wyrafinowana \u0142aska. Nie wini\u0119 nikogo, winnych nie ma. Jest robota, kt\u00f3ra wre i swoj\u0105 rol\u0119 spe\u0142ni\u0107 musisz. Nawet taki niespolegliwiec jak ja &#8230;<\/p>\n","protected":false},"author":1,"featured_media":0,"parent":0,"menu_order":0,"comment_status":"closed","ping_status":"closed","template":"","meta":{"footnotes":""},"class_list":["post-462","page","type-page","status-publish","hentry"],"_links":{"self":[{"href":"http:\/\/suryn.pl\/index.php\/wp-json\/wp\/v2\/pages\/462","targetHints":{"allow":["GET"]}}],"collection":[{"href":"http:\/\/suryn.pl\/index.php\/wp-json\/wp\/v2\/pages"}],"about":[{"href":"http:\/\/suryn.pl\/index.php\/wp-json\/wp\/v2\/types\/page"}],"author":[{"embeddable":true,"href":"http:\/\/suryn.pl\/index.php\/wp-json\/wp\/v2\/users\/1"}],"replies":[{"embeddable":true,"href":"http:\/\/suryn.pl\/index.php\/wp-json\/wp\/v2\/comments?post=462"}],"version-history":[{"count":7,"href":"http:\/\/suryn.pl\/index.php\/wp-json\/wp\/v2\/pages\/462\/revisions"}],"predecessor-version":[{"id":799,"href":"http:\/\/suryn.pl\/index.php\/wp-json\/wp\/v2\/pages\/462\/revisions\/799"}],"wp:attachment":[{"href":"http:\/\/suryn.pl\/index.php\/wp-json\/wp\/v2\/media?parent=462"}],"curies":[{"name":"wp","href":"https:\/\/api.w.org\/{rel}","templated":true}]}}

<pre class="wp-block-verse" style="font-size:17px"><strong>jednia – wygodnia</strong>
<em>&nbsp;&nbsp;&nbsp;&nbsp;&nbsp;&nbsp;&nbsp;&nbsp;&nbsp;&nbsp;&nbsp;&nbsp;maj 84</em>
Obdarzył mnie Bóg wolnością szczególnego rodzaju i nie bardzo wie, co z tym zrobić. Odczuwam, że jest zakłopotany swoim gestem, a ja służę jako odgromnik. Otrzymać takie beneficja bez prawa dyspozycji, przyznacie państwo, wyrafinowana łaska. Nie winię nikogo, winnych nie ma. Jest robota, która wre i swoją rolę spełnić musisz. Nawet taki niespolegliwiec jak ja na coś Panu jest potrzebny. A choćby Pana nie było, to lepiej jest mniemać, iż dzierżawca też wie, co robi. Ach, gdyby jeszcze nie te rajskie sny, cudne przeczucie i pamięć starsza od wszystkiego, że kiedyś pasowałem jak śruba do nakrętki. I tak co dnia zwodzi mnie ona: jednia-wygodnia.</pre>



<div style="height:265px" aria-hidden="true" class="wp-block-spacer"></div>



<pre class="wp-block-verse" style="font-size:17px"><strong>celtycka harfa</strong>
niech będzie to poranek utkany ze słońca
i pragnień pierwszych tak delikatny że
nie wypowiem
wtedy ona otwiera legendy
słyszysz jak ptak szamoce się w sieci
wszystko rusza się a stoi
dźwięczy
w złotej poświacie lasu Broceliande
kwiat i wiatr pamięć traw sen skał
chwała i mech porasta kamień kamień porasta
milczenie wciąż dalej dalej
rośnie ten zamek na schodach stara krew
ktoś kogoś kochał i o tym ten śpiew
stępa brzmią kroki baśniowego konia
jak struny
miecze majowego deszczu pękają wzniośle
tak oto w święty czas przeźroczysty pochód
wznosi się nad las i morze i póki dźwięków
póty życia
O! aż kamień krzyknął
<em>&nbsp;&nbsp;&nbsp;&nbsp;&nbsp;&nbsp;&nbsp;&nbsp;&nbsp;&nbsp;&nbsp;&nbsp;Sulima-Suryn, Darski</em></pre>



<p class="has-text-align-right"><a href="http://suryn.pl/index.php/strona-106-i-107/" data-type="URL" data-id="http://suryn.pl/index.php/strona-106-i-107/">Poprzednia</a>  <a href="http://suryn.pl/index.php/strona-110-i-111/" data-type="URL" data-id="http://suryn.pl/index.php/strona-110-i-111/">Następna</a></p>

<p>jednia – wygodnia &nbsp;&nbsp;&nbsp;&nbsp;&nbsp;&nbsp;&nbsp;&nbsp;&nbsp;&nbsp;&nbsp;&nbsp;maj 84 Obdarzył mnie Bóg wolnością szczególnego rodzaju i nie bardzo wie, co z tym zrobić. Odczuwam, że jest zakłopotany swoim gestem, a ja służę jako odgromnik. Otrzymać takie beneficja bez prawa dyspozycji, przyznacie państwo, wyrafinowana łaska. Nie winię nikogo, winnych nie ma. Jest robota, która wre i swoją rolę spełnić musisz. Nawet taki niespolegliwiec jak ja &#8230;</p>
