{"id":424,"date":"2021-05-18T21:53:53","date_gmt":"2021-05-18T19:53:53","guid":{"rendered":"http:\/\/suryn.pl\/?page_id=424"},"modified":"2021-05-19T18:04:42","modified_gmt":"2021-05-19T16:04:42","slug":"strona-96-i-97","status":"publish","type":"page","link":"http:\/\/suryn.pl\/index.php\/strona-96-i-97\/","title":{"rendered":"Strona 96 i 97"},"content":{"rendered":"\n<pre class=\"wp-block-verse\" style=\"font-size:17px\"><strong>do wieczystej ksi\u0119gi odjazd\u00f3w<\/strong>\n<strong>&nbsp;&nbsp;&nbsp;&nbsp;&nbsp;&nbsp;&nbsp;&nbsp;&nbsp;&nbsp;&nbsp;&nbsp;przyczynek hermafrodytyczny<\/strong>\n&nbsp;\nwieczysta jest ksi\u0119ga odjazd\u00f3w\ni \u017caden wrzesie\u0144 s\u0142abszy\nporzucony szlafrok dyktatora\nw jedwabne wiewi\u00f3rki\njest r\u00f3wny samotnej porcelanie\nz pejza\u017cem en avant\nc\u00f3\u017c? ptaszek i \u0142ezka\nna mej bursztynowej piersi\ni upragniona burza\ndrogi czytelniku\nnie za\u0142atwi\u0105 twoich spraw<\/pre>\n\n\n\n<div style=\"height:154px\" aria-hidden=\"true\" class=\"wp-block-spacer\"><\/div>\n\n\n\n<pre class=\"wp-block-verse\" style=\"font-size:17px\"><strong>tak<\/strong>\njestem elfem\njestem smutny i weso\u0142y\njestem stary i m\u0142ody\nw dzie\u0144 \u015bmiej\u0119 si\u0119 pod paproci\u0105\nw nocy p\u0142acz\u0119 pod ksi\u0119\u017cycem\nnic nie wiem\na pami\u0119tam wszystko\nwszak jestem elfem<\/pre>\n\n\n\n<div style=\"height:244px\" aria-hidden=\"true\" class=\"wp-block-spacer\"><\/div>\n\n\n\n<p class=\"has-text-align-right\"><a href=\"http:\/\/suryn.pl\/index.php\/strona-94-i-95\/\" data-type=\"URL\" data-id=\"http:\/\/suryn.pl\/index.php\/strona-94-i-95\/\">Poprzednia<\/a>\u00a0 <a href=\"http:\/\/suryn.pl\/index.php\/strona-98-i-99\/\" data-type=\"URL\" data-id=\"http:\/\/suryn.pl\/index.php\/strona-98-i-99\/\">Nast\u0119pna<\/a><\/p>\n","protected":false},"excerpt":{"rendered":"<p>do wieczystej ksi\u0119gi odjazd\u00f3w &nbsp;&nbsp;&nbsp;&nbsp;&nbsp;&nbsp;&nbsp;&nbsp;&nbsp;&nbsp;&nbsp;&nbsp;przyczynek hermafrodytyczny &nbsp; wieczysta jest ksi\u0119ga odjazd\u00f3w i \u017caden wrzesie\u0144 s\u0142abszy porzucony szlafrok dyktatora w jedwabne wiewi\u00f3rki jest r\u00f3wny samotnej porcelanie z pejza\u017cem en avant c\u00f3\u017c? ptaszek i \u0142ezka na mej bursztynowej piersi i upragniona burza drogi czytelniku nie za\u0142atwi\u0105 twoich spraw tak jestem elfem jestem smutny i weso\u0142y jestem stary i m\u0142ody w dzie\u0144 \u015bmiej\u0119 &#8230;<\/p>\n","protected":false},"author":1,"featured_media":0,"parent":0,"menu_order":0,"comment_status":"closed","ping_status":"closed","template":"","meta":{"footnotes":""},"class_list":["post-424","page","type-page","status-publish","hentry"],"_links":{"self":[{"href":"http:\/\/suryn.pl\/index.php\/wp-json\/wp\/v2\/pages\/424","targetHints":{"allow":["GET"]}}],"collection":[{"href":"http:\/\/suryn.pl\/index.php\/wp-json\/wp\/v2\/pages"}],"about":[{"href":"http:\/\/suryn.pl\/index.php\/wp-json\/wp\/v2\/types\/page"}],"author":[{"embeddable":true,"href":"http:\/\/suryn.pl\/index.php\/wp-json\/wp\/v2\/users\/1"}],"replies":[{"embeddable":true,"href":"http:\/\/suryn.pl\/index.php\/wp-json\/wp\/v2\/comments?post=424"}],"version-history":[{"count":5,"href":"http:\/\/suryn.pl\/index.php\/wp-json\/wp\/v2\/pages\/424\/revisions"}],"predecessor-version":[{"id":793,"href":"http:\/\/suryn.pl\/index.php\/wp-json\/wp\/v2\/pages\/424\/revisions\/793"}],"wp:attachment":[{"href":"http:\/\/suryn.pl\/index.php\/wp-json\/wp\/v2\/media?parent=424"}],"curies":[{"name":"wp","href":"https:\/\/api.w.org\/{rel}","templated":true}]}}

<pre class="wp-block-verse" style="font-size:17px"><strong>do wieczystej księgi odjazdów</strong>
<strong>&nbsp;&nbsp;&nbsp;&nbsp;&nbsp;&nbsp;&nbsp;&nbsp;&nbsp;&nbsp;&nbsp;&nbsp;przyczynek hermafrodytyczny</strong>
&nbsp;
wieczysta jest księga odjazdów
i żaden wrzesień słabszy
porzucony szlafrok dyktatora
w jedwabne wiewiórki
jest równy samotnej porcelanie
z pejzażem en avant
cóż? ptaszek i łezka
na mej bursztynowej piersi
i upragniona burza
drogi czytelniku
nie załatwią twoich spraw</pre>



<div style="height:154px" aria-hidden="true" class="wp-block-spacer"></div>



<pre class="wp-block-verse" style="font-size:17px"><strong>tak</strong>
jestem elfem
jestem smutny i wesoły
jestem stary i młody
w dzień śmieję się pod paprocią
w nocy płaczę pod księżycem
nic nie wiem
a pamiętam wszystko
wszak jestem elfem</pre>



<div style="height:244px" aria-hidden="true" class="wp-block-spacer"></div>



<p class="has-text-align-right"><a href="http://suryn.pl/index.php/strona-94-i-95/" data-type="URL" data-id="http://suryn.pl/index.php/strona-94-i-95/">Poprzednia</a>  <a href="http://suryn.pl/index.php/strona-98-i-99/" data-type="URL" data-id="http://suryn.pl/index.php/strona-98-i-99/">Następna</a></p>

<p>do wieczystej księgi odjazdów &nbsp;&nbsp;&nbsp;&nbsp;&nbsp;&nbsp;&nbsp;&nbsp;&nbsp;&nbsp;&nbsp;&nbsp;przyczynek hermafrodytyczny &nbsp; wieczysta jest księga odjazdów i żaden wrzesień słabszy porzucony szlafrok dyktatora w jedwabne wiewiórki jest równy samotnej porcelanie z pejzażem en avant cóż? ptaszek i łezka na mej bursztynowej piersi i upragniona burza drogi czytelniku nie załatwią twoich spraw tak jestem elfem jestem smutny i wesoły jestem stary i młody w dzień śmieję &#8230;</p>
