{"id":390,"date":"2021-05-18T20:24:26","date_gmt":"2021-05-18T18:24:26","guid":{"rendered":"http:\/\/suryn.pl\/?page_id=390"},"modified":"2026-04-10T19:24:32","modified_gmt":"2026-04-10T17:24:32","slug":"strona-78-i-79","status":"publish","type":"page","link":"http:\/\/suryn.pl\/index.php\/strona-78-i-79\/","title":{"rendered":"Strona 78 i 79"},"content":{"rendered":"\n<p><strong>Ewa Hornik<br>rocznik 1957<br><\/strong>Absolwentka kulturoznawstwa na UAM. W latach 80-tych procowa\u0142a w Biurze Wystaw Artystycznych w Gorzowie, promowa\u0142a wsp\u00f3\u0142czesn\u0105&nbsp;sztuk\u0119&nbsp;polsk\u0105. Jedna z muz grupy&nbsp;\u0141\u00f3d\u017a&nbsp;Kaliska. Wiele lat zwi\u0105zana z gorzowskimi instytucjami kultury. Teraz mieszka i pracuje na wsi. Fanka kot\u00f3w.<\/p>\n\n\n\n<p><em>Andrzej odwiedzi<\/em><em>\u0142&nbsp;<\/em><em>mnie kt\u00f3rego<\/em><em>\u015b&nbsp;<\/em><em>dnia, to m\u00f3g<\/em><em>\u0142&nbsp;<\/em><em>by<\/em><em>\u0107&nbsp;<\/em><em>rok 95. Zaj<\/em><em>\u0105\u0142&nbsp;<\/em><em>wygodne miejsce na&nbsp;<\/em><em>\u015b<\/em><em>rodku sofy \u2013 jak zwykle wsz<\/em><em>\u0119<\/em><em>dzie czu<\/em><em>\u0142&nbsp;<\/em><em>si<\/em><em>\u0119&nbsp;<\/em><em>u siebie. Mia<\/em><em>\u0142<\/em><em>am w\u00f3wczas w domu cztery koty r\u00f3<\/em><em>\u017c<\/em><em>nej ma<\/em><em>\u015b<\/em><em>ci i r\u00f3<\/em><em>\u017c<\/em><em>nego usposobienia. I te cztery koty, zwykle zdystansowane, stroni<\/em><em>\u0105<\/em><em>ce od go<\/em><em>\u015b<\/em><em>ci, przysz<\/em><em>\u0142<\/em><em>y do niego w jednej chwili, wesz<\/em><em>\u0142<\/em><em>y mu na kolana, na ramiona. Roz<\/em><em>\u0142<\/em><em>o<\/em><em>\u017c<\/em><em>y<\/em><em>\u0142<\/em><em>y si<\/em><em>\u0119&nbsp;<\/em><em>na nim, tak jakby si<\/em><em>\u0119&nbsp;<\/em><em>przyssa<\/em><em>\u0142<\/em><em>y. Pierwszy raz widzia<\/em><em>\u0142<\/em><em>am, by tak kogo<\/em><em>\u015b&nbsp;<\/em><em>potraktowa<\/em><em>\u0142<\/em><em>y.<\/em><\/p>\n\n\n\n<p><strong>Tanna Jakubowicz-Mount<\/strong><\/p>\n\n\n\n<p>Psychoterapeutka, zajmuje si\u0119\u00a0psychologi\u0105\u00a0transpersonaln\u0105. Prowadzi terapi\u0119\u00a0inicjacyjn\u0105,\u00a0towarzysz\u0105c ludziom w poszukiwaniu prawdziwej to\u017csamo\u015bci i drogi\u00a0\u017cycia. Praktykuje szamanizm i buddyzm.<\/p>\n\n\n\n<p><em>Bardzo mocno wyczuwa<\/em><em>\u0142<\/em><em>o si<\/em><em>\u0119\u00a0<\/em><em>w nim dwie walcz<\/em><em>\u0105<\/em><em>ce si<\/em><em>\u0142<\/em><em>y: Eros zwraca<\/em><em>\u0142\u00a0<\/em><em>go ku mi<\/em><em>\u0142<\/em><em>o<\/em><em>\u015b<\/em><em>ci i\u00a0<\/em><em>\u017c<\/em><em>yciu, a Thanatos ku\u00a0<\/em><em>\u015b<\/em><em>mierci. Eros by<\/em><em>\u0142\u00a0<\/em><em>wszechobecny, zw<\/em><em>\u0142<\/em><em>aszcza w m<\/em><em>\u0142<\/em><em>odo<\/em><em>\u015b<\/em><em>ci, p\u00f3<\/em><em>\u017a<\/em><em>niej coraz silniej przyci<\/em><em>\u0105<\/em><em>ga<\/em><em>\u0142\u00a0<\/em><em>go Thanatos i stopniowo, ale konsekwentnie oddala<\/em><em>\u0142\u00a0<\/em><em>go od\u00a0<\/em><em>\u015b<\/em><em>wiata. W ko<\/em><em>\u0144<\/em><em>cu poczucie zanikania, rozp<\/em><em>\u0142<\/em><em>ywania si<\/em><em>\u0119\u00a0<\/em><em>we mgle sta<\/em><em>\u0142<\/em><em>o si<\/em><em>\u0119\u00a0<\/em><em>podstawowym do<\/em><em>\u015b<\/em><em>wiadczeniem Andrzeja. Fizycznie i mentalnie wycofywa<\/em><em>\u0142\u00a0<\/em><em>si<\/em><em>\u0119\u00a0<\/em><em>z\u00a0<\/em><em>\u017c<\/em><em>ycia i wpada<\/em><em>\u0142\u00a0<\/em><em>w obj<\/em><em>\u0119<\/em><em>cia\u00a0<\/em><em>\u015b<\/em><em>mierci.<\/em><\/p>\n\n\n\n<p><strong>Marek Janiak<br>rocznik 1955<br><\/strong>Architekt, profesor Politechniki&nbsp;\u0141\u00f3dzkiej, wyk\u0142adowca akademicki, wieloletni prezes Fundacji Ulicy Piotrkowskiej, artysta multimedialny, tw\u00f3rca grupy&nbsp;\u0141\u00f3d\u017a&nbsp;Kaliska, Architekt Miasta&nbsp;\u0141odzi.<\/p>\n\n\n\n<p><em>By<\/em><em>\u0142&nbsp;<\/em><em>jedn<\/em><em>\u0105&nbsp;<\/em><em>z tych postaci, kt\u00f3ra uciele<\/em><em>\u015b<\/em><em>nia<\/em><em>\u0142<\/em><em>a marzenie wszystkich artyst\u00f3w i poet\u00f3w, mianowicie \u2013 wolno<\/em><em>\u015b\u0107<\/em><em>. Wed<\/em><em>\u0142<\/em><em>ug mnie by<\/em><em>\u0142&nbsp;<\/em><em>absolutnie wolnym cz<\/em><em>\u0142<\/em><em>owiekiem. Nie mia<\/em><em>\u0142 \u0142<\/em><em>atwo, nic bowiem nie jest tak bardzo znienawidzone przez spo<\/em><em>\u0142<\/em><em>ecze<\/em><em>\u0144<\/em><em>stwo, jak wolno<\/em><em>\u015b\u0107&nbsp;<\/em><em>jednostek.<\/em><\/p>\n\n\n\n<p><strong>Wojciech Jacob Jankowski<br>rocznik 1964<br><\/strong>Obecnie mnich zen, dawniej anarcho-pacyfista, od zawsze Indianin. W latach osiemdziesi\u0105tych wsp\u00f3\u0142za\u0142o\u017cyciel Ruchu Spo\u0142ecze\u0144stwa Alternatywnego oraz Ruchu Wolno\u015b\u0107&nbsp;i Pok\u00f3j. W 1985 r. za odmow\u0119&nbsp;s\u0142u\u017cby wojskowej skazany na 3,5 roku wi\u0119zienia. W 1989 odm\u00f3wi\u0142&nbsp;udzia\u0142u w obradach Okr\u0105g\u0142ego Sto\u0142u. Na pocz\u0105tku lat 90. mieszka\u0142&nbsp;z rodzin\u0105&nbsp;w tipi na Warmii, potem w&nbsp;\u0142emkowskiej chacie w Beskidzie Niskim. Teraz mieszka sam w lesie niedaleko Warszawy, gdzie powsta\u0142&nbsp;o\u015brodek buddyjski.<\/p>\n\n\n\n<p><em>Czu<\/em><em>\u0142&nbsp;<\/em><em>si<\/em><em>\u0119&nbsp;<\/em><em>spowinowacony z najwi<\/em><em>\u0119<\/em><em>kszymi osobowo<\/em><em>\u015b<\/em><em>ciami kultury. Powoli, z pietyzmem wymienia<\/em><em>\u0142<\/em><em>: Bach, Bethoveen, Goethe i chcia<\/em><em>\u0142&nbsp;<\/em><em>przekaza<\/em><em>\u0107&nbsp;<\/em><em>wra<\/em><em>\u017c<\/em><em>enie,&nbsp;<\/em><em>\u017c<\/em><em>e sam idzie t<\/em><em>\u0105 \u015b<\/em><em>cie<\/em><em>\u017c<\/em><em>k<\/em><em>\u0105<\/em><em>,&nbsp;<\/em><em>\u017c<\/em><em>e jest z nimi w tym samym szeregu. Czu<\/em><em>\u0142<\/em><em>o si<\/em><em>\u0119<\/em><em>,&nbsp;<\/em><em>\u017c<\/em><em>e naprawd<\/em><em>\u0119&nbsp;<\/em><em>tak jest. Uwa<\/em><em>\u017c<\/em><em>am,&nbsp;<\/em><em>\u017c<\/em><em>e to nale<\/em><em>\u017c<\/em><em>ne mu miejsce. Mia<\/em><em>\u0142&nbsp;<\/em><em>bardzo pradawne t<\/em><em>\u0119<\/em><em>sknoty. Chcia<\/em><em>\u0142&nbsp;<\/em><em>znale<\/em><em>\u017a\u0107&nbsp;<\/em><em>sens&nbsp;<\/em><em>\u017c<\/em><em>ycia, kamie<\/em><em>\u0144&nbsp;<\/em><em>filozoficzny. T<\/em><em>\u0119<\/em><em>skni<\/em><em>\u0142&nbsp;<\/em><em>za uniwersalnymi warto<\/em><em>\u015b<\/em><em>ciami.<\/em><\/p>\n\n\n\n<p><strong>Ryszard Marek K<\/strong><strong>\u0119<\/strong><strong>dzierski<br>rocznik 1957<br><\/strong>Redaktor i wydawca pisma \u201eSztuka osobowa\u201d. Studiowa\u0142&nbsp;na Papieskim Wydziale Teologicznym we Wroc\u0142awiu. Zwi\u0105zany z Duszpasterstwem&nbsp;\u015arodowisk Tw\u00f3rczych we Wroc\u0142awiu. Od 2011 rezyduje w Pustelni w Sudetach, w Mi\u0119dzyg\u00f3rzu u podn\u00f3\u017ca&nbsp;\u015anie\u017cnika.<\/p>\n\n\n\n<p><em>Pustelnia, kt\u00f3r<\/em><em>\u0105\u00a0<\/em><em>mieli<\/em><em>\u015b<\/em><em>my razem budowa<\/em><em>\u0107\u00a0<\/em><em>powsta<\/em><em>\u0142<\/em><em>a. Andrzej nie zd<\/em><em>\u0105\u017c<\/em><em>y<\/em><em>\u0142\u00a0<\/em><em>mnie tu odwiedzi<\/em><em>\u0107<\/em><em>, odszed<\/em><em>\u0142\u00a0<\/em><em>do Boga wcze<\/em><em>\u015b<\/em><em>niej. My<\/em><em>\u015b<\/em><em>l<\/em><em>\u0119<\/em><em>,\u00a0<\/em><em>\u017c<\/em><em>e nie zb<\/em><em>\u0142\u0105<\/em><em>dzi i dotrze przez kr\u00f3tki czy<\/em><em>\u015b<\/em><em>ciec do spe<\/em><em>\u0142<\/em><em>niaj<\/em><em>\u0105<\/em><em>cej si<\/em><em>\u0119\u00a0M<\/em><em>i<\/em><em>\u0142<\/em><em>o<\/em><em>\u015b<\/em><em>ci, aby mi i innym towarzyszy<\/em><em>\u0107\u00a0<\/em><em>w chwili naszego ko<\/em><em>\u0144<\/em><em>ca. W li<\/em><em>\u015b<\/em><em>cie, kt\u00f3ry przys<\/em><em>\u0142<\/em><em>a<\/em><em>\u0142<\/em><em>a mi jego mama, a kt\u00f3ry pisa<\/em><em>\u0142\u00a0<\/em><em>do mnie z Kanady tu<\/em><em>\u017c\u00a0<\/em><em>przed\u00a0<\/em><em>\u015b<\/em><em>mierci<\/em><em>\u0105<\/em><em>, wyra<\/em><em>\u017c<\/em><em>a<\/em><em>\u0142\u00a0<\/em><em>nadziej<\/em><em>\u0119<\/em><em> na owocne spotkanie z Poloni<\/em><em>\u0105<\/em><em>.<\/em><\/p>\n\n\n\n<p><strong>Ma<\/strong><strong>\u0142<\/strong><strong>gorzata Konarzewska<\/strong><\/p>\n\n\n\n<p><em>Jego sytuacyjne\u00a0\u017carty, czy por\u00f3wnania by\u0142y dowcipne, inteligentne. Za\u015bmiewali\u015bmy si\u0119\u00a0wszyscy. Ubarwia\u0142\u00a0nasz czas, zaskakiwa\u0142\u00a0s\u0142owem. Doceni\u0107\u00a0go bardziej mog\u0105\u00a0ci, kt\u00f3rzy go znali, bo by\u0107\u00a0mo\u017ce najwa\u017cniejsze by\u0142o to, co nigdy nie zosta\u0142o zapisane.<\/em><\/p>\n\n\n\n<p class=\"has-text-align-right\"><a href=\"http:\/\/suryn.pl\/index.php\/strona-76-i-77\/\" data-type=\"URL\" data-id=\"http:\/\/suryn.pl\/index.php\/strona-76-i-77\/\">Poprzednia<\/a>&nbsp; <a href=\"http:\/\/suryn.pl\/index.php\/strona-80-i-81\/\" data-type=\"URL\" data-id=\"http:\/\/suryn.pl\/index.php\/strona-80-i-81\/\">Nast\u0119pna<\/a><\/p>\n\n\n\n<p><\/p>\n","protected":false},"excerpt":{"rendered":"<p>Ewa Hornikrocznik 1957Absolwentka kulturoznawstwa na UAM. W latach 80-tych procowa\u0142a w Biurze Wystaw Artystycznych w Gorzowie, promowa\u0142a wsp\u00f3\u0142czesn\u0105&nbsp;sztuk\u0119&nbsp;polsk\u0105. Jedna z muz grupy&nbsp;\u0141\u00f3d\u017a&nbsp;Kaliska. Wiele lat zwi\u0105zana z gorzowskimi instytucjami kultury. Teraz mieszka i pracuje na wsi. Fanka kot\u00f3w. Andrzej odwiedzi\u0142&nbsp;mnie kt\u00f3rego\u015b&nbsp;dnia, to m\u00f3g\u0142&nbsp;by\u0107&nbsp;rok 95. Zaj\u0105\u0142&nbsp;wygodne miejsce na&nbsp;\u015brodku sofy \u2013 jak zwykle wsz\u0119dzie czu\u0142&nbsp;si\u0119&nbsp;u siebie. Mia\u0142am w\u00f3wczas w domu cztery koty r\u00f3\u017cnej &#8230;<\/p>\n","protected":false},"author":1,"featured_media":0,"parent":0,"menu_order":0,"comment_status":"closed","ping_status":"closed","template":"","meta":{"footnotes":""},"class_list":["post-390","page","type-page","status-publish","hentry"],"_links":{"self":[{"href":"http:\/\/suryn.pl\/index.php\/wp-json\/wp\/v2\/pages\/390","targetHints":{"allow":["GET"]}}],"collection":[{"href":"http:\/\/suryn.pl\/index.php\/wp-json\/wp\/v2\/pages"}],"about":[{"href":"http:\/\/suryn.pl\/index.php\/wp-json\/wp\/v2\/types\/page"}],"author":[{"embeddable":true,"href":"http:\/\/suryn.pl\/index.php\/wp-json\/wp\/v2\/users\/1"}],"replies":[{"embeddable":true,"href":"http:\/\/suryn.pl\/index.php\/wp-json\/wp\/v2\/comments?post=390"}],"version-history":[{"count":5,"href":"http:\/\/suryn.pl\/index.php\/wp-json\/wp\/v2\/pages\/390\/revisions"}],"predecessor-version":[{"id":3256,"href":"http:\/\/suryn.pl\/index.php\/wp-json\/wp\/v2\/pages\/390\/revisions\/3256"}],"wp:attachment":[{"href":"http:\/\/suryn.pl\/index.php\/wp-json\/wp\/v2\/media?parent=390"}],"curies":[{"name":"wp","href":"https:\/\/api.w.org\/{rel}","templated":true}]}}