{"id":370,"date":"2021-05-18T20:05:06","date_gmt":"2021-05-18T18:05:06","guid":{"rendered":"http:\/\/suryn.pl\/?page_id=370"},"modified":"2021-05-20T18:26:59","modified_gmt":"2021-05-20T16:26:59","slug":"strona-62-i-63","status":"publish","type":"page","link":"http:\/\/suryn.pl\/index.php\/strona-62-i-63\/","title":{"rendered":"Strona 62 i 63"},"content":{"rendered":"\n<p><strong><span style=\"color:#c04e6a\" class=\"has-inline-color\">Kochajmy si\u0119\u00a0za darmo<\/span><\/strong><\/p>\n\n\n\n<p>Suryn robi\u0142&nbsp;wra\u017cenie na kobietach. By\u0142&nbsp;przystojny, inteligentny, dowcipny i czaruj\u0105cy, wi\u0119c wzbudza\u0142&nbsp;zainteresowanie. Sam jednak nie uwodzi\u0142, raczej korzysta\u0142&nbsp;z okazji, a tych okazji mia\u0142&nbsp;wiele. Zwyk\u0142&nbsp;m\u00f3wi\u0107:&nbsp;<em>sekunda-okazja&nbsp;<\/em>i je\u015bli wyczuwa\u0142&nbsp;przyzwolenie natychmiast by\u0142&nbsp;got\u00f3w do rezonansu.<\/p>\n\n\n\n<p>Stanis\u0142aw P\u0142awski przyznaje,&nbsp;\u017ce pozna\u0142&nbsp;co najmniej kilkana\u015bcie dziewczyn, z kt\u00f3rymi&nbsp;\u0142\u0105czy\u0142y Suryna bardziej lub mniej za\u017cy\u0142e stosunki i dwie lub trzy, w kt\u00f3rych zdawa\u0142&nbsp;si\u0119&nbsp;by\u0107&nbsp;zakochany. Andrzej nie by\u0142&nbsp;jednak typem Casanovy, uwa\u017ca jego przyjaciel. Nie uwodzi\u0142, by kobiet\u0119&nbsp;posi\u0105\u015b\u0107. Bardziej chcia\u0142&nbsp;posi\u0105\u015b\u0107&nbsp;jej umys\u0142, zg\u0142\u0119bi\u0107&nbsp;jak my\u015bli, jak czuje. Nigdy nie po\u015bwi\u0119ca\u0142&nbsp;uwagi paniom, kt\u00f3re nie prezentowa\u0142y pewnej klasy. Szuka\u0142&nbsp;takich, w kt\u00f3rych dostrzega\u0142&nbsp;rodzaj t\u0119sknoty za czym\u015b&nbsp;g\u0142\u0119bszym, istotniejszym. Tego rodzaju kobiety potrafi\u0142&nbsp;wynajdywa\u0107&nbsp;w t\u0142umie, fascynowa\u0142&nbsp;si\u0119&nbsp;nimi. Oczywi\u015bcie je\u015bli by\u0142a okazja, by obcowa\u0107&nbsp;nie tylko z ich intelektem, korzysta\u0142&nbsp;z niej, przyznaje P\u0142awski, ale wci\u0105\u017c&nbsp;szuka\u0142&nbsp;swojej wielkiej mi\u0142o\u015bci. Przez pewien czas na pocz\u0105tku lat 80-tych mieszka\u0142&nbsp;nawet z jedn\u0105&nbsp;dziewczyn\u0105&nbsp;przez kilka miesi\u0119cy, ale z jego zwi\u0105zk\u00f3w nigdy nic trwa\u0142ego nie wychodzi\u0142o, by\u0142y jak przesypuj\u0105cy si\u0119&nbsp;mi\u0119dzy palcami piasek.<\/p>\n\n\n\n<p>W temacie kobiet by\u0142\u00a0dyskretny. O swoich przygodach opowiada\u0142\u00a0tylko wybranym przyjacio\u0142om, a w pewnych\u00a0\u015brodowiskach nawet bliscy mu ludzie nie wiedzieli nic o jego zwi\u0105zkach i widywali go wy\u0142\u0105cznie w relacjach kole\u017ce\u0144skich. Wojciechowi Darskiemu opowiada\u0142\u00a0o dziewczynach, ale tylko dwa razy przyjecha\u0142\u00a0z dziewczyn\u0105\u00a0do Gi\u017cycka \u2013 za ka\u017cdym razem z inn\u0105. Z powodu jednej by\u0142a nawet wielka afera, bo poszukiwa\u0142a jej rodzina\u2026i milicja. Okaza\u0142o si\u0119,\u00a0\u017ce by\u0142a ma\u0142oletnia, uciek\u0142a z domu i spieni\u0119\u017cy\u0142a rodzinne precjoza, by mie\u0107\u00a0na wakacje. Andrzej m\u00f3wi\u0142\u00a0o niej Auka.\u00a0\u015alad ich historii zapisany jest w wierszu, kt\u00f3ry dzieje si\u0119\u00a0na wzg\u00f3rzu\u00a0\u015bw. Brunona w Gi\u017cycku. Darski pami\u0119ta te\u017c\u00a0tancerk\u0119\u00a0z Wroc\u0142awia, Mari\u0119, kt\u00f3r\u0105\u00a0Suryn pozna\u0142, gdy je\u017adzi\u0142\u00a0na warsztaty Laboratorium Grotowskiego i jeszcze dziewczyn\u0119, z kt\u00f3r\u0105\u00a0pojawi\u0142\u00a0si\u0119\u00a0w Go\u0142dapi. Wygl\u0105da\u0142a na sp\u00f3\u017anion\u0105\u00a0hipisk\u0119, ca\u0142a w pi\u00f3rach i\u00a0\u0142achmanach, jak to\u00a0\u015bpiewa\u0142\u00a0Coen \u2013 wspomina Darski. Opiekowa\u0142a si\u0119\u00a0Andrzejem, dba\u0142a by o w\u0142a\u015bciwych porach pi\u0142\u00a0zio\u0142a.<\/p>\n\n\n\n<p>Suryn jednak rzadko pisa\u0142&nbsp;wiersze pod wp\u0142ywem fascynacji kobietami. Ten, w kt\u00f3rym jest Auka-Agnieszka te\u017c&nbsp;nie jest o niej, jest histori\u0105&nbsp;Brunona z Kwerfurtu, opisem chwili z przyjaci\u00f3\u0142mi, z kt\u00f3rymi poeta siedzi na wzg\u00f3rzu popijaj\u0105c w\u00f3dk\u0119&nbsp;i pal\u0105c papierosy. Tylko czasami dedykowa\u0142&nbsp;wiersze kobietom, ale w tych utworach nie ma emocji, nie ma mi\u0142osnego&nbsp;\u017caru, t\u0119sknoty, podziwu, s\u0105&nbsp;to raczej impresje, delikatnie kre\u015blone obrazy, opisy sytuacji, refleksje. Tych wierszy jest niewiele. Mo\u017cna niemal powiedzie\u0107,&nbsp;\u017ce zwi\u0105zki z kobietami nie maj\u0105&nbsp;odbicia w jego poezji. Wi\u0119cej wierszy dedykowa\u0142&nbsp;przyjacio\u0142om, m\u0119\u017cczyznom, du\u017co wi\u0119cej m\u00f3wi w wierszach o poszukiwaniu w\u0142a\u015bciwej drogi, o stawaniu si\u0119&nbsp;tym, kim si\u0119&nbsp;jest w najg\u0142\u0119bszej istocie, o zd\u0105\u017caniu do&nbsp;\u015bwiat\u0142a. To by\u0142o w jego poezji i&nbsp;\u017cyciu najwa\u017cniejsze.<\/p>\n\n\n\n<p>A kobiety? Kobiety zdarza\u0142y si\u0119&nbsp;po drodze, jak&nbsp;<em>sekunda-okazja.&nbsp;<\/em>Spotkania z nimi traktowa\u0142&nbsp;jak dar, jak&nbsp;\u015bwi\u0119to, jak r\u00f3wn\u0105&nbsp;wymian\u0119. Bra\u0142&nbsp;co mu dawa\u0142y, dawa\u0142&nbsp;co chcia\u0142&nbsp;a potem znika\u0142, by dalej pod\u0105\u017ca\u0107&nbsp;w\u0142asn\u0105 \u015bcie\u017ck\u0105. Nic chcia\u0142&nbsp;si\u0119&nbsp;anga\u017cowa\u0107, zdaje si\u0119,&nbsp;\u017ce ucieka\u0142&nbsp;od mi\u0142o\u015bci. W wierszu, kt\u00f3ry ukaza\u0142&nbsp;si\u0119&nbsp;w tomiku \u201ePos\u0142aniec s\u0142owa\u201d, pisa\u0142:<\/p>\n\n\n\n<pre class=\"wp-block-verse\" style=\"font-size:17px\"><em>Mi\u0142o\u015b\u0107 kr\u0105\u017cy jak wilk<\/em>\n<em>boi si\u0119 mnie<\/em>\n<em>wymkn\u0119 si\u0119<\/em>\n<em>bo za p\u0142otem s\u0142\u00f3w<\/em>\n<em>jest \u0142\u0105ka z drzewem<\/em>\n<em>mojego imienia<\/em>\n\n<\/pre>\n\n\n\n<p class=\"has-text-align-right\"><a href=\"http:\/\/suryn.pl\/index.php\/strona-60-i-61\/\" data-type=\"URL\" data-id=\"http:\/\/suryn.pl\/index.php\/strona-60-i-61\/\">Poprzednia<\/a>&nbsp; <a href=\"http:\/\/suryn.pl\/index.php\/strona-64-i-65\/\" data-type=\"URL\" data-id=\"http:\/\/suryn.pl\/index.php\/strona-64-i-65\/\">Nast\u0119pna<\/a><\/p>\n","protected":false},"excerpt":{"rendered":"<p>Kochajmy si\u0119\u00a0za darmo Suryn robi\u0142&nbsp;wra\u017cenie na kobietach. By\u0142&nbsp;przystojny, inteligentny, dowcipny i czaruj\u0105cy, wi\u0119c wzbudza\u0142&nbsp;zainteresowanie. Sam jednak nie uwodzi\u0142, raczej korzysta\u0142&nbsp;z okazji, a tych okazji mia\u0142&nbsp;wiele. Zwyk\u0142&nbsp;m\u00f3wi\u0107:&nbsp;sekunda-okazja&nbsp;i je\u015bli wyczuwa\u0142&nbsp;przyzwolenie natychmiast by\u0142&nbsp;got\u00f3w do rezonansu. Stanis\u0142aw P\u0142awski przyznaje,&nbsp;\u017ce pozna\u0142&nbsp;co najmniej kilkana\u015bcie dziewczyn, z kt\u00f3rymi&nbsp;\u0142\u0105czy\u0142y Suryna bardziej lub mniej za\u017cy\u0142e stosunki i dwie lub trzy, w kt\u00f3rych zdawa\u0142&nbsp;si\u0119&nbsp;by\u0107&nbsp;zakochany. Andrzej nie by\u0142&nbsp;jednak typem Casanovy, uwa\u017ca &#8230;<\/p>\n","protected":false},"author":1,"featured_media":0,"parent":0,"menu_order":0,"comment_status":"closed","ping_status":"closed","template":"","meta":{"footnotes":""},"class_list":["post-370","page","type-page","status-publish","hentry"],"_links":{"self":[{"href":"http:\/\/suryn.pl\/index.php\/wp-json\/wp\/v2\/pages\/370","targetHints":{"allow":["GET"]}}],"collection":[{"href":"http:\/\/suryn.pl\/index.php\/wp-json\/wp\/v2\/pages"}],"about":[{"href":"http:\/\/suryn.pl\/index.php\/wp-json\/wp\/v2\/types\/page"}],"author":[{"embeddable":true,"href":"http:\/\/suryn.pl\/index.php\/wp-json\/wp\/v2\/users\/1"}],"replies":[{"embeddable":true,"href":"http:\/\/suryn.pl\/index.php\/wp-json\/wp\/v2\/comments?post=370"}],"version-history":[{"count":4,"href":"http:\/\/suryn.pl\/index.php\/wp-json\/wp\/v2\/pages\/370\/revisions"}],"predecessor-version":[{"id":1143,"href":"http:\/\/suryn.pl\/index.php\/wp-json\/wp\/v2\/pages\/370\/revisions\/1143"}],"wp:attachment":[{"href":"http:\/\/suryn.pl\/index.php\/wp-json\/wp\/v2\/media?parent=370"}],"curies":[{"name":"wp","href":"https:\/\/api.w.org\/{rel}","templated":true}]}}