{"id":350,"date":"2021-05-18T19:41:54","date_gmt":"2021-05-18T17:41:54","guid":{"rendered":"http:\/\/suryn.pl\/?page_id=350"},"modified":"2021-05-20T18:16:30","modified_gmt":"2021-05-20T16:16:30","slug":"strona-46-i-47","status":"publish","type":"page","link":"http:\/\/suryn.pl\/index.php\/strona-46-i-47\/","title":{"rendered":"Strona 46 i 47"},"content":{"rendered":"\n<p>Suryn nie potrafi\u0142\u00a0stawia\u0107\u00a0czo\u0142a otwartym konfliktom, w zapalnych sytuacjach nie stawa\u0142\u00a0do konfrontacji. Przyjaciele m\u00f3wi\u0105,\u00a0\u017ce w takich momentach mia\u0142\u00a0przedziwn\u0105\u00a0zdolno\u015b\u0107: po prostu wyparowywa\u0142. Zwinnie przesuwa\u0142\u00a0si\u0119\u00a0do innego wymiaru. Podobno w taki sam spos\u00f3b znika\u0142, by nie wi\u0105za\u0107\u00a0si\u0119\u00a0z kobietami. Ale o kobietach p\u00f3\u017aniej, teraz wi\u0119cej o s\u0142abo\u015bciach jego charakteru, czyli o ciemnej stronie Suryna.<\/p>\n\n\n\n<p>\u2013 Pami\u0119tam jedn\u0105&nbsp;sytuacj\u0119, w kt\u00f3rej zachowanie Andrzeja nieprzyjemnie mnie zaskoczy\u0142o. Wtedy, gdy pracowa\u0142&nbsp;ze mn\u0105&nbsp;jako asystent re\u017cysera byli\u015bmy s\u0142u\u017cbowo na Mazurach. Andrzej bardzo chcia\u0142&nbsp;pojecha\u0107&nbsp;do Gi\u017cycka,&nbsp;\u017ceby spotka\u0107&nbsp;si\u0119&nbsp;z przyjacielem poet\u0105&nbsp;Darskim. Gi\u017cycko nie by\u0142o nam po drodze, ale on nalega\u0142, wi\u0119c znalaz\u0142em mocno naci\u0105gany pow\u00f3d, by tam jednak pojecha\u0107. W domu, w kt\u00f3rym spotka\u0142&nbsp;si\u0119&nbsp;z przyjacielem by\u0142&nbsp;jeszcze ojciec \u2013 spokojny staruszek, kt\u00f3ry siedzia\u0142&nbsp;gdzie\u015b&nbsp;w k\u0105cie. Andrzej wszed\u0142&nbsp;do&nbsp;\u015brodka i od razu zwr\u00f3ci\u0142&nbsp;si\u0119&nbsp;do przyjaciela, staruszka potraktowa\u0142&nbsp;jak powietrze, bez&nbsp;\u017cadnych grzeczno\u015bci, bez dzie\u0144&nbsp;dobry, zepchn\u0105\u0142&nbsp;go z pola uwagi. Kontrastowa\u0142o to z nadmiarem afirmacji wobec kolegi. Ta na poz\u00f3r ma\u0142o istotna sytuacja utkwi\u0142a we mnie mocno i pozostawi\u0142a pewien niesmak \u2013 wspomina Andrzej R\u00f3\u017cycki.<\/p>\n\n\n\n<p>\u2013 Du\u017co wsp\u00f3lnie podr\u00f3\u017cowali\u015bmy. By\u0142a powszechna bieda, ale ka\u017cdy dok\u0142ada\u0142&nbsp;si\u0119&nbsp;tak jak m\u00f3g\u0142&nbsp;do bilet\u00f3w na poci\u0105g i wsp\u00f3lnego jedzenia.&nbsp;Nie mia\u0142o znaczenia czy kto\u015b&nbsp;da\u0142&nbsp;pi\u0119\u0107&nbsp;czy pi\u0119\u0107dziesi\u0105t z\u0142otych.&nbsp;Pewnego razu jechali\u015bmy do&nbsp;\u0141odzi, wszyscy byli\u015bmy zm\u0119czeni, spali\u015bmy w przedziale, ale ja mam bardzo czu\u0142y sen, co\u015b&nbsp;mnie zaniepokoi\u0142o \u2013 m\u00f3wi Marek Sobczak. Obudzi\u0142em si\u0119, spod przymkni\u0119tej powieki obserwuj\u0119,&nbsp;\u017ce Andrzej rozgl\u0105da si\u0119&nbsp;czy wszyscy&nbsp;\u015bpi\u0105, a potem cichaczem pod\u0105\u017ca do Warsu podjada\u0107&nbsp;sobie za te nasze sk\u0142adki. Wkurzy\u0142em si\u0119&nbsp;na jego nielojalno\u015b\u0107, ale Wojtek zacz\u0105\u0142&nbsp;mi t\u0142umaczy\u0107,&nbsp;\u017ce Andrzej jest w gorszej sytuacji ni\u017c&nbsp;my i jako\u015b&nbsp;musi sobie radzi\u0107. Zreszt\u0105&nbsp;z Wojtkiem i pieni\u0119dzmi nie by\u0142o lepiej. Gdy powierzali\u015bmy pieni\u0105dze na wsp\u00f3ln\u0105&nbsp;podr\u00f3\u017c&nbsp;Wojtkowi, on zawsze je pu\u015bci\u0142. Zosta\u0142o to wielokrotnie przetestowane, wi\u0119c potem, dla wsp\u00f3lnego bezpiecze\u0144stwa, nasze materialne zasoby lokowali\u015bmy wy\u0142\u0105cznie u mnie.<\/p>\n\n\n\n<p>\u2013&nbsp;Czasami Suryn lubi\u0142&nbsp;si\u0119&nbsp;pastwi\u0107&nbsp;nad s\u0142abszymi, wykorzystywa\u0107&nbsp;sytuacj\u0119, w kt\u00f3rej wyczu\u0142&nbsp;czyj\u015b&nbsp;s\u0142aby punkt. Kiedy\u015b&nbsp;w mojej pracowni w Suwa\u0142kach pojawi\u0142&nbsp;si\u0119&nbsp;m\u0142ody ch\u0142opak z niedalekiej wsi. Andrzej wzi\u0105\u0142&nbsp;jedn\u0105&nbsp;ze sportowych szabli, kt\u00f3ra wisia\u0142a na&nbsp;\u015bcianie i zacz\u0105\u0142&nbsp;dra\u017cni\u0107&nbsp;tego ch\u0142opaka. W pewnym momencie uzna\u0142em,&nbsp;\u017ce przesadza. Wzi\u0105\u0142em wi\u0119c drug\u0105&nbsp;szabl\u0119&nbsp;i wyzwa\u0142em Andrzeja na pojedynek \u2013 opowiada Sobczak. On jako arystokrata, kt\u00f3ry deklarowa\u0142,&nbsp;\u017ce uprawia sporty typu tenis,&nbsp;\u017ceglarstwo, jazda konna, w walce ze mn\u0105&nbsp;od razu zrobi\u0142&nbsp;podstawowy b\u0142\u0105d amatora. By obroni\u0107&nbsp;si\u0119&nbsp;przed pchni\u0119ciem, odruchowo podbi\u0142&nbsp;szabl\u0119&nbsp;i rozci\u0105\u0142&nbsp;sobie policzek prawie pod oko. Bardzo si\u0119&nbsp;wtedy przerazi\u0142. Ta historia utkwi\u0142a mi w pami\u0119ci, bo \u2013 cho\u0107&nbsp;wszyscy lubili\u015bmy si\u0119&nbsp;bawi\u0107&nbsp;kosztem innych, zwykle dzia\u0142o si\u0119&nbsp;to na r\u00f3wnych prawach, a w tym przypadku Andrzej zaatakowa\u0142&nbsp;zdecydowanie s\u0142abszego ch\u0142opaka.<\/p>\n\n\n\n<p>\u2013 Zauwa\u017cy\u0142am,&nbsp;\u017ce nie lubi\u0142&nbsp;ludzi prostych, a raczej przyziemnych, takich kt\u00f3rzy nie potrafi\u0105&nbsp;rozmawia\u0107&nbsp;o niczym innym tylko o tak zwanym zwyk\u0142ym&nbsp;\u017cyciu \u2013 zarabianiu, karierze, dorabianiu si\u0119. Nie interesowa\u0142y go takie rozmowy, irytowa\u0142y go \u2013 wspomina Ma\u0142gorzata Konarzewska. Dra\u017cni\u0142y go nawet takie&nbsp;\u017cyciowe sytuacje, w kt\u00f3rych musia\u0142, na przyk\u0142ad w poci\u0105gu, znosi\u0107&nbsp;s\u0105siedztwo robotnik\u00f3w wyci\u0105gaj\u0105cych z toreb kanapki z jajkiem czy kie\u0142bas\u0105. Fizycznie cierpia\u0142&nbsp;w takich momentach i traci\u0142&nbsp;energi\u0119. Dotyka\u0142&nbsp;go brak estetyki i przyziemno\u015b\u0107&nbsp;ludzkiej kondycji. Te\u017c&nbsp;w sytuacjach towarzyskich, gdy biesiadowali\u015bmy razem przy stole z niech\u0119ci\u0105&nbsp;patrzy\u0142&nbsp;na osoby zanadto jego zdaniem zainteresowane jedzeniem. Uwa\u017ca\u0142&nbsp;za wstr\u0119tne opychanie si\u0119. Patrzy\u0142&nbsp;na takie zachowania z pewn\u0105&nbsp;wy\u017cszo\u015bci\u0105. On chcia\u0142&nbsp;by\u0142&nbsp;uduchowiony nawet w jedzeniu.<\/p>\n\n\n\n<p>Pewnie wiele jeszcze by\u0142o podobnych historii. Nikt przecie\u017c\u00a0nie jest kryszta\u0142owy. Nie wiadomo te\u017c\u00a0czy akurat te przechowane w pami\u0119ci przyjaci\u00f3\u0142\u00a0przyk\u0142ady odcisn\u0119\u0142y si\u0119\u00a0jako\u015b\u00a0w Surynie, czy w og\u00f3le je odnotowa\u0142\u00a0i czy czu\u0142,\u00a0\u017ce na tym polu ma sobie co\u015b\u00a0do zarzucenia. Wiadomo natomiast,\u00a0\u017ce prac\u0119\u00a0nad swoim charakterem Andrzej traktowa\u0142\u00a0bardzo powa\u017cnie.\u00a0<em>Czy\u015b\u0107\u00a0sw\u00f3j diament nieustannie \u2013\u00a0<\/em>uparcie pisa\u0142\u00a0w notatkach. Chcia\u0142\u00a0by\u0107\u00a0doskona\u0142y, a ostatnie lata jego\u00a0\u017cycia, to ci\u0105g\u0142a walka z ego, walka, kt\u00f3ra sta\u0142a si\u0119\u00a0te\u017c\u00a0jednym z g\u0142\u00f3wnych motyw\u00f3w jego poezji.\u00a0<em>Nie przes\u0142aniaj sob\u0105 \u015bwiata \u2013\u00a0<\/em>pisa\u0142.<\/p>\n\n\n\n<p class=\"has-text-align-right\"><a href=\"http:\/\/suryn.pl\/index.php\/strona-44-i-45\/\" data-type=\"URL\" data-id=\"http:\/\/suryn.pl\/index.php\/strona-44-i-45\/\">Poprzednia<\/a>&nbsp; <a href=\"http:\/\/suryn.pl\/index.php\/strona-48-i-49\/\" data-type=\"URL\" data-id=\"http:\/\/suryn.pl\/index.php\/strona-48-i-49\/\">Nast\u0119pna<\/a><\/p>\n","protected":false},"excerpt":{"rendered":"<p>Suryn nie potrafi\u0142\u00a0stawia\u0107\u00a0czo\u0142a otwartym konfliktom, w zapalnych sytuacjach nie stawa\u0142\u00a0do konfrontacji. Przyjaciele m\u00f3wi\u0105,\u00a0\u017ce w takich momentach mia\u0142\u00a0przedziwn\u0105\u00a0zdolno\u015b\u0107: po prostu wyparowywa\u0142. Zwinnie przesuwa\u0142\u00a0si\u0119\u00a0do innego wymiaru. Podobno w taki sam spos\u00f3b znika\u0142, by nie wi\u0105za\u0107\u00a0si\u0119\u00a0z kobietami. Ale o kobietach p\u00f3\u017aniej, teraz wi\u0119cej o s\u0142abo\u015bciach jego charakteru, czyli o ciemnej stronie Suryna. \u2013 Pami\u0119tam jedn\u0105&nbsp;sytuacj\u0119, w kt\u00f3rej zachowanie Andrzeja nieprzyjemnie mnie zaskoczy\u0142o. Wtedy, &#8230;<\/p>\n","protected":false},"author":1,"featured_media":0,"parent":0,"menu_order":0,"comment_status":"closed","ping_status":"closed","template":"","meta":{"footnotes":""},"class_list":["post-350","page","type-page","status-publish","hentry"],"_links":{"self":[{"href":"http:\/\/suryn.pl\/index.php\/wp-json\/wp\/v2\/pages\/350","targetHints":{"allow":["GET"]}}],"collection":[{"href":"http:\/\/suryn.pl\/index.php\/wp-json\/wp\/v2\/pages"}],"about":[{"href":"http:\/\/suryn.pl\/index.php\/wp-json\/wp\/v2\/types\/page"}],"author":[{"embeddable":true,"href":"http:\/\/suryn.pl\/index.php\/wp-json\/wp\/v2\/users\/1"}],"replies":[{"embeddable":true,"href":"http:\/\/suryn.pl\/index.php\/wp-json\/wp\/v2\/comments?post=350"}],"version-history":[{"count":3,"href":"http:\/\/suryn.pl\/index.php\/wp-json\/wp\/v2\/pages\/350\/revisions"}],"predecessor-version":[{"id":1135,"href":"http:\/\/suryn.pl\/index.php\/wp-json\/wp\/v2\/pages\/350\/revisions\/1135"}],"wp:attachment":[{"href":"http:\/\/suryn.pl\/index.php\/wp-json\/wp\/v2\/media?parent=350"}],"curies":[{"name":"wp","href":"https:\/\/api.w.org\/{rel}","templated":true}]}}