{"id":317,"date":"2021-05-18T19:18:50","date_gmt":"2021-05-18T17:18:50","guid":{"rendered":"http:\/\/suryn.pl\/?page_id=317"},"modified":"2023-02-15T22:32:00","modified_gmt":"2023-02-15T21:32:00","slug":"strona-18-i-19","status":"publish","type":"page","link":"http:\/\/suryn.pl\/index.php\/strona-18-i-19\/","title":{"rendered":"Strona 18 i 19"},"content":{"rendered":"\n<p>Do&nbsp;\u0141odzi Suryn trafi\u0142&nbsp;dzi\u0119ki Ewie Hornik. W 1981 r. zaprosi\u0142a do Gorzowa na \u201eKonfrontacje fotograficzne\u201d klasyk\u00f3w polskiej fotografii oraz tw\u00f3rc\u00f3w grupy&nbsp;\u0141\u00f3d\u017a&nbsp;Kaliska, s\u0142ynnych prze\u015bmiewc\u00f3w \u00f3wczesnej rzeczywisto\u015bci. Rozwin\u0119\u0142a kontakty z&nbsp;\u0141odzi\u0105&nbsp;Kalisk\u0105&nbsp;i cz\u0119sto podr\u00f3\u017cowa\u0142a na trasie Gorz\u00f3w \u2013&nbsp;\u0141\u00f3d\u017a. Kt\u00f3rego\u015b&nbsp;razu zabra\u0142a ze sob\u0105&nbsp;Suryna, do\u0142\u0105czy\u0142&nbsp;na stacji Krzy\u017c, a gdy wysiad\u0142&nbsp;w&nbsp;\u0141odzi natychmiast wsi\u0105k\u0142&nbsp;w nowe towarzystwo.<\/p>\n\n\n\n<p>Kr\u0105g tw\u00f3rc\u00f3w z grupy&nbsp;\u0141\u00f3d\u017a&nbsp;Kaliska by\u0142&nbsp;w\u00f3wczas zwi\u0105zany ze zjawiskiem w sztuce zwanym&nbsp;<em>Kultur\u0105&nbsp;zrzuty<\/em>. Formu\u0142\u0105&nbsp;<em>Kultury zrzuty&nbsp;<\/em>by\u0142a kompletna artystyczna wolno\u015b\u0107.<\/p>\n\n\n\n<p>\u2013 Ka\u017cdy zara\u017ca\u0142&nbsp;innych tak\u0105&nbsp;aktywno\u015bci\u0105, jaka mu najbardziej odpowiada\u0142a. Ludzie inspirowali si\u0119&nbsp;nawzajem, przenika\u0142y si\u0119&nbsp;koncepcje, mo\u017cliwo\u015bci, emocje,&nbsp;\u015bwiadomo\u015b\u0107&nbsp;kulturowa i tworzy\u0142&nbsp;si\u0119&nbsp;przedziwny tygiel \u2013&nbsp;\u015brodowisko otwarte, kreatywne i&nbsp;\u015bwie\u017ce. Od razu stan\u0119li\u015bmy w opozycji do ciasnego getta sztuki konceptualnej, w kt\u00f3rym funkcjonowali arty\u015bci starszego pokolenia.To by\u0142o kapitalne. Dzi\u0119ki temu zaistnia\u0142a ca\u0142a masa dziwnych, kompletnie odjechanych ludzi, z kt\u00f3rych wielu trudno zmie\u015bci\u0107&nbsp;nawet w bardzo tolerancyjnej definicji sztuki i literatury. Niekt\u00f3rzy z nich uaktywniali swoj\u0105&nbsp;wra\u017cliwo\u015b\u0107&nbsp;tylko w kontek\u015bcie&nbsp;<em>Kultury zrzuty \u2013&nbsp;<\/em>m\u00f3wi Marek Janiak. W takiej formule trzeba by\u0142o by\u0107&nbsp;mocnym psychicznie. Nie by\u0142o bowiem lito\u015bci. Albo kto\u015b&nbsp;potrafi\u0142&nbsp;wskoczy\u0107&nbsp;do tej rozp\u0119dzonej machiny, albo rozbija\u0142&nbsp;si\u0119&nbsp;o ni\u0105. Wszechstronna wolno\u015b\u0107&nbsp;jako najwa\u017cniejsza kategoria si\u0142\u0105&nbsp;rzeczy odrzuca\u0142a kurtuazj\u0119, bo kurtuazja zniewala \u2013 jak cz\u0142owiek jest uprzejmy, to cz\u0119sto k\u0142amie. My nie byli\u015bmy uprzejmi, byli\u015bmy wy\u0142\u0105cznie dla siebie i dla wolno\u015bci osobistej. Andrzej potrafi\u0142&nbsp;zaistnie\u0107&nbsp;w tym nies\u0142ychanie dynamicznym, a nawet czasem agresywnym&nbsp;\u015brodowisku. Do dzi\u015b&nbsp;kojarzy mi si\u0119&nbsp;z momentami naszej najwi\u0119kszej aktywno\u015bci podczas plener\u00f3w w Teofilowie.Widz\u0119&nbsp;go jako uczestnika, kt\u00f3ry ca\u0142y czas reaguje na to co si\u0119&nbsp;dzieje, wchodzi w interakcje z sytuacj\u0105, jednocze\u015bnie zachowuj\u0105c ten charakterystyczny nostalgiczny dystans. W tym tyglu mogli przetrwa\u0107&nbsp;tylko ludzie wyrazi\u015bci, na r\u00f3\u017cny spos\u00f3b wyj\u0105tkowi \u2013 wspomina Janiak.<\/p>\n\n\n\n<p>R\u00f3wnie\u017c&nbsp;tutaj, w&nbsp;\u015brodowisku tych indywidualno\u015bci, Andrzej zosta\u0142&nbsp;zapami\u0119tany jako kto\u015b&nbsp;niezwykle elegancki. Czasy by\u0142y ma\u0142o eleganckie, a uczestnicy tamtych wydarze\u0144&nbsp;spotykali si\u0119&nbsp;g\u0142\u00f3wnie w niezobowi\u0105zuj\u0105cych miejscach \u2013 na strychu W\u0142odzimierza Adamiaka, czyli w galerii&nbsp;<em>Strych&nbsp;<\/em>przy Piotrkowskiej 149 w&nbsp;\u0141odzi, czy w starym drewnianym domu Zbigniewa Bi\u0144czyka w Teofilowie, w kt\u00f3rym odbywa\u0142y si\u0119&nbsp;s\u0142ynne plenery&nbsp;\u0141odzi Kaliskiej. Nikt nie przywi\u0105zywa\u0142&nbsp;wagi do garderoby, a Suryn owszem. Apaszka, fajka, marynarka z dobrego materia\u0142u \u2013 tak zapami\u0119tali go uczestnicy tamtych wydarze\u0144, chocia\u017c&nbsp;na wielu sytuacyjnych zdj\u0119ciach z Teofilowa widz\u0119&nbsp;go w zwyczajnych ubraniach: podniszczone spodnie, zwyk\u0142a koszula lub bluza. Marynark\u0119&nbsp;i apaszk\u0119&nbsp;ma tylko na sesji z Andrzejem&nbsp;\u015awietlikiem, czyli ubra\u0142&nbsp;je wtedy, gdy wiedzia\u0142,&nbsp;\u017ce b\u0119dzie fotografowany. Wszyscy jednak pami\u0119taj\u0105&nbsp;jego szyk, ta arystokratyczna aura zapisa\u0142a si\u0119&nbsp;w pami\u0119ci wyra\u017aniej, ni\u017c&nbsp;rzeczywisty str\u00f3j. Marek Janiak uwa\u017ca,&nbsp;\u017ce wytworno\u015b\u0107&nbsp;by\u0142a przejawem jego filozofii&nbsp;\u017cycia.<\/p>\n\n\n\n<p>\u2013 Mia\u0142&nbsp;styl, poz\u0119&nbsp;szlachcica, d\u017centelmena starej daty, ziemianina, kt\u00f3ry ma sw\u00f3j&nbsp;\u015bwiat i patrzy z pob\u0142a\u017caniem na ca\u0142\u0105&nbsp;ludzko\u015b\u0107. By\u0142&nbsp;w nim rodzaj filozoficzno-romantycznej zadumy, z fajeczk\u0105&nbsp;chodzi\u0142. Nikt z nas nie mia\u0142&nbsp;czasu na takie zb\u0119dne rekwizyty, a Andrzej mia\u0142&nbsp;czas. By\u0142&nbsp;panem swego czasu. Cho\u0107&nbsp;du\u017co wnosi\u0142&nbsp;do r\u00f3\u017cnych wsp\u00f3lnych tekst\u00f3w i dzia\u0142a\u0144, to nie wpada\u0142&nbsp;w wir zdarze\u0144. Mia\u0142&nbsp;sw\u00f3j rytm \u2013 kiedy chcia\u0142&nbsp;to by\u0142, jak mu si\u0119&nbsp;nie chcia\u0142o, to nie przyje\u017cd\u017ca\u0142&nbsp;\u2013 wspomina Marek Janiak.<\/p>\n\n\n\n<p>R\u00f3wnie\u017c&nbsp;Andrzej&nbsp;\u015awietlik zapami\u0119ta\u0142,&nbsp;\u017ce Suryn do wydarzaj\u0105cych si\u0119&nbsp;w Teofilowie spontanicznych akcji odnosi\u0142&nbsp;si\u0119&nbsp;z pewnym dystansem.<\/p>\n\n\n\n<p>\u2013 Gdy niespodziewanie dzia\u0142y si\u0119&nbsp;rzeczy zupe\u0142nie nietypowe, sporo os\u00f3b reagowa\u0142o gwa\u0142townie, agresywnie, z impetem. Niekt\u00f3rzy g\u0142upieli, odpadali z gry i stanowili tylko widowni\u0119. Andrzej zwykle mia\u0142&nbsp;w sobie spok\u00f3j, przygl\u0105da\u0142&nbsp;si\u0119&nbsp;najpierw i dopiero potem decydowa\u0142&nbsp;czy w jak\u0105\u015b&nbsp;sytuacj\u0119&nbsp;wchodzi czy te\u017c&nbsp;nie. Je\u015bli zdarzy\u0142o si\u0119,&nbsp;\u017ce ekspresyjnie wchodzi\u0142&nbsp;w akcj\u0119, to by\u0142a to przemy\u015blana prowokacja.<\/p>\n\n\n\n<p>W Teofilowie chodzili\u015bmy razem na d\u0142ugie spacery nad rzek\u0119\u00a0\u2013 wspomina\u00a0\u015awietlik. Andrzej by\u0142\u00a0bardzo refleksyjny i m\u00f3wi\u0142\u00a0tylko wtedy, gdy mia\u0142\u00a0co\u015b\u00a0do powiedzenia. Pami\u0119tam go raczej jako faceta, kt\u00f3ry nie m\u00f3wi a kontempluje. Ja te\u017c\u00a0do gadu\u0142\u00a0nie nale\u017c\u0119, wi\u0119c wi\u0119kszo\u015b\u0107\u00a0czasu spacerowali\u015bmy w milczeniu. Suryn z rzadka przerywa\u0142\u00a0cisz\u0119\u00a0sentencjami jakby z innego\u00a0\u015bwiata.<\/p>\n\n\n\n<p>Dzi\u015b&nbsp;nie potrafi\u0142bym niczego zacytowa\u0107, s\u0142owa ulecia\u0142y, ale pami\u0119tam klimat tamtych spacer\u00f3w. To by\u0142o fantastyczne. Wydaje mi si\u0119,&nbsp;\u017ce od sytuacji gremialnych wola\u0142&nbsp;rozmowy w cztery oczy. Wybiera\u0142&nbsp;sobie rozm\u00f3wc\u00f3w takich, z kt\u00f3rymi czu\u0142,&nbsp;\u017ce mo\u017cna rozmawia\u0107&nbsp;o rzeczach istotnych. Gdy m\u00f3wi\u0142, m\u00f3wi\u0142&nbsp;w spos\u00f3b bardzo elegancki. By\u0142&nbsp;arystokrat\u0105&nbsp;w stu procentach. W ka\u017cdym s\u0142owie i ge\u015bcie i w ka\u017cdym codziennym dzia\u0142aniu by\u0142&nbsp;obiektem sztuki.<\/p>\n\n\n\n<p class=\"has-text-align-right\"><a href=\"http:\/\/suryn.pl\/index.php\/strona-18-i-19\/\" data-type=\"URL\" data-id=\"http:\/\/suryn.pl\/index.php\/strona-18-i-19\/\">Poprzednia<\/a>&nbsp; <a href=\"http:\/\/suryn.pl\/index.php\/strona-20-i-21\/\" data-type=\"URL\" data-id=\"http:\/\/suryn.pl\/index.php\/strona-20-i-21\/\">Nast\u0119pna<\/a><\/p>\n","protected":false},"excerpt":{"rendered":"<p>Do&nbsp;\u0141odzi Suryn trafi\u0142&nbsp;dzi\u0119ki Ewie Hornik. W 1981 r. zaprosi\u0142a do Gorzowa na \u201eKonfrontacje fotograficzne\u201d klasyk\u00f3w polskiej fotografii oraz tw\u00f3rc\u00f3w grupy&nbsp;\u0141\u00f3d\u017a&nbsp;Kaliska, s\u0142ynnych prze\u015bmiewc\u00f3w \u00f3wczesnej rzeczywisto\u015bci. Rozwin\u0119\u0142a kontakty z&nbsp;\u0141odzi\u0105&nbsp;Kalisk\u0105&nbsp;i cz\u0119sto podr\u00f3\u017cowa\u0142a na trasie Gorz\u00f3w \u2013&nbsp;\u0141\u00f3d\u017a. Kt\u00f3rego\u015b&nbsp;razu zabra\u0142a ze sob\u0105&nbsp;Suryna, do\u0142\u0105czy\u0142&nbsp;na stacji Krzy\u017c, a gdy wysiad\u0142&nbsp;w&nbsp;\u0141odzi natychmiast wsi\u0105k\u0142&nbsp;w nowe towarzystwo. Kr\u0105g tw\u00f3rc\u00f3w z grupy&nbsp;\u0141\u00f3d\u017a&nbsp;Kaliska by\u0142&nbsp;w\u00f3wczas zwi\u0105zany ze zjawiskiem w sztuce zwanym&nbsp;Kultur\u0105&nbsp;zrzuty. Formu\u0142\u0105&nbsp;Kultury zrzuty&nbsp;by\u0142a &#8230;<\/p>\n","protected":false},"author":1,"featured_media":0,"parent":0,"menu_order":0,"comment_status":"closed","ping_status":"closed","template":"","meta":{"footnotes":""},"class_list":["post-317","page","type-page","status-publish","hentry"],"_links":{"self":[{"href":"http:\/\/suryn.pl\/index.php\/wp-json\/wp\/v2\/pages\/317","targetHints":{"allow":["GET"]}}],"collection":[{"href":"http:\/\/suryn.pl\/index.php\/wp-json\/wp\/v2\/pages"}],"about":[{"href":"http:\/\/suryn.pl\/index.php\/wp-json\/wp\/v2\/types\/page"}],"author":[{"embeddable":true,"href":"http:\/\/suryn.pl\/index.php\/wp-json\/wp\/v2\/users\/1"}],"replies":[{"embeddable":true,"href":"http:\/\/suryn.pl\/index.php\/wp-json\/wp\/v2\/comments?post=317"}],"version-history":[{"count":4,"href":"http:\/\/suryn.pl\/index.php\/wp-json\/wp\/v2\/pages\/317\/revisions"}],"predecessor-version":[{"id":3102,"href":"http:\/\/suryn.pl\/index.php\/wp-json\/wp\/v2\/pages\/317\/revisions\/3102"}],"wp:attachment":[{"href":"http:\/\/suryn.pl\/index.php\/wp-json\/wp\/v2\/media?parent=317"}],"curies":[{"name":"wp","href":"https:\/\/api.w.org\/{rel}","templated":true}]}}