{"id":2946,"date":"2022-06-01T20:52:49","date_gmt":"2022-06-01T18:52:49","guid":{"rendered":"http:\/\/suryn.pl\/?page_id=2946"},"modified":"2022-06-01T20:52:50","modified_gmt":"2022-06-01T18:52:50","slug":"cos-2","status":"publish","type":"page","link":"http:\/\/suryn.pl\/index.php\/cos-2\/","title":{"rendered":"Co\u015b"},"content":{"rendered":"\n<p><\/p>\n\n\n\n<p>co\u015b co przekracza<\/p>\n\n\n\n<p>spala stare trawy<\/p>\n\n\n\n<p>budzi w \u015brodku nocy i pyta<\/p>\n\n\n\n<p>czy to ty?<\/p>\n\n\n\n<p>sekunda &#8211; okazja<\/p>\n\n\n\n<p>a tw\u00f3j \u015bmiech jak huragan burzy i oczyszcza<\/p>\n\n\n\n<p>dzi\u0119ki tobie i mnie \u015bwiat si\u0119 kr\u0119ci<\/p>\n\n\n\n<p>a \u015bwiat\u0142o nie znika<\/p>\n\n\n\n<p>nie odwracaj oczu<\/p>\n\n\n\n<p>to ty!<\/p>\n\n\n\n<p><\/p>\n\n\n\n<div style=\"height:517px\" aria-hidden=\"true\" class=\"wp-block-spacer\"><\/div>\n\n\n\n<p class=\"has-text-align-right\"><a href=\"http:\/\/suryn.pl\/index.php\/wiersze-wszystkie\/\">Wszystkie wiersze<\/a><\/p>\n","protected":false},"excerpt":{"rendered":"<p>co\u015b co przekracza spala stare trawy budzi w \u015brodku nocy i pyta czy to ty? sekunda &#8211; okazja a tw\u00f3j \u015bmiech jak huragan burzy i oczyszcza dzi\u0119ki tobie i mnie \u015bwiat si\u0119 kr\u0119ci a \u015bwiat\u0142o nie znika nie odwracaj oczu to ty! Wszystkie wiersze<\/p>\n","protected":false},"author":1,"featured_media":0,"parent":0,"menu_order":0,"comment_status":"closed","ping_status":"closed","template":"","meta":{"footnotes":""},"class_list":["post-2946","page","type-page","status-publish","hentry"],"_links":{"self":[{"href":"http:\/\/suryn.pl\/index.php\/wp-json\/wp\/v2\/pages\/2946","targetHints":{"allow":["GET"]}}],"collection":[{"href":"http:\/\/suryn.pl\/index.php\/wp-json\/wp\/v2\/pages"}],"about":[{"href":"http:\/\/suryn.pl\/index.php\/wp-json\/wp\/v2\/types\/page"}],"author":[{"embeddable":true,"href":"http:\/\/suryn.pl\/index.php\/wp-json\/wp\/v2\/users\/1"}],"replies":[{"embeddable":true,"href":"http:\/\/suryn.pl\/index.php\/wp-json\/wp\/v2\/comments?post=2946"}],"version-history":[{"count":1,"href":"http:\/\/suryn.pl\/index.php\/wp-json\/wp\/v2\/pages\/2946\/revisions"}],"predecessor-version":[{"id":2947,"href":"http:\/\/suryn.pl\/index.php\/wp-json\/wp\/v2\/pages\/2946\/revisions\/2947"}],"wp:attachment":[{"href":"http:\/\/suryn.pl\/index.php\/wp-json\/wp\/v2\/media?parent=2946"}],"curies":[{"name":"wp","href":"https:\/\/api.w.org\/{rel}","templated":true}]}}