{"id":2917,"date":"2022-06-01T20:29:31","date_gmt":"2022-06-01T18:29:31","guid":{"rendered":"http:\/\/suryn.pl\/?page_id=2917"},"modified":"2022-06-02T11:16:09","modified_gmt":"2022-06-02T09:16:09","slug":"skraj","status":"publish","type":"page","link":"http:\/\/suryn.pl\/index.php\/skraj\/","title":{"rendered":""},"content":{"rendered":"\n<p><\/p>\n\n\n\n<p style=\"font-size:24px\"><strong>Skraj<\/strong><\/p>\n\n\n\n<p><\/p>\n\n\n\n<p style=\"font-size:18px\">sp\u00f3jrz jak mr\u0105 przymiotniki<br>zmierzch jaki gro\u017any nadchodzi<br>a tam za ciemn\u0105 rzek\u0105<br>wszystko nienazwane<br>uciekaj\u0105 rzeczy z logicznej niewoli<br>na nic twoja wiedza<br>pr\u00f3\u017cne zakl\u0119cia<br>j\u0119zyk odj\u0119to<br>uszy zatkane<br>palce po\u0142amane<br><\/p>\n\n\n\n<p style=\"font-size:18px\">c\u00f3\u017c tedy&nbsp;<\/p>\n\n\n\n<p style=\"font-size:18px\">ziarenko strachu<br>poczniesz?<\/p>\n\n\n\n<p><\/p>\n\n\n\n<div style=\"height:246px\" aria-hidden=\"true\" class=\"wp-block-spacer\"><\/div>\n\n\n\n<div style=\"height:177px\" aria-hidden=\"true\" class=\"wp-block-spacer\"><\/div>\n\n\n\n<p class=\"has-text-align-right\"><a href=\"http:\/\/suryn.pl\/index.php\/wiersze-wszystkie\/\">Wszystkie wiersze<\/a><\/p>\n","protected":false},"excerpt":{"rendered":"<p>Skraj sp\u00f3jrz jak mr\u0105 przymiotnikizmierzch jaki gro\u017any nadchodzia tam za ciemn\u0105 rzek\u0105wszystko nienazwaneuciekaj\u0105 rzeczy z logicznej niewolina nic twoja wiedzapr\u00f3\u017cne zakl\u0119ciaj\u0119zyk odj\u0119touszy zatkanepalce po\u0142amane c\u00f3\u017c tedy&nbsp; ziarenko strachupoczniesz? Wszystkie wiersze<\/p>\n","protected":false},"author":1,"featured_media":0,"parent":0,"menu_order":0,"comment_status":"closed","ping_status":"closed","template":"","meta":{"footnotes":""},"class_list":["post-2917","page","type-page","status-publish","hentry"],"_links":{"self":[{"href":"http:\/\/suryn.pl\/index.php\/wp-json\/wp\/v2\/pages\/2917","targetHints":{"allow":["GET"]}}],"collection":[{"href":"http:\/\/suryn.pl\/index.php\/wp-json\/wp\/v2\/pages"}],"about":[{"href":"http:\/\/suryn.pl\/index.php\/wp-json\/wp\/v2\/types\/page"}],"author":[{"embeddable":true,"href":"http:\/\/suryn.pl\/index.php\/wp-json\/wp\/v2\/users\/1"}],"replies":[{"embeddable":true,"href":"http:\/\/suryn.pl\/index.php\/wp-json\/wp\/v2\/comments?post=2917"}],"version-history":[{"count":4,"href":"http:\/\/suryn.pl\/index.php\/wp-json\/wp\/v2\/pages\/2917\/revisions"}],"predecessor-version":[{"id":3021,"href":"http:\/\/suryn.pl\/index.php\/wp-json\/wp\/v2\/pages\/2917\/revisions\/3021"}],"wp:attachment":[{"href":"http:\/\/suryn.pl\/index.php\/wp-json\/wp\/v2\/media?parent=2917"}],"curies":[{"name":"wp","href":"https:\/\/api.w.org\/{rel}","templated":true}]}}