{"id":2900,"date":"2022-06-01T21:49:09","date_gmt":"2022-06-01T19:49:09","guid":{"rendered":"http:\/\/suryn.pl\/?page_id=2900"},"modified":"2022-06-02T18:36:39","modified_gmt":"2022-06-02T16:36:39","slug":"2900-2","status":"publish","type":"page","link":"http:\/\/suryn.pl\/index.php\/2900-2\/","title":{"rendered":""},"content":{"rendered":"\n<p><\/p>\n\n\n\n<p style=\"font-size:24px\"><strong>Albowiem<\/strong><\/p>\n\n\n\n<p><\/p>\n\n\n\n<p style=\"font-size:18px\"><\/p>\n\n\n\n<p style=\"font-size:18px\">nie umkniesz<\/p>\n\n\n\n<p style=\"font-size:18px\">dzie\u0144 ci\u0119 zobaczy\u0142<\/p>\n\n\n\n<p style=\"font-size:18px\">osaczy\u0142<\/p>\n\n\n\n<p style=\"font-size:18px\">i mateczniki nocy<\/p>\n\n\n\n<p style=\"font-size:18px\">zawarte<\/p>\n\n\n\n<p>i galerie spokojnego zakonu<\/p>\n\n\n\n<p style=\"font-size:18px\">dotyk\u00f3w sprzymierzonych<\/p>\n\n\n\n<p style=\"font-size:18px\">albowiem idziesz z ruchem \u015awiat\u0142a&nbsp;<\/p>\n\n\n\n<p><\/p>\n\n\n\n<div style=\"height:318px\" aria-hidden=\"true\" class=\"wp-block-spacer\"><\/div>\n\n\n\n<p class=\"has-text-align-right\"><a href=\"http:\/\/suryn.pl\/index.php\/wiersze-wszystkie\/\">Wszystkie wiersze<\/a><\/p>\n","protected":false},"excerpt":{"rendered":"<p>Albowiem nie umkniesz dzie\u0144 ci\u0119 zobaczy\u0142 osaczy\u0142 i mateczniki nocy zawarte i galerie spokojnego zakonu dotyk\u00f3w sprzymierzonych albowiem idziesz z ruchem \u015awiat\u0142a&nbsp; Wszystkie wiersze<\/p>\n","protected":false},"author":1,"featured_media":0,"parent":0,"menu_order":0,"comment_status":"closed","ping_status":"closed","template":"","meta":{"footnotes":""},"class_list":["post-2900","page","type-page","status-publish","hentry"],"_links":{"self":[{"href":"http:\/\/suryn.pl\/index.php\/wp-json\/wp\/v2\/pages\/2900","targetHints":{"allow":["GET"]}}],"collection":[{"href":"http:\/\/suryn.pl\/index.php\/wp-json\/wp\/v2\/pages"}],"about":[{"href":"http:\/\/suryn.pl\/index.php\/wp-json\/wp\/v2\/types\/page"}],"author":[{"embeddable":true,"href":"http:\/\/suryn.pl\/index.php\/wp-json\/wp\/v2\/users\/1"}],"replies":[{"embeddable":true,"href":"http:\/\/suryn.pl\/index.php\/wp-json\/wp\/v2\/comments?post=2900"}],"version-history":[{"count":7,"href":"http:\/\/suryn.pl\/index.php\/wp-json\/wp\/v2\/pages\/2900\/revisions"}],"predecessor-version":[{"id":3050,"href":"http:\/\/suryn.pl\/index.php\/wp-json\/wp\/v2\/pages\/2900\/revisions\/3050"}],"wp:attachment":[{"href":"http:\/\/suryn.pl\/index.php\/wp-json\/wp\/v2\/media?parent=2900"}],"curies":[{"name":"wp","href":"https:\/\/api.w.org\/{rel}","templated":true}]}}