{"id":2801,"date":"2021-10-22T15:43:13","date_gmt":"2021-10-22T13:43:13","guid":{"rendered":"http:\/\/suryn.pl\/?page_id=2801"},"modified":"2021-10-22T16:01:13","modified_gmt":"2021-10-22T14:01:13","slug":"o-wierszach","status":"publish","type":"page","link":"http:\/\/suryn.pl\/index.php\/o-wierszach\/","title":{"rendered":"O wierszach"},"content":{"rendered":"\n<p>Zamieszczone tu wiersze, to wszystko do czego dotar\u0142am, co zosta\u0142o wydane w chaotycznych tomikach, kt\u00f3re ukazywa\u0142y si\u0119 po \u015bmierci Andrzeja, co przekaza\u0142a mi Matka poety, co znalaz\u0142am w surynowych notesach, w listach i co spisa\u0142am z kaset. S\u0105 tu tak\u017ce wiersze z czas\u00f3w, gdy Suryn dzia\u0142a\u0142 w grupach literackich Dom Marka i SDS oraz w \u0141odzi Kaliskiej. Wczesne teksty s\u0105 pisane obrazami, trzeba da\u0107 sobie czas, by s\u0142owo wywo\u0142a\u0142o w wyobra\u017ani obraz &#8211; wtedy b\u0119dziemy mogli doceni\u0107 ca\u0142y koloryt i urok tych stworzonych, b\u0105d\u017a przyuwa\u017conych przez poet\u0119 \u015bwiat\u00f3w. P\u00f3\u017aniejsze s\u0105 coraz kr\u00f3tsze, zbli\u017caj\u0105 si\u0119 do formy haiku, pisane zgodnie z duchem andrzejowej pro\u015bby \u201e<em>s\u0142owo b\u0105d\u017a\u00a0dos\u0142owne\u201d.\u00a0<\/em>Ich tre\u015b\u0107\u00a0jest jasna i celna &#8211; trafia w sedno, raz tam gdzie najbardziej boli, innym razem tam, gdzie najwi\u0119cej \u0142aski, przynosz\u0105c rado\u015b\u0107 zjednoczenia, zrozumienia, przemienienia. Cho\u0107\u00a0wiersze z lat 80 i 90 s\u0105\u00a0r\u00f3\u017cne, motyw poszukiwania prawdziwego siebie, nie b\u0119d\u0105cego na sznurku ego i po\u0142\u0105czonego z Jedni\u0105, widoczny jest w ca\u0142ej tw\u00f3rczo\u015bci Suryna. W tym co pisa\u0142\u00a0wcze\u015bniej wida\u0107\u00a0jak ta my\u015bl p\u0142ynie strumyczkiem w\u015br\u00f3d ziemskich widok\u00f3w i pokus, p\u00f3\u017aniej rozlewa si\u0119\u00a0szerokim korytem poch\u0142aniaj\u0105c wszystkie litery.<\/p>\n\n\n\n<p><em>&#8230;a ja wracam jak nitka do motka, zagubiony i ocalony \u2013 Syn Kr\u00f3la w pa\u0144stwie \u015brodka<\/em><\/p>\n\n\n\n<p>Je\u015bli kto\u015b chcia\u0142by si\u0119 podzieli\u0107 wierszami ze swoich zbior\u00f3w, to serdecznie zach\u0119cam \u2013 wysy\u0142ajcie. B\u0119dziemy razem uzupe\u0142nia\u0107 t\u0119 bibliotek\u0119, gromadz\u0105c to, co Andrzej tak swobodnie i rozrzutnie posy\u0142a\u0142 w \u015bwiat nie dbaj\u0105c o swoj\u0105 pozycj\u0119 poety.<\/p>\n\n\n\n<p><\/p>\n","protected":false},"excerpt":{"rendered":"<p>Zamieszczone tu wiersze, to wszystko do czego dotar\u0142am, co zosta\u0142o wydane w chaotycznych tomikach, kt\u00f3re ukazywa\u0142y si\u0119 po \u015bmierci Andrzeja, co przekaza\u0142a mi Matka poety, co znalaz\u0142am w surynowych notesach, w listach i co spisa\u0142am z kaset. S\u0105 tu tak\u017ce wiersze z czas\u00f3w, gdy Suryn dzia\u0142a\u0142 w grupach literackich Dom Marka i SDS oraz w \u0141odzi Kaliskiej. Wczesne teksty s\u0105 &#8230;<\/p>\n","protected":false},"author":1,"featured_media":2804,"parent":0,"menu_order":0,"comment_status":"closed","ping_status":"closed","template":"","meta":{"footnotes":""},"class_list":["post-2801","page","type-page","status-publish","has-post-thumbnail","hentry"],"_links":{"self":[{"href":"http:\/\/suryn.pl\/index.php\/wp-json\/wp\/v2\/pages\/2801","targetHints":{"allow":["GET"]}}],"collection":[{"href":"http:\/\/suryn.pl\/index.php\/wp-json\/wp\/v2\/pages"}],"about":[{"href":"http:\/\/suryn.pl\/index.php\/wp-json\/wp\/v2\/types\/page"}],"author":[{"embeddable":true,"href":"http:\/\/suryn.pl\/index.php\/wp-json\/wp\/v2\/users\/1"}],"replies":[{"embeddable":true,"href":"http:\/\/suryn.pl\/index.php\/wp-json\/wp\/v2\/comments?post=2801"}],"version-history":[{"count":6,"href":"http:\/\/suryn.pl\/index.php\/wp-json\/wp\/v2\/pages\/2801\/revisions"}],"predecessor-version":[{"id":2981,"href":"http:\/\/suryn.pl\/index.php\/wp-json\/wp\/v2\/pages\/2801\/revisions\/2981"}],"wp:featuredmedia":[{"embeddable":true,"href":"http:\/\/suryn.pl\/index.php\/wp-json\/wp\/v2\/media\/2804"}],"wp:attachment":[{"href":"http:\/\/suryn.pl\/index.php\/wp-json\/wp\/v2\/media?parent=2801"}],"curies":[{"name":"wp","href":"https:\/\/api.w.org\/{rel}","templated":true}]}}