{"id":2425,"date":"2021-10-20T23:07:23","date_gmt":"2021-10-20T21:07:23","guid":{"rendered":"http:\/\/suryn.pl\/?page_id=2425"},"modified":"2021-10-21T22:02:24","modified_gmt":"2021-10-21T20:02:24","slug":"2425-2","status":"publish","type":"page","link":"http:\/\/suryn.pl\/index.php\/2425-2\/","title":{"rendered":""},"content":{"rendered":"\n<p><\/p>\n\n\n\n<h2 class=\"wp-block-heading\"><strong>Z<\/strong>nasz ten czas<\/h2>\n\n\n\n<h2 class=\"wp-block-heading\">ciemnej planety<\/h2>\n\n\n\n<h2 class=\"wp-block-heading\">sn\u00f3w straszliwie zm\u0119czonych<\/h2>\n\n\n\n<h2 class=\"wp-block-heading\">ptak\u00f3w okaleczonych<\/h2>\n\n\n\n<h2 class=\"wp-block-heading\">przegrane ostatnie fortece<\/h2>\n\n\n\n<h2 class=\"wp-block-heading\">osobno jeste\u015bcie<\/h2>\n\n\n\n<h2 class=\"wp-block-heading\">a\u017c serce ciasne<\/h2>\n\n\n\n<p><\/p>\n\n\n\n<h2 class=\"wp-block-heading\">ty\u0142em<\/h2>\n\n\n\n<h2 class=\"wp-block-heading\">w doliny strachu<\/h2>\n\n\n\n<h2 class=\"wp-block-heading\">zbieganie<\/h2>\n\n\n\n<p><\/p>\n\n\n\n<h2 class=\"wp-block-heading\">ty za\u015b po dekalogach<\/h2>\n\n\n\n<h2 class=\"wp-block-heading\">z portretem kt\u00f3rej\u015b <\/h2>\n\n\n\n<h2 class=\"wp-block-heading\">matki boskiej<\/h2>\n\n\n\n<h2 class=\"wp-block-heading\">na jasn\u0105 polan\u0119<\/h2>\n\n\n\n<div style=\"height:100px\" aria-hidden=\"true\" class=\"wp-block-spacer\"><\/div>\n\n\n\n<p class=\"has-text-align-right\"><a href=\"http:\/\/suryn.pl\/index.php\/wiersze-wszystkie\/\">Wszystkie wiersze<\/a><\/p>\n","protected":false},"excerpt":{"rendered":"<p>Znasz ten czas ciemnej planety sn\u00f3w straszliwie zm\u0119czonych ptak\u00f3w okaleczonych przegrane ostatnie fortece osobno jeste\u015bcie a\u017c serce ciasne ty\u0142em w doliny strachu zbieganie ty za\u015b po dekalogach z portretem kt\u00f3rej\u015b matki boskiej na jasn\u0105 polan\u0119 Wszystkie wiersze<\/p>\n","protected":false},"author":1,"featured_media":0,"parent":0,"menu_order":0,"comment_status":"closed","ping_status":"closed","template":"","meta":{"footnotes":""},"class_list":["post-2425","page","type-page","status-publish","hentry"],"_links":{"self":[{"href":"http:\/\/suryn.pl\/index.php\/wp-json\/wp\/v2\/pages\/2425","targetHints":{"allow":["GET"]}}],"collection":[{"href":"http:\/\/suryn.pl\/index.php\/wp-json\/wp\/v2\/pages"}],"about":[{"href":"http:\/\/suryn.pl\/index.php\/wp-json\/wp\/v2\/types\/page"}],"author":[{"embeddable":true,"href":"http:\/\/suryn.pl\/index.php\/wp-json\/wp\/v2\/users\/1"}],"replies":[{"embeddable":true,"href":"http:\/\/suryn.pl\/index.php\/wp-json\/wp\/v2\/comments?post=2425"}],"version-history":[{"count":3,"href":"http:\/\/suryn.pl\/index.php\/wp-json\/wp\/v2\/pages\/2425\/revisions"}],"predecessor-version":[{"id":2778,"href":"http:\/\/suryn.pl\/index.php\/wp-json\/wp\/v2\/pages\/2425\/revisions\/2778"}],"wp:attachment":[{"href":"http:\/\/suryn.pl\/index.php\/wp-json\/wp\/v2\/media?parent=2425"}],"curies":[{"name":"wp","href":"https:\/\/api.w.org\/{rel}","templated":true}]}}