{"id":2386,"date":"2021-10-20T22:55:38","date_gmt":"2021-10-20T20:55:38","guid":{"rendered":"http:\/\/suryn.pl\/?page_id=2386"},"modified":"2021-10-21T21:53:51","modified_gmt":"2021-10-21T19:53:51","slug":"2386-2","status":"publish","type":"page","link":"http:\/\/suryn.pl\/index.php\/2386-2\/","title":{"rendered":""},"content":{"rendered":"\n<p><\/p>\n\n\n\n<p style=\"font-size:24px\"><strong>Wpad\u0142em<\/strong><\/p>\n\n\n\n<h2 class=\"wp-block-heading\">prosto w oko Oczywisto\u015bci&nbsp;&nbsp;<\/h2>\n\n\n\n<h2 class=\"wp-block-heading\">w oko Boga<\/h2>\n\n\n\n<h2 class=\"wp-block-heading\">w ciszy dudni\u0105cej niemo\u017cliwo\u015bci<\/h2>\n\n\n\n<p><\/p>\n\n\n\n<h2 class=\"wp-block-heading\">by\u0142 las<\/h2>\n\n\n\n<h2 class=\"wp-block-heading\">w \u0142asce s\u0142o\u0144ca d\u0105b&nbsp;&nbsp;<\/h2>\n\n\n\n<h2 class=\"wp-block-heading\">\u015bwiat alei<\/h2>\n\n\n\n<h2 class=\"wp-block-heading\">siedem przebi\u015bnieg\u00f3w<\/h2>\n\n\n\n<h2 class=\"wp-block-heading\">i brama zupe\u0142nie sama<\/h2>\n\n\n\n<h2 class=\"wp-block-heading\">a teraz deszcz marcowy<\/h2>\n\n\n\n<h2 class=\"wp-block-heading\">drobny g\u0119sty<\/h2>\n\n\n\n<h2 class=\"wp-block-heading\">daje lekcje pokory<\/h2>\n\n\n\n<div style=\"height:100px\" aria-hidden=\"true\" class=\"wp-block-spacer\"><\/div>\n\n\n\n<p class=\"has-text-align-right\"><a href=\"http:\/\/suryn.pl\/index.php\/wiersze-wszystkie\/\">Wszystkie wiersze<\/a><\/p>\n","protected":false},"excerpt":{"rendered":"<p>Wpad\u0142em prosto w oko Oczywisto\u015bci&nbsp;&nbsp; w oko Boga w ciszy dudni\u0105cej niemo\u017cliwo\u015bci by\u0142 las w \u0142asce s\u0142o\u0144ca d\u0105b&nbsp;&nbsp; \u015bwiat alei siedem przebi\u015bnieg\u00f3w i brama zupe\u0142nie sama a teraz deszcz marcowy drobny g\u0119sty daje lekcje pokory Wszystkie wiersze<\/p>\n","protected":false},"author":1,"featured_media":0,"parent":0,"menu_order":0,"comment_status":"closed","ping_status":"closed","template":"","meta":{"footnotes":""},"class_list":["post-2386","page","type-page","status-publish","hentry"],"_links":{"self":[{"href":"http:\/\/suryn.pl\/index.php\/wp-json\/wp\/v2\/pages\/2386","targetHints":{"allow":["GET"]}}],"collection":[{"href":"http:\/\/suryn.pl\/index.php\/wp-json\/wp\/v2\/pages"}],"about":[{"href":"http:\/\/suryn.pl\/index.php\/wp-json\/wp\/v2\/types\/page"}],"author":[{"embeddable":true,"href":"http:\/\/suryn.pl\/index.php\/wp-json\/wp\/v2\/users\/1"}],"replies":[{"embeddable":true,"href":"http:\/\/suryn.pl\/index.php\/wp-json\/wp\/v2\/comments?post=2386"}],"version-history":[{"count":3,"href":"http:\/\/suryn.pl\/index.php\/wp-json\/wp\/v2\/pages\/2386\/revisions"}],"predecessor-version":[{"id":2764,"href":"http:\/\/suryn.pl\/index.php\/wp-json\/wp\/v2\/pages\/2386\/revisions\/2764"}],"wp:attachment":[{"href":"http:\/\/suryn.pl\/index.php\/wp-json\/wp\/v2\/media?parent=2386"}],"curies":[{"name":"wp","href":"https:\/\/api.w.org\/{rel}","templated":true}]}}