{"id":2376,"date":"2021-10-20T22:49:07","date_gmt":"2021-10-20T20:49:07","guid":{"rendered":"http:\/\/suryn.pl\/?page_id=2376"},"modified":"2021-10-21T21:20:25","modified_gmt":"2021-10-21T19:20:25","slug":"2376-2","status":"publish","type":"page","link":"http:\/\/suryn.pl\/index.php\/2376-2\/","title":{"rendered":""},"content":{"rendered":"\n<p><\/p>\n\n\n\n<p style=\"font-size:24px\"><strong>Wiosna<\/strong><\/p>\n\n\n\n<h2 class=\"wp-block-heading\">p\u0142owy wiatr p\u0142owy pies<\/h2>\n\n\n\n<h2 class=\"wp-block-heading\">buszuj\u0105 w trzcinach<\/h2>\n\n\n\n<h2 class=\"wp-block-heading\">budz\u0105 karpie<\/h2>\n\n\n\n<h2 class=\"wp-block-heading\">istny cud<\/h2>\n\n\n\n<h2 class=\"wp-block-heading\">prze\u017cy\u0107 zim\u0119<\/h2>\n\n\n\n<h2 class=\"wp-block-heading\">kobieta pali ognisko<\/h2>\n\n\n\n<h2 class=\"wp-block-heading\">dym gaworzy tu\u017c przy ziemi<\/h2>\n\n\n\n<h2 class=\"wp-block-heading\">\u017curawie dzwoni\u0105 wysoko<\/h2>\n\n\n\n<h2 class=\"wp-block-heading\">s\u0142o\u0144ce upaja<\/h2>\n\n\n\n<h2 class=\"wp-block-heading\">i tylko ja poza obrazem<\/h2>\n\n\n\n<div style=\"height:100px\" aria-hidden=\"true\" class=\"wp-block-spacer\"><\/div>\n\n\n\n<p class=\"has-text-align-right\"><a href=\"http:\/\/suryn.pl\/index.php\/wiersze-wszystkie\/\">Wszystkie wiersze<\/a><\/p>\n","protected":false},"excerpt":{"rendered":"<p>Wiosna p\u0142owy wiatr p\u0142owy pies buszuj\u0105 w trzcinach budz\u0105 karpie istny cud prze\u017cy\u0107 zim\u0119 kobieta pali ognisko dym gaworzy tu\u017c przy ziemi \u017curawie dzwoni\u0105 wysoko s\u0142o\u0144ce upaja i tylko ja poza obrazem Wszystkie wiersze<\/p>\n","protected":false},"author":1,"featured_media":0,"parent":0,"menu_order":0,"comment_status":"closed","ping_status":"closed","template":"","meta":{"footnotes":""},"class_list":["post-2376","page","type-page","status-publish","hentry"],"_links":{"self":[{"href":"http:\/\/suryn.pl\/index.php\/wp-json\/wp\/v2\/pages\/2376","targetHints":{"allow":["GET"]}}],"collection":[{"href":"http:\/\/suryn.pl\/index.php\/wp-json\/wp\/v2\/pages"}],"about":[{"href":"http:\/\/suryn.pl\/index.php\/wp-json\/wp\/v2\/types\/page"}],"author":[{"embeddable":true,"href":"http:\/\/suryn.pl\/index.php\/wp-json\/wp\/v2\/users\/1"}],"replies":[{"embeddable":true,"href":"http:\/\/suryn.pl\/index.php\/wp-json\/wp\/v2\/comments?post=2376"}],"version-history":[{"count":2,"href":"http:\/\/suryn.pl\/index.php\/wp-json\/wp\/v2\/pages\/2376\/revisions"}],"predecessor-version":[{"id":2760,"href":"http:\/\/suryn.pl\/index.php\/wp-json\/wp\/v2\/pages\/2376\/revisions\/2760"}],"wp:attachment":[{"href":"http:\/\/suryn.pl\/index.php\/wp-json\/wp\/v2\/media?parent=2376"}],"curies":[{"name":"wp","href":"https:\/\/api.w.org\/{rel}","templated":true}]}}