{"id":2365,"date":"2021-10-20T22:45:36","date_gmt":"2021-10-20T20:45:36","guid":{"rendered":"http:\/\/suryn.pl\/?page_id=2365"},"modified":"2021-10-21T21:18:08","modified_gmt":"2021-10-21T19:18:08","slug":"2365-2","status":"publish","type":"page","link":"http:\/\/suryn.pl\/index.php\/2365-2\/","title":{"rendered":""},"content":{"rendered":"\n<p><\/p>\n\n\n\n<p style=\"font-size:24px\"><strong>Wiersz osobny<\/strong><\/p>\n\n\n\n<h2 class=\"wp-block-heading\">jest niemo\u017cliwy<\/h2>\n\n\n\n<h2 class=\"wp-block-heading\">litery same<\/h2>\n\n\n\n<h2 class=\"wp-block-heading\">umieraj\u0105<\/h2>\n\n\n\n<h2 class=\"wp-block-heading\">nadawca listu<\/h2>\n\n\n\n<h2 class=\"wp-block-heading\">blednie<\/h2>\n\n\n\n<h2 class=\"wp-block-heading\">poeta znika<\/h2>\n\n\n\n<h2 class=\"wp-block-heading\">\u015bwiat raz podejrzany<\/h2>\n\n\n\n<h2 class=\"wp-block-heading\">przewraca kartki tajemnicy<\/h2>\n\n\n\n<h2 class=\"wp-block-heading\">ro\u015bnie t\u0119czowe zero<\/h2>\n\n\n\n<p><\/p>\n\n\n\n<div style=\"height:401px\" aria-hidden=\"true\" class=\"wp-block-spacer\"><\/div>\n\n\n\n<p class=\"has-text-align-right\"><a href=\"http:\/\/suryn.pl\/index.php\/wiersze-wszystkie\/\">Wszystkie wiersze<\/a><\/p>\n","protected":false},"excerpt":{"rendered":"<p>Wiersz osobny jest niemo\u017cliwy litery same umieraj\u0105 nadawca listu blednie poeta znika \u015bwiat raz podejrzany przewraca kartki tajemnicy ro\u015bnie t\u0119czowe zero Wszystkie wiersze<\/p>\n","protected":false},"author":1,"featured_media":0,"parent":0,"menu_order":0,"comment_status":"closed","ping_status":"closed","template":"","meta":{"footnotes":""},"class_list":["post-2365","page","type-page","status-publish","hentry"],"_links":{"self":[{"href":"http:\/\/suryn.pl\/index.php\/wp-json\/wp\/v2\/pages\/2365","targetHints":{"allow":["GET"]}}],"collection":[{"href":"http:\/\/suryn.pl\/index.php\/wp-json\/wp\/v2\/pages"}],"about":[{"href":"http:\/\/suryn.pl\/index.php\/wp-json\/wp\/v2\/types\/page"}],"author":[{"embeddable":true,"href":"http:\/\/suryn.pl\/index.php\/wp-json\/wp\/v2\/users\/1"}],"replies":[{"embeddable":true,"href":"http:\/\/suryn.pl\/index.php\/wp-json\/wp\/v2\/comments?post=2365"}],"version-history":[{"count":4,"href":"http:\/\/suryn.pl\/index.php\/wp-json\/wp\/v2\/pages\/2365\/revisions"}],"predecessor-version":[{"id":2757,"href":"http:\/\/suryn.pl\/index.php\/wp-json\/wp\/v2\/pages\/2365\/revisions\/2757"}],"wp:attachment":[{"href":"http:\/\/suryn.pl\/index.php\/wp-json\/wp\/v2\/media?parent=2365"}],"curies":[{"name":"wp","href":"https:\/\/api.w.org\/{rel}","templated":true}]}}