{"id":2356,"date":"2021-10-20T22:41:13","date_gmt":"2021-10-20T20:41:13","guid":{"rendered":"http:\/\/suryn.pl\/?page_id=2356"},"modified":"2021-10-21T21:15:56","modified_gmt":"2021-10-21T19:15:56","slug":"2356-2","status":"publish","type":"page","link":"http:\/\/suryn.pl\/index.php\/2356-2\/","title":{"rendered":""},"content":{"rendered":"\n<p><\/p>\n\n\n\n<p style=\"font-size:24px\"><strong>Widzenie III<\/strong><\/p>\n\n\n\n<h2 class=\"wp-block-heading\">\u015bwiat umiera<\/h2>\n\n\n\n<h2 class=\"wp-block-heading\">z braku realno\u015bci<\/h2>\n\n\n\n<h2 class=\"wp-block-heading\">ziemia roztarta w palcach<\/h2>\n\n\n\n<h2 class=\"wp-block-heading\">kruszy si\u0119<\/h2>\n\n\n\n<h2 class=\"wp-block-heading\">i wraca do siebie<\/h2>\n\n\n\n<h2 class=\"wp-block-heading\">\u015bpiew ptaka<\/h2>\n\n\n\n<h2 class=\"wp-block-heading\">stoi w powietrzu<\/h2>\n\n\n\n<h2 class=\"wp-block-heading\">zapach tropi psy<\/h2>\n\n\n\n<h2 class=\"wp-block-heading\">i jedynie ja przeszkadzam<\/h2>\n\n\n\n<h2 class=\"wp-block-heading\">sobie<\/h2>\n\n\n\n<div style=\"height:100px\" aria-hidden=\"true\" class=\"wp-block-spacer\"><\/div>\n\n\n\n<p class=\"has-text-align-right\"><a href=\"http:\/\/suryn.pl\/index.php\/wiersze-wszystkie\/\">Wszystkie wiersze<\/a><\/p>\n","protected":false},"excerpt":{"rendered":"<p>Widzenie III \u015bwiat umiera z braku realno\u015bci ziemia roztarta w palcach kruszy si\u0119 i wraca do siebie \u015bpiew ptaka stoi w powietrzu zapach tropi psy i jedynie ja przeszkadzam sobie Wszystkie wiersze<\/p>\n","protected":false},"author":1,"featured_media":0,"parent":0,"menu_order":0,"comment_status":"closed","ping_status":"closed","template":"","meta":{"footnotes":""},"class_list":["post-2356","page","type-page","status-publish","hentry"],"_links":{"self":[{"href":"http:\/\/suryn.pl\/index.php\/wp-json\/wp\/v2\/pages\/2356","targetHints":{"allow":["GET"]}}],"collection":[{"href":"http:\/\/suryn.pl\/index.php\/wp-json\/wp\/v2\/pages"}],"about":[{"href":"http:\/\/suryn.pl\/index.php\/wp-json\/wp\/v2\/types\/page"}],"author":[{"embeddable":true,"href":"http:\/\/suryn.pl\/index.php\/wp-json\/wp\/v2\/users\/1"}],"replies":[{"embeddable":true,"href":"http:\/\/suryn.pl\/index.php\/wp-json\/wp\/v2\/comments?post=2356"}],"version-history":[{"count":3,"href":"http:\/\/suryn.pl\/index.php\/wp-json\/wp\/v2\/pages\/2356\/revisions"}],"predecessor-version":[{"id":2753,"href":"http:\/\/suryn.pl\/index.php\/wp-json\/wp\/v2\/pages\/2356\/revisions\/2753"}],"wp:attachment":[{"href":"http:\/\/suryn.pl\/index.php\/wp-json\/wp\/v2\/media?parent=2356"}],"curies":[{"name":"wp","href":"https:\/\/api.w.org\/{rel}","templated":true}]}}