{"id":2345,"date":"2021-10-20T22:37:56","date_gmt":"2021-10-20T20:37:56","guid":{"rendered":"http:\/\/suryn.pl\/?page_id=2345"},"modified":"2024-06-13T13:37:05","modified_gmt":"2024-06-13T11:37:05","slug":"2345-2","status":"publish","type":"page","link":"http:\/\/suryn.pl\/index.php\/2345-2\/","title":{"rendered":""},"content":{"rendered":"\n<p><\/p>\n\n\n\n<p style=\"font-size:24px\"><strong>W\u0105tpliwo\u015bci<\/strong><\/p>\n\n\n\n<h2 class=\"wp-block-heading\">mam ich tyle <\/h2>\n\n\n\n<h2 class=\"wp-block-heading\">co i wolnej woli<\/h2>\n\n\n\n<h2 class=\"wp-block-heading\">wi\u0119c moje czyny<\/h2>\n\n\n\n<h2 class=\"wp-block-heading\">musz\u0105 by\u0107 pewne<\/h2>\n\n\n\n<h2 class=\"wp-block-heading\">a moja bezczynno\u015b\u0107 <\/h2>\n\n\n\n<h2 class=\"wp-block-heading\">\u0142askawa<\/h2>\n\n\n\n<div style=\"height:183px\" aria-hidden=\"true\" class=\"wp-block-spacer\"><\/div>\n\n\n\n<p class=\"has-text-align-right\"><a href=\"http:\/\/suryn.pl\/index.php\/wiersze-wszystkie\/\">Wszystkie wiersze<\/a><\/p>\n","protected":false},"excerpt":{"rendered":"<p>W\u0105tpliwo\u015bci mam ich tyle co i wolnej woli wi\u0119c moje czyny musz\u0105 by\u0107 pewne a moja bezczynno\u015b\u0107 \u0142askawa Wszystkie wiersze<\/p>\n","protected":false},"author":1,"featured_media":0,"parent":0,"menu_order":0,"comment_status":"closed","ping_status":"closed","template":"","meta":{"footnotes":""},"class_list":["post-2345","page","type-page","status-publish","hentry"],"_links":{"self":[{"href":"http:\/\/suryn.pl\/index.php\/wp-json\/wp\/v2\/pages\/2345","targetHints":{"allow":["GET"]}}],"collection":[{"href":"http:\/\/suryn.pl\/index.php\/wp-json\/wp\/v2\/pages"}],"about":[{"href":"http:\/\/suryn.pl\/index.php\/wp-json\/wp\/v2\/types\/page"}],"author":[{"embeddable":true,"href":"http:\/\/suryn.pl\/index.php\/wp-json\/wp\/v2\/users\/1"}],"replies":[{"embeddable":true,"href":"http:\/\/suryn.pl\/index.php\/wp-json\/wp\/v2\/comments?post=2345"}],"version-history":[{"count":8,"href":"http:\/\/suryn.pl\/index.php\/wp-json\/wp\/v2\/pages\/2345\/revisions"}],"predecessor-version":[{"id":3124,"href":"http:\/\/suryn.pl\/index.php\/wp-json\/wp\/v2\/pages\/2345\/revisions\/3124"}],"wp:attachment":[{"href":"http:\/\/suryn.pl\/index.php\/wp-json\/wp\/v2\/media?parent=2345"}],"curies":[{"name":"wp","href":"https:\/\/api.w.org\/{rel}","templated":true}]}}