{"id":2335,"date":"2021-10-20T22:34:47","date_gmt":"2021-10-20T20:34:47","guid":{"rendered":"http:\/\/suryn.pl\/?page_id=2335"},"modified":"2021-10-21T21:08:38","modified_gmt":"2021-10-21T19:08:38","slug":"2335-2","status":"publish","type":"page","link":"http:\/\/suryn.pl\/index.php\/2335-2\/","title":{"rendered":""},"content":{"rendered":"\n<p><\/p>\n\n\n\n<h2 class=\"wp-block-heading\"><strong>U<\/strong>krzy\u017cowany na \u015bwiecie<\/h2>\n\n\n\n<h2 class=\"wp-block-heading\">be\u0142kocz\u0119 jak on<\/h2>\n\n\n\n<h2 class=\"wp-block-heading\">obracam si\u0119<\/h2>\n\n\n\n<h2 class=\"wp-block-heading\">jak on<\/h2>\n\n\n\n<h2 class=\"wp-block-heading\">i gdybym ca\u0142y by\u0142 z tego \u015bwiata<\/h2>\n\n\n\n<h2 class=\"wp-block-heading\">nie by\u0142oby pytania, b\u00f3lu<\/h2>\n\n\n\n<h2 class=\"wp-block-heading\">i tego wiersza<\/h2>\n\n\n\n<p><\/p>\n\n\n\n<h2 class=\"wp-block-heading\">O! Duchu \u015awi\u0119ty<\/h2>\n\n\n\n<h2 class=\"wp-block-heading\">modl\u0119 si\u0119 jak co dzie\u0144<\/h2>\n\n\n\n<h2 class=\"wp-block-heading\">o jasno\u015b\u0107<\/h2>\n\n\n\n<h2 class=\"wp-block-heading\">uczy\u0144 mnie sob\u0105<\/h2>\n\n\n\n<p><\/p>\n\n\n\n<h2 class=\"wp-block-heading\">i niech nie w\u0105tpi\u0119!<\/h2>\n\n\n\n<div style=\"height:100px\" aria-hidden=\"true\" class=\"wp-block-spacer\"><\/div>\n\n\n\n<p class=\"has-text-align-right\"><a href=\"http:\/\/suryn.pl\/index.php\/wiersze-wszystkie\/\">Wszystkie wiersze<\/a><\/p>\n","protected":false},"excerpt":{"rendered":"<p>Ukrzy\u017cowany na \u015bwiecie be\u0142kocz\u0119 jak on obracam si\u0119 jak on i gdybym ca\u0142y by\u0142 z tego \u015bwiata nie by\u0142oby pytania, b\u00f3lu i tego wiersza O! Duchu \u015awi\u0119ty modl\u0119 si\u0119 jak co dzie\u0144 o jasno\u015b\u0107 uczy\u0144 mnie sob\u0105 i niech nie w\u0105tpi\u0119! Wszystkie wiersze<\/p>\n","protected":false},"author":1,"featured_media":0,"parent":0,"menu_order":0,"comment_status":"closed","ping_status":"closed","template":"","meta":{"footnotes":""},"class_list":["post-2335","page","type-page","status-publish","hentry"],"_links":{"self":[{"href":"http:\/\/suryn.pl\/index.php\/wp-json\/wp\/v2\/pages\/2335","targetHints":{"allow":["GET"]}}],"collection":[{"href":"http:\/\/suryn.pl\/index.php\/wp-json\/wp\/v2\/pages"}],"about":[{"href":"http:\/\/suryn.pl\/index.php\/wp-json\/wp\/v2\/types\/page"}],"author":[{"embeddable":true,"href":"http:\/\/suryn.pl\/index.php\/wp-json\/wp\/v2\/users\/1"}],"replies":[{"embeddable":true,"href":"http:\/\/suryn.pl\/index.php\/wp-json\/wp\/v2\/comments?post=2335"}],"version-history":[{"count":5,"href":"http:\/\/suryn.pl\/index.php\/wp-json\/wp\/v2\/pages\/2335\/revisions"}],"predecessor-version":[{"id":2741,"href":"http:\/\/suryn.pl\/index.php\/wp-json\/wp\/v2\/pages\/2335\/revisions\/2741"}],"wp:attachment":[{"href":"http:\/\/suryn.pl\/index.php\/wp-json\/wp\/v2\/media?parent=2335"}],"curies":[{"name":"wp","href":"https:\/\/api.w.org\/{rel}","templated":true}]}}