{"id":2307,"date":"2021-10-20T22:24:27","date_gmt":"2021-10-20T20:24:27","guid":{"rendered":"http:\/\/suryn.pl\/?page_id=2307"},"modified":"2021-10-21T20:07:48","modified_gmt":"2021-10-21T18:07:48","slug":"2307-2","status":"publish","type":"page","link":"http:\/\/suryn.pl\/index.php\/2307-2\/","title":{"rendered":""},"content":{"rendered":"\n<p><\/p>\n\n\n\n<h2 class=\"wp-block-heading\"><strong>T<\/strong>o ja sam<\/h2>\n\n\n\n<h2 class=\"wp-block-heading\">wyp\u0119dzi\u0142em siebie z Raju<\/h2>\n\n\n\n<h2 class=\"wp-block-heading\">lub co najmniej z domu<\/h2>\n\n\n\n<h2 class=\"wp-block-heading\">teraz<\/h2>\n\n\n\n<h2 class=\"wp-block-heading\">na \u0142asce kapry\u015bnych zmys\u0142\u00f3w<\/h2>\n\n\n\n<h2 class=\"wp-block-heading\">i \u015bwiata<\/h2>\n\n\n\n<h2 class=\"wp-block-heading\">miotam si\u0119 od miasta do miasta<\/h2>\n\n\n\n<h2 class=\"wp-block-heading\">prosz\u0105c Boga by przemieni\u0142 mnie<\/h2>\n\n\n\n<h2 class=\"wp-block-heading\">w co\u015b niew\u0105tpliwego<\/h2>\n\n\n\n<h2 class=\"wp-block-heading\">czasem przychodzi wytchnienie<\/h2>\n\n\n\n<h2 class=\"wp-block-heading\">i widz\u0119 naprawd\u0119<\/h2>\n\n\n\n<h2 class=\"wp-block-heading\">\u015bnieg na parapecie<\/h2>\n\n\n\n<h2 class=\"wp-block-heading\">odrobin\u0119 d\u017cemu na no\u017cu<\/h2>\n\n\n\n<h2 class=\"wp-block-heading\">i zdaje mi si\u0119<\/h2>\n\n\n\n<h2 class=\"wp-block-heading\">\u017ce ju\u017c zawsze b\u0119d\u0119 mieszka\u0142 w spokoju<\/h2>\n\n\n\n<div style=\"height:100px\" aria-hidden=\"true\" class=\"wp-block-spacer\"><\/div>\n\n\n\n<p class=\"has-text-align-right\"><a href=\"http:\/\/suryn.pl\/index.php\/wiersze-wszystkie\/\">Wszystkie wiersze<\/a><\/p>\n","protected":false},"excerpt":{"rendered":"<p>To ja sam wyp\u0119dzi\u0142em siebie z Raju lub co najmniej z domu teraz na \u0142asce kapry\u015bnych zmys\u0142\u00f3w i \u015bwiata miotam si\u0119 od miasta do miasta prosz\u0105c Boga by przemieni\u0142 mnie w co\u015b niew\u0105tpliwego czasem przychodzi wytchnienie i widz\u0119 naprawd\u0119 \u015bnieg na parapecie odrobin\u0119 d\u017cemu na no\u017cu i zdaje mi si\u0119 \u017ce ju\u017c zawsze b\u0119d\u0119 mieszka\u0142 w spokoju Wszystkie wiersze<\/p>\n","protected":false},"author":1,"featured_media":0,"parent":0,"menu_order":0,"comment_status":"closed","ping_status":"closed","template":"","meta":{"footnotes":""},"class_list":["post-2307","page","type-page","status-publish","hentry"],"_links":{"self":[{"href":"http:\/\/suryn.pl\/index.php\/wp-json\/wp\/v2\/pages\/2307","targetHints":{"allow":["GET"]}}],"collection":[{"href":"http:\/\/suryn.pl\/index.php\/wp-json\/wp\/v2\/pages"}],"about":[{"href":"http:\/\/suryn.pl\/index.php\/wp-json\/wp\/v2\/types\/page"}],"author":[{"embeddable":true,"href":"http:\/\/suryn.pl\/index.php\/wp-json\/wp\/v2\/users\/1"}],"replies":[{"embeddable":true,"href":"http:\/\/suryn.pl\/index.php\/wp-json\/wp\/v2\/comments?post=2307"}],"version-history":[{"count":2,"href":"http:\/\/suryn.pl\/index.php\/wp-json\/wp\/v2\/pages\/2307\/revisions"}],"predecessor-version":[{"id":2726,"href":"http:\/\/suryn.pl\/index.php\/wp-json\/wp\/v2\/pages\/2307\/revisions\/2726"}],"wp:attachment":[{"href":"http:\/\/suryn.pl\/index.php\/wp-json\/wp\/v2\/media?parent=2307"}],"curies":[{"name":"wp","href":"https:\/\/api.w.org\/{rel}","templated":true}]}}