{"id":2294,"date":"2021-10-20T22:20:10","date_gmt":"2021-10-20T20:20:10","guid":{"rendered":"http:\/\/suryn.pl\/?page_id=2294"},"modified":"2021-10-22T20:46:37","modified_gmt":"2021-10-22T18:46:37","slug":"2294-2","status":"publish","type":"page","link":"http:\/\/suryn.pl\/index.php\/2294-2\/","title":{"rendered":""},"content":{"rendered":"\n<p><\/p>\n\n\n\n<p style=\"font-size:24px\"><strong>Tao<\/strong><\/p>\n\n\n\n<h2 class=\"wp-block-heading\">\u017c\u00f3\u0142ty pies \u2013 marzec<\/h2>\n\n\n\n<h2 class=\"wp-block-heading\">spotka\u0142 mnie pod \u0141owiczem<\/h2>\n\n\n\n<h2 class=\"wp-block-heading\">i rzek\u0142<\/h2>\n\n\n\n<h2 class=\"wp-block-heading\">&#8211; niech si\u0119 \u015bwi\u0119ci to co jest<\/h2>\n\n\n\n<h2 class=\"wp-block-heading\">odrzek\u0142em<\/h2>\n\n\n\n<h2 class=\"wp-block-heading\">&#8211; zaiste<\/h2>\n\n\n\n<h2 class=\"wp-block-heading\">i sta\u0142o si\u0119<\/h2>\n\n\n\n<h2 class=\"wp-block-heading\">nowe oko, nowe ucho<\/h2>\n\n\n\n<h2 class=\"wp-block-heading\">nowa sk\u00f3ra<\/h2>\n\n\n\n<h2 class=\"wp-block-heading\">i serce z otwartym oknem<\/h2>\n\n\n\n<h2 class=\"wp-block-heading\">gotowe na wszystko<\/h2>\n\n\n\n<div style=\"height:100px\" aria-hidden=\"true\" class=\"wp-block-spacer\"><\/div>\n\n\n\n<p class=\"has-text-align-right\"><a href=\"http:\/\/suryn.pl\/index.php\/wiersze-wszystkie\/\">Wszystkie wiersze<\/a><\/p>\n","protected":false},"excerpt":{"rendered":"<p>Tao \u017c\u00f3\u0142ty pies \u2013 marzec spotka\u0142 mnie pod \u0141owiczem i rzek\u0142 &#8211; niech si\u0119 \u015bwi\u0119ci to co jest odrzek\u0142em &#8211; zaiste i sta\u0142o si\u0119 nowe oko, nowe ucho nowa sk\u00f3ra i serce z otwartym oknem gotowe na wszystko Wszystkie wiersze<\/p>\n","protected":false},"author":1,"featured_media":0,"parent":0,"menu_order":0,"comment_status":"closed","ping_status":"closed","template":"","meta":{"footnotes":""},"class_list":["post-2294","page","type-page","status-publish","hentry"],"_links":{"self":[{"href":"http:\/\/suryn.pl\/index.php\/wp-json\/wp\/v2\/pages\/2294","targetHints":{"allow":["GET"]}}],"collection":[{"href":"http:\/\/suryn.pl\/index.php\/wp-json\/wp\/v2\/pages"}],"about":[{"href":"http:\/\/suryn.pl\/index.php\/wp-json\/wp\/v2\/types\/page"}],"author":[{"embeddable":true,"href":"http:\/\/suryn.pl\/index.php\/wp-json\/wp\/v2\/users\/1"}],"replies":[{"embeddable":true,"href":"http:\/\/suryn.pl\/index.php\/wp-json\/wp\/v2\/comments?post=2294"}],"version-history":[{"count":3,"href":"http:\/\/suryn.pl\/index.php\/wp-json\/wp\/v2\/pages\/2294\/revisions"}],"predecessor-version":[{"id":2875,"href":"http:\/\/suryn.pl\/index.php\/wp-json\/wp\/v2\/pages\/2294\/revisions\/2875"}],"wp:attachment":[{"href":"http:\/\/suryn.pl\/index.php\/wp-json\/wp\/v2\/media?parent=2294"}],"curies":[{"name":"wp","href":"https:\/\/api.w.org\/{rel}","templated":true}]}}