{"id":2273,"date":"2021-10-20T22:13:01","date_gmt":"2021-10-20T20:13:01","guid":{"rendered":"http:\/\/suryn.pl\/?page_id=2273"},"modified":"2021-10-21T19:38:36","modified_gmt":"2021-10-21T17:38:36","slug":"2273-2","status":"publish","type":"page","link":"http:\/\/suryn.pl\/index.php\/2273-2\/","title":{"rendered":""},"content":{"rendered":"\n<p><\/p>\n\n\n\n<h2 class=\"wp-block-heading\"><strong>\u015a<\/strong>wietny poranek<\/h2>\n\n\n\n<h2 class=\"wp-block-heading\">na to bym<\/h2>\n\n\n\n<h2 class=\"wp-block-heading\">zapomnia\u0142 o sobie<\/h2>\n\n\n\n<h2 class=\"wp-block-heading\">gdyby nie cia\u0142o<\/h2>\n\n\n\n<h2 class=\"wp-block-heading\">ziemia toczy\u0142a sw\u00f3j garb<\/h2>\n\n\n\n<h2 class=\"wp-block-heading\">niebo nie mia\u0142o w\u0105tpliwo\u015bci<\/h2>\n\n\n\n<h2 class=\"wp-block-heading\">drzewo wolnej woli<\/h2>\n\n\n\n<h2 class=\"wp-block-heading\">tylko ja pomy\u0142ka<\/h2>\n\n\n\n<h2 class=\"wp-block-heading\">ucieka\u0142em od Mi\u0142o\u015bci<\/h2>\n\n\n\n<h2 class=\"wp-block-heading\">i \u015bmierci \u2013 to tak<\/h2>\n\n\n\n<h2 class=\"wp-block-heading\">jakbym ucieka\u0142<\/h2>\n\n\n\n<h2 class=\"wp-block-heading\">od jedynego ratunku<\/h2>\n\n\n\n<div style=\"height:100px\" aria-hidden=\"true\" class=\"wp-block-spacer\"><\/div>\n\n\n\n<p class=\"has-text-align-right\"><a href=\"http:\/\/suryn.pl\/index.php\/wiersze-wszystkie\/\">Wszystkie wiersze<\/a><\/p>\n","protected":false},"excerpt":{"rendered":"<p>\u015awietny poranek na to bym zapomnia\u0142 o sobie gdyby nie cia\u0142o ziemia toczy\u0142a sw\u00f3j garb niebo nie mia\u0142o w\u0105tpliwo\u015bci drzewo wolnej woli tylko ja pomy\u0142ka ucieka\u0142em od Mi\u0142o\u015bci i \u015bmierci \u2013 to tak jakbym ucieka\u0142 od jedynego ratunku Wszystkie wiersze<\/p>\n","protected":false},"author":1,"featured_media":0,"parent":0,"menu_order":0,"comment_status":"closed","ping_status":"closed","template":"","meta":{"footnotes":""},"class_list":["post-2273","page","type-page","status-publish","hentry"],"_links":{"self":[{"href":"http:\/\/suryn.pl\/index.php\/wp-json\/wp\/v2\/pages\/2273","targetHints":{"allow":["GET"]}}],"collection":[{"href":"http:\/\/suryn.pl\/index.php\/wp-json\/wp\/v2\/pages"}],"about":[{"href":"http:\/\/suryn.pl\/index.php\/wp-json\/wp\/v2\/types\/page"}],"author":[{"embeddable":true,"href":"http:\/\/suryn.pl\/index.php\/wp-json\/wp\/v2\/users\/1"}],"replies":[{"embeddable":true,"href":"http:\/\/suryn.pl\/index.php\/wp-json\/wp\/v2\/comments?post=2273"}],"version-history":[{"count":2,"href":"http:\/\/suryn.pl\/index.php\/wp-json\/wp\/v2\/pages\/2273\/revisions"}],"predecessor-version":[{"id":2710,"href":"http:\/\/suryn.pl\/index.php\/wp-json\/wp\/v2\/pages\/2273\/revisions\/2710"}],"wp:attachment":[{"href":"http:\/\/suryn.pl\/index.php\/wp-json\/wp\/v2\/media?parent=2273"}],"curies":[{"name":"wp","href":"https:\/\/api.w.org\/{rel}","templated":true}]}}