{"id":2256,"date":"2021-10-20T22:07:00","date_gmt":"2021-10-20T20:07:00","guid":{"rendered":"http:\/\/suryn.pl\/?page_id=2256"},"modified":"2021-10-21T19:21:37","modified_gmt":"2021-10-21T17:21:37","slug":"2256-2","status":"publish","type":"page","link":"http:\/\/suryn.pl\/index.php\/2256-2\/","title":{"rendered":""},"content":{"rendered":"\n<p><\/p>\n\n\n\n<p style=\"font-size:24px\"><strong>Staruszka w ogrodzie<\/strong><\/p>\n\n\n\n<h2 class=\"wp-block-heading\">staruszka w ogrodzie<\/h2>\n\n\n\n<h2 class=\"wp-block-heading\">w \u015brodku apokalipsy<\/h2>\n\n\n\n<h2 class=\"wp-block-heading\">sieje pietruszk\u0119, marchew<\/h2>\n\n\n\n<h2 class=\"wp-block-heading\">otula ziemi\u0105 ziarna<\/h2>\n\n\n\n<h2 class=\"wp-block-heading\">pomaga wio\u015bnie<\/h2>\n\n\n\n<h2 class=\"wp-block-heading\">a nad ni\u0105 kometa i wiatr<\/h2>\n\n\n\n<h2 class=\"wp-block-heading\">\u0142ami\u0105cy ga\u0142\u0119zie<\/h2>\n\n\n\n<h2 class=\"wp-block-heading\">w telewizji l\u0119k, krew<\/h2>\n\n\n\n<h2 class=\"wp-block-heading\">i pieni\u0105dze<\/h2>\n\n\n\n<h2 class=\"wp-block-heading\">gdzie si\u0119 podzia\u0142y<\/h2>\n\n\n\n<h2 class=\"wp-block-heading\">pi\u0119kno, umiar i harmonia?<\/h2>\n\n\n\n<h2 class=\"wp-block-heading\">dzieci strzelaj\u0105 do nauczycieli<\/h2>\n\n\n\n<h2 class=\"wp-block-heading\">moja matka sieje pietruszk\u0119 i marchew<\/h2>\n\n\n\n<h2 class=\"wp-block-heading\">w sercu \u015bwiata<\/h2>\n\n\n\n<div style=\"height:100px\" aria-hidden=\"true\" class=\"wp-block-spacer\"><\/div>\n\n\n\n<p class=\"has-text-align-right\"><a href=\"http:\/\/suryn.pl\/index.php\/wiersze-wszystkie\/\">Wszystkie wiersze<\/a><\/p>\n","protected":false},"excerpt":{"rendered":"<p>Staruszka w ogrodzie staruszka w ogrodzie w \u015brodku apokalipsy sieje pietruszk\u0119, marchew otula ziemi\u0105 ziarna pomaga wio\u015bnie a nad ni\u0105 kometa i wiatr \u0142ami\u0105cy ga\u0142\u0119zie w telewizji l\u0119k, krew i pieni\u0105dze gdzie si\u0119 podzia\u0142y pi\u0119kno, umiar i harmonia? dzieci strzelaj\u0105 do nauczycieli moja matka sieje pietruszk\u0119 i marchew w sercu \u015bwiata Wszystkie wiersze<\/p>\n","protected":false},"author":1,"featured_media":0,"parent":0,"menu_order":0,"comment_status":"closed","ping_status":"closed","template":"","meta":{"footnotes":""},"class_list":["post-2256","page","type-page","status-publish","hentry"],"_links":{"self":[{"href":"http:\/\/suryn.pl\/index.php\/wp-json\/wp\/v2\/pages\/2256","targetHints":{"allow":["GET"]}}],"collection":[{"href":"http:\/\/suryn.pl\/index.php\/wp-json\/wp\/v2\/pages"}],"about":[{"href":"http:\/\/suryn.pl\/index.php\/wp-json\/wp\/v2\/types\/page"}],"author":[{"embeddable":true,"href":"http:\/\/suryn.pl\/index.php\/wp-json\/wp\/v2\/users\/1"}],"replies":[{"embeddable":true,"href":"http:\/\/suryn.pl\/index.php\/wp-json\/wp\/v2\/comments?post=2256"}],"version-history":[{"count":2,"href":"http:\/\/suryn.pl\/index.php\/wp-json\/wp\/v2\/pages\/2256\/revisions"}],"predecessor-version":[{"id":2702,"href":"http:\/\/suryn.pl\/index.php\/wp-json\/wp\/v2\/pages\/2256\/revisions\/2702"}],"wp:attachment":[{"href":"http:\/\/suryn.pl\/index.php\/wp-json\/wp\/v2\/media?parent=2256"}],"curies":[{"name":"wp","href":"https:\/\/api.w.org\/{rel}","templated":true}]}}