{"id":2228,"date":"2021-10-20T21:54:15","date_gmt":"2021-10-20T19:54:15","guid":{"rendered":"http:\/\/suryn.pl\/?page_id=2228"},"modified":"2021-10-21T19:16:48","modified_gmt":"2021-10-21T17:16:48","slug":"2228-2","status":"publish","type":"page","link":"http:\/\/suryn.pl\/index.php\/2228-2\/","title":{"rendered":""},"content":{"rendered":"\n<p><\/p>\n\n\n\n<h2 class=\"wp-block-heading\"><strong>S<\/strong>ekunda \u2013 zwierciad\u0142o<\/h2>\n\n\n\n<h2 class=\"wp-block-heading\">b\u00f3l przestaje znaczy\u0107<\/h2>\n\n\n\n<h2 class=\"wp-block-heading\">przygl\u0105dasz si\u0119 sobie<\/h2>\n\n\n\n<h2 class=\"wp-block-heading\">jak ryba<\/h2>\n\n\n\n<h2 class=\"wp-block-heading\">i dziwi ci\u0119 to obja\u015bnienie<\/h2>\n\n\n\n<h2 class=\"wp-block-heading\">\u017ce cia\u0142o to nie ty<\/h2>\n\n\n\n<h2 class=\"wp-block-heading\">i dusza to nie ty<\/h2>\n\n\n\n<h2 class=\"wp-block-heading\">a wi\u0119c kto to pisze?<\/h2>\n\n\n\n<h2 class=\"wp-block-heading\">wiecz\u00f3r zawini\u0119ty w siebie<\/h2>\n\n\n\n<h2 class=\"wp-block-heading\">fenomeny leniwe<\/h2>\n\n\n\n<h2 class=\"wp-block-heading\">bawi\u0105 si\u0119 w \u015bwiat\u0142o i cie\u0144<\/h2>\n\n\n\n<h2 class=\"wp-block-heading\">moja Mi\u0142o\u015b\u0107 przebiera si\u0119<\/h2>\n\n\n\n<h2 class=\"wp-block-heading\">za Ciebie<\/h2>\n\n\n\n<h2 class=\"wp-block-heading\">nic nie jest dziwne<\/h2>\n\n\n\n<h2 class=\"wp-block-heading\">wszystko jest<\/h2>\n\n\n\n<h2 class=\"wp-block-heading\">co jest?<\/h2>\n\n\n\n<h2 class=\"wp-block-heading\">Ten kt\u00f3ry jest!<\/h2>\n\n\n\n<div style=\"height:162px\" aria-hidden=\"true\" class=\"wp-block-spacer\"><\/div>\n\n\n\n<p class=\"has-text-align-right\"><a href=\"http:\/\/suryn.pl\/index.php\/wiersze-wszystkie\/\">Wszystkie wiersze<\/a><\/p>\n","protected":false},"excerpt":{"rendered":"<p>Sekunda \u2013 zwierciad\u0142o b\u00f3l przestaje znaczy\u0107 przygl\u0105dasz si\u0119 sobie jak ryba i dziwi ci\u0119 to obja\u015bnienie \u017ce cia\u0142o to nie ty i dusza to nie ty a wi\u0119c kto to pisze? wiecz\u00f3r zawini\u0119ty w siebie fenomeny leniwe bawi\u0105 si\u0119 w \u015bwiat\u0142o i cie\u0144 moja Mi\u0142o\u015b\u0107 przebiera si\u0119 za Ciebie nic nie jest dziwne wszystko jest co jest? Ten kt\u00f3ry jest! &#8230;<\/p>\n","protected":false},"author":1,"featured_media":0,"parent":0,"menu_order":0,"comment_status":"closed","ping_status":"closed","template":"","meta":{"footnotes":""},"class_list":["post-2228","page","type-page","status-publish","hentry"],"_links":{"self":[{"href":"http:\/\/suryn.pl\/index.php\/wp-json\/wp\/v2\/pages\/2228","targetHints":{"allow":["GET"]}}],"collection":[{"href":"http:\/\/suryn.pl\/index.php\/wp-json\/wp\/v2\/pages"}],"about":[{"href":"http:\/\/suryn.pl\/index.php\/wp-json\/wp\/v2\/types\/page"}],"author":[{"embeddable":true,"href":"http:\/\/suryn.pl\/index.php\/wp-json\/wp\/v2\/users\/1"}],"replies":[{"embeddable":true,"href":"http:\/\/suryn.pl\/index.php\/wp-json\/wp\/v2\/comments?post=2228"}],"version-history":[{"count":3,"href":"http:\/\/suryn.pl\/index.php\/wp-json\/wp\/v2\/pages\/2228\/revisions"}],"predecessor-version":[{"id":2694,"href":"http:\/\/suryn.pl\/index.php\/wp-json\/wp\/v2\/pages\/2228\/revisions\/2694"}],"wp:attachment":[{"href":"http:\/\/suryn.pl\/index.php\/wp-json\/wp\/v2\/media?parent=2228"}],"curies":[{"name":"wp","href":"https:\/\/api.w.org\/{rel}","templated":true}]}}