{"id":2219,"date":"2021-10-20T21:43:54","date_gmt":"2021-10-20T19:43:54","guid":{"rendered":"http:\/\/suryn.pl\/?page_id=2219"},"modified":"2021-10-21T19:15:18","modified_gmt":"2021-10-21T17:15:18","slug":"2219-2","status":"publish","type":"page","link":"http:\/\/suryn.pl\/index.php\/2219-2\/","title":{"rendered":""},"content":{"rendered":"\n<p><\/p>\n\n\n\n<p style=\"font-size:24px\"><strong>Samadhi<\/strong><\/p>\n\n\n\n<h2 class=\"wp-block-heading\">nadziany na oddech<\/h2>\n\n\n\n<h2 class=\"wp-block-heading\">jak ciep\u0142o na p\u0142omie\u0144<\/h2>\n\n\n\n<h2 class=\"wp-block-heading\">jak nadzieja na siebie<\/h2>\n\n\n\n<h2 class=\"wp-block-heading\">\u017cy\u0142em jak rad\u017ca Patanu<\/h2>\n\n\n\n<h2 class=\"wp-block-heading\">lub gepard na ga\u0142\u0119zi<\/h2>\n\n\n\n<h2 class=\"wp-block-heading\">niew\u0105tpliwy od \u015bwitu do \u015bwitu<\/h2>\n\n\n\n<h2 class=\"wp-block-heading\">wype\u0142niony duchem<\/h2>\n\n\n\n<h2 class=\"wp-block-heading\">czyni\u0142em co mia\u0142em \u2013 trwa\u0142em<\/h2>\n\n\n\n<h2 class=\"wp-block-heading\">w nienazwaniu<\/h2>\n\n\n\n<h2 class=\"wp-block-heading\">jak ca\u0142o\u015b\u0107w ca\u0142o\u015bci<\/h2>\n\n\n\n<div style=\"height:439px\" aria-hidden=\"true\" class=\"wp-block-spacer\"><\/div>\n\n\n\n<p class=\"has-text-align-right\"><a href=\"http:\/\/suryn.pl\/index.php\/wiersze-wszystkie\/\">Wszystkie wiersze<\/a><\/p>\n","protected":false},"excerpt":{"rendered":"<p>Samadhi nadziany na oddech jak ciep\u0142o na p\u0142omie\u0144 jak nadzieja na siebie \u017cy\u0142em jak rad\u017ca Patanu lub gepard na ga\u0142\u0119zi niew\u0105tpliwy od \u015bwitu do \u015bwitu wype\u0142niony duchem czyni\u0142em co mia\u0142em \u2013 trwa\u0142em w nienazwaniu jak ca\u0142o\u015b\u0107w ca\u0142o\u015bci Wszystkie wiersze<\/p>\n","protected":false},"author":1,"featured_media":0,"parent":0,"menu_order":0,"comment_status":"closed","ping_status":"closed","template":"","meta":{"footnotes":""},"class_list":["post-2219","page","type-page","status-publish","hentry"],"_links":{"self":[{"href":"http:\/\/suryn.pl\/index.php\/wp-json\/wp\/v2\/pages\/2219","targetHints":{"allow":["GET"]}}],"collection":[{"href":"http:\/\/suryn.pl\/index.php\/wp-json\/wp\/v2\/pages"}],"about":[{"href":"http:\/\/suryn.pl\/index.php\/wp-json\/wp\/v2\/types\/page"}],"author":[{"embeddable":true,"href":"http:\/\/suryn.pl\/index.php\/wp-json\/wp\/v2\/users\/1"}],"replies":[{"embeddable":true,"href":"http:\/\/suryn.pl\/index.php\/wp-json\/wp\/v2\/comments?post=2219"}],"version-history":[{"count":2,"href":"http:\/\/suryn.pl\/index.php\/wp-json\/wp\/v2\/pages\/2219\/revisions"}],"predecessor-version":[{"id":2691,"href":"http:\/\/suryn.pl\/index.php\/wp-json\/wp\/v2\/pages\/2219\/revisions\/2691"}],"wp:attachment":[{"href":"http:\/\/suryn.pl\/index.php\/wp-json\/wp\/v2\/media?parent=2219"}],"curies":[{"name":"wp","href":"https:\/\/api.w.org\/{rel}","templated":true}]}}