{"id":2169,"date":"2021-10-20T21:03:18","date_gmt":"2021-10-20T19:03:18","guid":{"rendered":"http:\/\/suryn.pl\/?page_id=2169"},"modified":"2021-10-21T19:01:37","modified_gmt":"2021-10-21T17:01:37","slug":"2169-2","status":"publish","type":"page","link":"http:\/\/suryn.pl\/index.php\/2169-2\/","title":{"rendered":""},"content":{"rendered":"\n<p><\/p>\n\n\n\n<p style=\"font-size:24px\"><strong>Piek\u0142o i raj zale\u017c\u0105 od ciebie<\/strong><\/p>\n\n\n\n<h2 class=\"wp-block-heading\">kiedy id\u0119 ulic\u0105 <\/h2>\n\n\n\n<h2 class=\"wp-block-heading\">patrz\u0119 na moje buty<\/h2>\n\n\n\n<h2 class=\"wp-block-heading\">wiosenna burza w lutym<\/h2>\n\n\n\n<h2 class=\"wp-block-heading\">\u017curawie przylecia\u0142y tu po swoj\u0105 \u015bmier\u0107<\/h2>\n\n\n\n<h2 class=\"wp-block-heading\">dwa miesi\u0105ce za wcze\u015bnie<\/h2>\n\n\n\n<h2 class=\"wp-block-heading\">Suwa\u0142ki, Sejny, Krasnopol widz\u0105<\/h2>\n\n\n\n<h2 class=\"wp-block-heading\">tkanin\u0119 \u015bwiata <\/h2>\n\n\n\n<h2 class=\"wp-block-heading\">p\u0142owobury sen <\/h2>\n\n\n\n<h2 class=\"wp-block-heading\">w tych chatkach czas i nasze my\u015bli wi\u0105\u017c\u0105<\/h2>\n\n\n\n<h2 class=\"wp-block-heading\">pocz\u0105tek z ko\u0144cem<\/h2>\n\n\n\n<h2 class=\"wp-block-heading\">jeziora topniej\u0105 w po\u0142udnie<\/h2>\n\n\n\n<h2 class=\"wp-block-heading\">by noc\u0105 zamarzn\u0105\u0107<\/h2>\n\n\n\n<h2 class=\"wp-block-heading\">kiedy m\u00f3wi\u0119 o mi\u0142o\u015bci<\/h2>\n\n\n\n<h2 class=\"wp-block-heading\">widz\u0119 pop\u0142och w twoich oczach<\/h2>\n\n\n\n<h2 class=\"wp-block-heading\">to co m\u00f3wisz <\/h2>\n\n\n\n<h2 class=\"wp-block-heading\">parzy<\/h2>\n\n\n\n<p><\/p>\n\n\n\n<div style=\"height:100px\" aria-hidden=\"true\" class=\"wp-block-spacer\"><\/div>\n\n\n\n<p class=\"has-text-align-right\"><a href=\"http:\/\/suryn.pl\/index.php\/wiersze-wszystkie\/\">Wszystkie wiersze<\/a><\/p>\n","protected":false},"excerpt":{"rendered":"<p>Piek\u0142o i raj zale\u017c\u0105 od ciebie kiedy id\u0119 ulic\u0105 patrz\u0119 na moje buty wiosenna burza w lutym \u017curawie przylecia\u0142y tu po swoj\u0105 \u015bmier\u0107 dwa miesi\u0105ce za wcze\u015bnie Suwa\u0142ki, Sejny, Krasnopol widz\u0105 tkanin\u0119 \u015bwiata p\u0142owobury sen w tych chatkach czas i nasze my\u015bli wi\u0105\u017c\u0105 pocz\u0105tek z ko\u0144cem jeziora topniej\u0105 w po\u0142udnie by noc\u0105 zamarzn\u0105\u0107 kiedy m\u00f3wi\u0119 o mi\u0142o\u015bci widz\u0119 pop\u0142och w &#8230;<\/p>\n","protected":false},"author":1,"featured_media":0,"parent":0,"menu_order":0,"comment_status":"closed","ping_status":"closed","template":"","meta":{"footnotes":""},"class_list":["post-2169","page","type-page","status-publish","hentry"],"_links":{"self":[{"href":"http:\/\/suryn.pl\/index.php\/wp-json\/wp\/v2\/pages\/2169","targetHints":{"allow":["GET"]}}],"collection":[{"href":"http:\/\/suryn.pl\/index.php\/wp-json\/wp\/v2\/pages"}],"about":[{"href":"http:\/\/suryn.pl\/index.php\/wp-json\/wp\/v2\/types\/page"}],"author":[{"embeddable":true,"href":"http:\/\/suryn.pl\/index.php\/wp-json\/wp\/v2\/users\/1"}],"replies":[{"embeddable":true,"href":"http:\/\/suryn.pl\/index.php\/wp-json\/wp\/v2\/comments?post=2169"}],"version-history":[{"count":3,"href":"http:\/\/suryn.pl\/index.php\/wp-json\/wp\/v2\/pages\/2169\/revisions"}],"predecessor-version":[{"id":2673,"href":"http:\/\/suryn.pl\/index.php\/wp-json\/wp\/v2\/pages\/2169\/revisions\/2673"}],"wp:attachment":[{"href":"http:\/\/suryn.pl\/index.php\/wp-json\/wp\/v2\/media?parent=2169"}],"curies":[{"name":"wp","href":"https:\/\/api.w.org\/{rel}","templated":true}]}}