{"id":2160,"date":"2021-10-20T20:57:43","date_gmt":"2021-10-20T18:57:43","guid":{"rendered":"http:\/\/suryn.pl\/?page_id=2160"},"modified":"2021-10-21T18:58:01","modified_gmt":"2021-10-21T16:58:01","slug":"2160-2","status":"publish","type":"page","link":"http:\/\/suryn.pl\/index.php\/2160-2\/","title":{"rendered":""},"content":{"rendered":"\n<p><\/p>\n\n\n\n<h2 class=\"wp-block-heading\"><strong>P<\/strong>atrz\u0119 dalej ni\u017c wida\u0107 \u2013<\/h2>\n\n\n\n<h2 class=\"wp-block-heading\">nic nie wida\u0107,<\/h2>\n\n\n\n<h2 class=\"wp-block-heading\">lecz sk\u0105d ta nadzieja?<\/h2>\n\n\n\n<p><\/p>\n\n\n\n<div style=\"height:229px\" aria-hidden=\"true\" class=\"wp-block-spacer\"><\/div>\n\n\n\n<p class=\"has-text-align-right\"><a href=\"http:\/\/suryn.pl\/index.php\/wiersze-wszystkie\/\">Wszystkie wiersze<\/a><\/p>\n","protected":false},"excerpt":{"rendered":"<p>Patrz\u0119 dalej ni\u017c wida\u0107 \u2013 nic nie wida\u0107, lecz sk\u0105d ta nadzieja? Wszystkie wiersze<\/p>\n","protected":false},"author":1,"featured_media":0,"parent":0,"menu_order":0,"comment_status":"closed","ping_status":"closed","template":"","meta":{"footnotes":""},"class_list":["post-2160","page","type-page","status-publish","hentry"],"_links":{"self":[{"href":"http:\/\/suryn.pl\/index.php\/wp-json\/wp\/v2\/pages\/2160","targetHints":{"allow":["GET"]}}],"collection":[{"href":"http:\/\/suryn.pl\/index.php\/wp-json\/wp\/v2\/pages"}],"about":[{"href":"http:\/\/suryn.pl\/index.php\/wp-json\/wp\/v2\/types\/page"}],"author":[{"embeddable":true,"href":"http:\/\/suryn.pl\/index.php\/wp-json\/wp\/v2\/users\/1"}],"replies":[{"embeddable":true,"href":"http:\/\/suryn.pl\/index.php\/wp-json\/wp\/v2\/comments?post=2160"}],"version-history":[{"count":2,"href":"http:\/\/suryn.pl\/index.php\/wp-json\/wp\/v2\/pages\/2160\/revisions"}],"predecessor-version":[{"id":2668,"href":"http:\/\/suryn.pl\/index.php\/wp-json\/wp\/v2\/pages\/2160\/revisions\/2668"}],"wp:attachment":[{"href":"http:\/\/suryn.pl\/index.php\/wp-json\/wp\/v2\/media?parent=2160"}],"curies":[{"name":"wp","href":"https:\/\/api.w.org\/{rel}","templated":true}]}}