{"id":2157,"date":"2021-10-20T20:56:43","date_gmt":"2021-10-20T18:56:43","guid":{"rendered":"http:\/\/suryn.pl\/?page_id=2157"},"modified":"2021-10-21T18:57:40","modified_gmt":"2021-10-21T16:57:40","slug":"2157-2","status":"publish","type":"page","link":"http:\/\/suryn.pl\/index.php\/2157-2\/","title":{"rendered":""},"content":{"rendered":"\n<p><\/p>\n\n\n\n<p style=\"font-size:24px\"><strong>Pasterz smutku swego<\/strong><\/p>\n\n\n\n<p><\/p>\n\n\n\n<h2 class=\"wp-block-heading\">gdybym m\u00f3g\u0142 t\u0119 prawd\u0119<\/h2>\n\n\n\n<h2 class=\"wp-block-heading\">jak balon zgrabnie wypu\u015bci\u0107<\/h2>\n\n\n\n<h2 class=\"wp-block-heading\">ale niestety<\/h2>\n\n\n\n<h2 class=\"wp-block-heading\">szpiedzy w mojej g\u0142owie<\/h2>\n\n\n\n<h2 class=\"wp-block-heading\">wiedz\u0105 wszystko <\/h2>\n\n\n\n<h2 class=\"wp-block-heading\">o Tobie<\/h2>\n\n\n\n<div style=\"height:332px\" aria-hidden=\"true\" class=\"wp-block-spacer\"><\/div>\n\n\n\n<p class=\"has-text-align-right\"><a href=\"http:\/\/suryn.pl\/index.php\/wiersze-wszystkie\/\">Wszystkie wiersze<\/a><\/p>\n","protected":false},"excerpt":{"rendered":"<p>Pasterz smutku swego gdybym m\u00f3g\u0142 t\u0119 prawd\u0119 jak balon zgrabnie wypu\u015bci\u0107 ale niestety szpiedzy w mojej g\u0142owie wiedz\u0105 wszystko o Tobie Wszystkie wiersze<\/p>\n","protected":false},"author":1,"featured_media":0,"parent":0,"menu_order":0,"comment_status":"closed","ping_status":"closed","template":"","meta":{"footnotes":""},"class_list":["post-2157","page","type-page","status-publish","hentry"],"_links":{"self":[{"href":"http:\/\/suryn.pl\/index.php\/wp-json\/wp\/v2\/pages\/2157","targetHints":{"allow":["GET"]}}],"collection":[{"href":"http:\/\/suryn.pl\/index.php\/wp-json\/wp\/v2\/pages"}],"about":[{"href":"http:\/\/suryn.pl\/index.php\/wp-json\/wp\/v2\/types\/page"}],"author":[{"embeddable":true,"href":"http:\/\/suryn.pl\/index.php\/wp-json\/wp\/v2\/users\/1"}],"replies":[{"embeddable":true,"href":"http:\/\/suryn.pl\/index.php\/wp-json\/wp\/v2\/comments?post=2157"}],"version-history":[{"count":3,"href":"http:\/\/suryn.pl\/index.php\/wp-json\/wp\/v2\/pages\/2157\/revisions"}],"predecessor-version":[{"id":2667,"href":"http:\/\/suryn.pl\/index.php\/wp-json\/wp\/v2\/pages\/2157\/revisions\/2667"}],"wp:attachment":[{"href":"http:\/\/suryn.pl\/index.php\/wp-json\/wp\/v2\/media?parent=2157"}],"curies":[{"name":"wp","href":"https:\/\/api.w.org\/{rel}","templated":true}]}}