{"id":2137,"date":"2021-10-20T20:48:43","date_gmt":"2021-10-20T18:48:43","guid":{"rendered":"http:\/\/suryn.pl\/?page_id=2137"},"modified":"2021-10-21T18:51:31","modified_gmt":"2021-10-21T16:51:31","slug":"2137-2","status":"publish","type":"page","link":"http:\/\/suryn.pl\/index.php\/2137-2\/","title":{"rendered":""},"content":{"rendered":"\n<p><\/p>\n\n\n\n<h2 class=\"wp-block-heading\"><strong>O<\/strong>&nbsp;zmierzchu<\/h2>\n\n\n\n<h2 class=\"wp-block-heading\">rozszczepiaj\u0105 si\u0119 \u015bwiaty<\/h2>\n\n\n\n<h2 class=\"wp-block-heading\">ja czuwam<\/h2>\n\n\n\n<h2 class=\"wp-block-heading\">widz\u0119 dwie \u015bcie\u017cki<\/h2>\n\n\n\n<h2 class=\"wp-block-heading\">obie kr\u0119te i zaro\u015bni\u0119te<\/h2>\n\n\n\n<h2 class=\"wp-block-heading\">obie prowadz\u0105 donik\u0105d<\/h2>\n\n\n\n<h2 class=\"wp-block-heading\">lecz tylko jedna<\/h2>\n\n\n\n<h2 class=\"wp-block-heading\">obdarzona jest sercem<\/h2>\n\n\n\n<div style=\"height:237px\" aria-hidden=\"true\" class=\"wp-block-spacer\"><\/div>\n\n\n\n<p class=\"has-text-align-right\"><a href=\"http:\/\/suryn.pl\/index.php\/wiersze-wszystkie\/\">Wszystkie wiersze<\/a><\/p>\n","protected":false},"excerpt":{"rendered":"<p>O&nbsp;zmierzchu rozszczepiaj\u0105 si\u0119 \u015bwiaty ja czuwam widz\u0119 dwie \u015bcie\u017cki obie kr\u0119te i zaro\u015bni\u0119te obie prowadz\u0105 donik\u0105d lecz tylko jedna obdarzona jest sercem Wszystkie wiersze<\/p>\n","protected":false},"author":1,"featured_media":0,"parent":0,"menu_order":0,"comment_status":"closed","ping_status":"closed","template":"","meta":{"footnotes":""},"class_list":["post-2137","page","type-page","status-publish","hentry"],"_links":{"self":[{"href":"http:\/\/suryn.pl\/index.php\/wp-json\/wp\/v2\/pages\/2137","targetHints":{"allow":["GET"]}}],"collection":[{"href":"http:\/\/suryn.pl\/index.php\/wp-json\/wp\/v2\/pages"}],"about":[{"href":"http:\/\/suryn.pl\/index.php\/wp-json\/wp\/v2\/types\/page"}],"author":[{"embeddable":true,"href":"http:\/\/suryn.pl\/index.php\/wp-json\/wp\/v2\/users\/1"}],"replies":[{"embeddable":true,"href":"http:\/\/suryn.pl\/index.php\/wp-json\/wp\/v2\/comments?post=2137"}],"version-history":[{"count":5,"href":"http:\/\/suryn.pl\/index.php\/wp-json\/wp\/v2\/pages\/2137\/revisions"}],"predecessor-version":[{"id":2659,"href":"http:\/\/suryn.pl\/index.php\/wp-json\/wp\/v2\/pages\/2137\/revisions\/2659"}],"wp:attachment":[{"href":"http:\/\/suryn.pl\/index.php\/wp-json\/wp\/v2\/media?parent=2137"}],"curies":[{"name":"wp","href":"https:\/\/api.w.org\/{rel}","templated":true}]}}