{"id":2127,"date":"2021-10-20T20:44:06","date_gmt":"2021-10-20T18:44:06","guid":{"rendered":"http:\/\/suryn.pl\/?page_id=2127"},"modified":"2021-10-21T21:06:21","modified_gmt":"2021-10-21T19:06:21","slug":"2127-2","status":"publish","type":"page","link":"http:\/\/suryn.pl\/index.php\/2127-2\/","title":{"rendered":""},"content":{"rendered":"\n<div class=\"wp-block-group\"><div class=\"wp-block-group__inner-container is-layout-flow wp-block-group-is-layout-flow\">\n<div class=\"wp-block-group\"><div class=\"wp-block-group__inner-container is-layout-flow wp-block-group-is-layout-flow\">\n<div class=\"wp-block-group\"><div class=\"wp-block-group__inner-container is-layout-flow wp-block-group-is-layout-flow\">\n<p><\/p>\n\n\n\n<p style=\"font-size:24px\"><strong>Oto droga<\/strong><\/p>\n\n\n\n<p><\/p>\n\n\n\n<div class=\"wp-block-group\"><div class=\"wp-block-group__inner-container is-layout-flow wp-block-group-is-layout-flow\">\n<div class=\"wp-block-group\"><div class=\"wp-block-group__inner-container is-layout-flow wp-block-group-is-layout-flow\">\n<h2 class=\"wp-block-heading\">oto droga twojego imienia <\/h2>\n\n\n\n<h2 class=\"wp-block-heading\">jest taka jak my\u015blisz<\/h2>\n\n\n\n<h2 class=\"wp-block-heading\">i jedyna <\/h2>\n\n\n\n<h2 class=\"wp-block-heading\">nie mo\u017cesz zab\u0142\u0105dzi\u0107<\/h2>\n\n\n\n<h2 class=\"wp-block-heading\">b\u0142\u0105dzenie jest drog\u0105<\/h2>\n\n\n\n<h2 class=\"wp-block-heading\">nie mo\u017cesz zawr\u00f3ci\u0107<\/h2>\n\n\n\n<h2 class=\"wp-block-heading\">tam ju\u017c nic nie ma<\/h2>\n\n\n\n<h2 class=\"wp-block-heading\">nie mo\u017cesz si\u0119 zatrzyma\u0107<\/h2>\n\n\n\n<h2 class=\"wp-block-heading\">bo nie mo\u017cesz si\u0119 zatrzyma\u0107<\/h2>\n<\/div><\/div>\n<\/div><\/div>\n<\/div><\/div>\n<\/div><\/div>\n\n\n\n<div style=\"height:100px\" aria-hidden=\"true\" class=\"wp-block-spacer\"><\/div>\n\n\n\n<p><\/p>\n<\/div><\/div>\n\n\n\n<p class=\"has-text-align-right\"><a href=\"http:\/\/suryn.pl\/index.php\/wiersze-wszystkie\/\">Wszystkie wiersze<\/a><\/p>\n","protected":false},"excerpt":{"rendered":"<p>Oto droga oto droga twojego imienia jest taka jak my\u015blisz i jedyna nie mo\u017cesz zab\u0142\u0105dzi\u0107 b\u0142\u0105dzenie jest drog\u0105 nie mo\u017cesz zawr\u00f3ci\u0107 tam ju\u017c nic nie ma nie mo\u017cesz si\u0119 zatrzyma\u0107 bo nie mo\u017cesz si\u0119 zatrzyma\u0107 Wszystkie wiersze<\/p>\n","protected":false},"author":1,"featured_media":0,"parent":0,"menu_order":0,"comment_status":"closed","ping_status":"closed","template":"","meta":{"footnotes":""},"class_list":["post-2127","page","type-page","status-publish","hentry"],"_links":{"self":[{"href":"http:\/\/suryn.pl\/index.php\/wp-json\/wp\/v2\/pages\/2127","targetHints":{"allow":["GET"]}}],"collection":[{"href":"http:\/\/suryn.pl\/index.php\/wp-json\/wp\/v2\/pages"}],"about":[{"href":"http:\/\/suryn.pl\/index.php\/wp-json\/wp\/v2\/types\/page"}],"author":[{"embeddable":true,"href":"http:\/\/suryn.pl\/index.php\/wp-json\/wp\/v2\/users\/1"}],"replies":[{"embeddable":true,"href":"http:\/\/suryn.pl\/index.php\/wp-json\/wp\/v2\/comments?post=2127"}],"version-history":[{"count":16,"href":"http:\/\/suryn.pl\/index.php\/wp-json\/wp\/v2\/pages\/2127\/revisions"}],"predecessor-version":[{"id":2736,"href":"http:\/\/suryn.pl\/index.php\/wp-json\/wp\/v2\/pages\/2127\/revisions\/2736"}],"wp:attachment":[{"href":"http:\/\/suryn.pl\/index.php\/wp-json\/wp\/v2\/media?parent=2127"}],"curies":[{"name":"wp","href":"https:\/\/api.w.org\/{rel}","templated":true}]}}