{"id":2119,"date":"2021-10-14T18:08:39","date_gmt":"2021-10-14T16:08:39","guid":{"rendered":"http:\/\/suryn.pl\/?page_id=2119"},"modified":"2021-10-21T18:19:44","modified_gmt":"2021-10-21T16:19:44","slug":"2119-2","status":"publish","type":"page","link":"http:\/\/suryn.pl\/index.php\/2119-2\/","title":{"rendered":""},"content":{"rendered":"\n<p><\/p>\n\n\n\n<h2 class=\"wp-block-heading\"><strong>O<\/strong>ne s\u0105 tam gdzie dzie\u0144 si\u0119 ko\u0144czy<\/h2>\n\n\n\n<h2 class=\"wp-block-heading\">mi\u0119dzy lud\u017ami, traw\u0105 a zwierz\u0119tami<\/h2>\n\n\n\n<h2 class=\"wp-block-heading\">lekkie maj\u0105 ubranka<\/h2>\n\n\n\n<h2 class=\"wp-block-heading\">oczy jak pasikonik<\/h2>\n\n\n\n<h2 class=\"wp-block-heading\">i g\u0142osik \u0142askotliwy<\/h2>\n\n\n\n<h2 class=\"wp-block-heading\">zwo\u0142uj\u0105 si\u0119 w porze<\/h2>\n\n\n\n<h2 class=\"wp-block-heading\">pierwszych kropel rosy<\/h2>\n\n\n\n<h2 class=\"wp-block-heading\">przemykaj\u0105 bystro mi\u0119dzy szczawiem, <\/h2>\n\n\n\n<h2 class=\"wp-block-heading\">tymiank\u0105 a p\u0142otami<\/h2>\n\n\n\n<h2 class=\"wp-block-heading\">my\u015bl\u0119, \u017ce strzeg\u0105 tej sytej chwili<\/h2>\n\n\n\n<h2 class=\"wp-block-heading\">k\u0105pieli s\u0142o\u0144ca<\/h2>\n\n\n\n<h2 class=\"wp-block-heading\">i spuszczania zas\u0142on wieczoru<\/h2>\n\n\n\n<h2 class=\"wp-block-heading\">jest ich niewiele<\/h2>\n\n\n\n<h2 class=\"wp-block-heading\">i jakby ostatnio smutniejsze<\/h2>\n\n\n\n<h2 class=\"wp-block-heading\">ten je zobaczy<\/h2>\n\n\n\n<h2 class=\"wp-block-heading\">kto ma du\u017co czasu<\/h2>\n\n\n\n<h2 class=\"wp-block-heading\">by boso na \u0142\u0105ce<\/h2>\n\n\n\n<h2 class=\"wp-block-heading\">siebie zapomnie\u0107<\/h2>\n\n\n\n<p><\/p>\n\n\n\n<div style=\"height:500px\" aria-hidden=\"true\" class=\"wp-block-spacer\"><\/div>\n\n\n\n<div style=\"height:134px\" aria-hidden=\"true\" class=\"wp-block-spacer\"><\/div>\n\n\n\n<p class=\"has-text-align-right\"><a href=\"http:\/\/suryn.pl\/index.php\/wiersze-wszystkie\/\">Wszystkie wiersze<\/a><\/p>\n","protected":false},"excerpt":{"rendered":"<p>One s\u0105 tam gdzie dzie\u0144 si\u0119 ko\u0144czy mi\u0119dzy lud\u017ami, traw\u0105 a zwierz\u0119tami lekkie maj\u0105 ubranka oczy jak pasikonik i g\u0142osik \u0142askotliwy zwo\u0142uj\u0105 si\u0119 w porze pierwszych kropel rosy przemykaj\u0105 bystro mi\u0119dzy szczawiem, tymiank\u0105 a p\u0142otami my\u015bl\u0119, \u017ce strzeg\u0105 tej sytej chwili k\u0105pieli s\u0142o\u0144ca i spuszczania zas\u0142on wieczoru jest ich niewiele i jakby ostatnio smutniejsze ten je zobaczy kto ma du\u017co &#8230;<\/p>\n","protected":false},"author":1,"featured_media":0,"parent":0,"menu_order":0,"comment_status":"closed","ping_status":"closed","template":"","meta":{"footnotes":""},"class_list":["post-2119","page","type-page","status-publish","hentry"],"_links":{"self":[{"href":"http:\/\/suryn.pl\/index.php\/wp-json\/wp\/v2\/pages\/2119","targetHints":{"allow":["GET"]}}],"collection":[{"href":"http:\/\/suryn.pl\/index.php\/wp-json\/wp\/v2\/pages"}],"about":[{"href":"http:\/\/suryn.pl\/index.php\/wp-json\/wp\/v2\/types\/page"}],"author":[{"embeddable":true,"href":"http:\/\/suryn.pl\/index.php\/wp-json\/wp\/v2\/users\/1"}],"replies":[{"embeddable":true,"href":"http:\/\/suryn.pl\/index.php\/wp-json\/wp\/v2\/comments?post=2119"}],"version-history":[{"count":3,"href":"http:\/\/suryn.pl\/index.php\/wp-json\/wp\/v2\/pages\/2119\/revisions"}],"predecessor-version":[{"id":2640,"href":"http:\/\/suryn.pl\/index.php\/wp-json\/wp\/v2\/pages\/2119\/revisions\/2640"}],"wp:attachment":[{"href":"http:\/\/suryn.pl\/index.php\/wp-json\/wp\/v2\/media?parent=2119"}],"curies":[{"name":"wp","href":"https:\/\/api.w.org\/{rel}","templated":true}]}}

<p></p>



<h2 class="wp-block-heading"><strong>O</strong>ne są tam gdzie dzień się kończy</h2>



<h2 class="wp-block-heading">między ludźmi, trawą a zwierzętami</h2>



<h2 class="wp-block-heading">lekkie mają ubranka</h2>



<h2 class="wp-block-heading">oczy jak pasikonik</h2>



<h2 class="wp-block-heading">i głosik łaskotliwy</h2>



<h2 class="wp-block-heading">zwołują się w porze</h2>



<h2 class="wp-block-heading">pierwszych kropel rosy</h2>



<h2 class="wp-block-heading">przemykają bystro między szczawiem, </h2>



<h2 class="wp-block-heading">tymianką a płotami</h2>



<h2 class="wp-block-heading">myślę, że strzegą tej sytej chwili</h2>



<h2 class="wp-block-heading">kąpieli słońca</h2>



<h2 class="wp-block-heading">i spuszczania zasłon wieczoru</h2>



<h2 class="wp-block-heading">jest ich niewiele</h2>



<h2 class="wp-block-heading">i jakby ostatnio smutniejsze</h2>



<h2 class="wp-block-heading">ten je zobaczy</h2>



<h2 class="wp-block-heading">kto ma dużo czasu</h2>



<h2 class="wp-block-heading">by boso na łące</h2>



<h2 class="wp-block-heading">siebie zapomnieć</h2>



<p></p>



<div style="height:500px" aria-hidden="true" class="wp-block-spacer"></div>



<div style="height:134px" aria-hidden="true" class="wp-block-spacer"></div>



<p class="has-text-align-right"><a href="http://suryn.pl/index.php/wiersze-wszystkie/">Wszystkie wiersze</a></p>

<p>One są tam gdzie dzień się kończy między ludźmi, trawą a zwierzętami lekkie mają ubranka oczy jak pasikonik i głosik łaskotliwy zwołują się w porze pierwszych kropel rosy przemykają bystro między szczawiem, tymianką a płotami myślę, że strzegą tej sytej chwili kąpieli słońca i spuszczania zasłon wieczoru jest ich niewiele i jakby ostatnio smutniejsze ten je zobaczy kto ma dużo &#8230;</p>
