{"id":2041,"date":"2021-10-14T17:17:57","date_gmt":"2021-10-14T15:17:57","guid":{"rendered":"http:\/\/suryn.pl\/?page_id=2041"},"modified":"2021-10-21T17:15:11","modified_gmt":"2021-10-21T15:15:11","slug":"2041-2","status":"publish","type":"page","link":"http:\/\/suryn.pl\/index.php\/2041-2\/","title":{"rendered":""},"content":{"rendered":"\n<p><\/p>\n\n\n\n<h2 class=\"wp-block-heading\"><strong>M<\/strong>\u00f3wisz mi\u0142o\u015b\u0107<\/h2>\n\n\n\n<h2 class=\"wp-block-heading\">gapi\u0119 si\u0119 na twe usta<\/h2>\n\n\n\n<h2 class=\"wp-block-heading\">i chcia\u0142bym ci\u0119 obj\u0105\u0107<\/h2>\n\n\n\n<h2 class=\"wp-block-heading\">przy okazji p\u0142osz\u0105c ca\u0142y las<\/h2>\n\n\n\n<h2 class=\"wp-block-heading\">potem przez okno na \u015bwiat<\/h2>\n\n\n\n<h2 class=\"wp-block-heading\">sikorka starannie przeszukuje pie\u0144<\/h2>\n\n\n\n<h2 class=\"wp-block-heading\">i nie ma w\u0105tpliwo\u015bci<\/h2>\n\n\n\n<h2 class=\"wp-block-heading\">\u017ce jedynie ona jest tu<\/h2>\n\n\n\n<h2 class=\"wp-block-heading\">na swoim miejscu<\/h2>\n\n\n\n<p><\/p>\n\n\n\n<div style=\"height:401px\" aria-hidden=\"true\" class=\"wp-block-spacer\"><\/div>\n\n\n\n<p class=\"has-text-align-right\"><a href=\"http:\/\/suryn.pl\/index.php\/wiersze-wszystkie\/\">Wszystkie wiersze<\/a><\/p>\n","protected":false},"excerpt":{"rendered":"<p>M\u00f3wisz mi\u0142o\u015b\u0107 gapi\u0119 si\u0119 na twe usta i chcia\u0142bym ci\u0119 obj\u0105\u0107 przy okazji p\u0142osz\u0105c ca\u0142y las potem przez okno na \u015bwiat sikorka starannie przeszukuje pie\u0144 i nie ma w\u0105tpliwo\u015bci \u017ce jedynie ona jest tu na swoim miejscu Wszystkie wiersze<\/p>\n","protected":false},"author":1,"featured_media":0,"parent":0,"menu_order":0,"comment_status":"closed","ping_status":"closed","template":"","meta":{"footnotes":""},"class_list":["post-2041","page","type-page","status-publish","hentry"],"_links":{"self":[{"href":"http:\/\/suryn.pl\/index.php\/wp-json\/wp\/v2\/pages\/2041","targetHints":{"allow":["GET"]}}],"collection":[{"href":"http:\/\/suryn.pl\/index.php\/wp-json\/wp\/v2\/pages"}],"about":[{"href":"http:\/\/suryn.pl\/index.php\/wp-json\/wp\/v2\/types\/page"}],"author":[{"embeddable":true,"href":"http:\/\/suryn.pl\/index.php\/wp-json\/wp\/v2\/users\/1"}],"replies":[{"embeddable":true,"href":"http:\/\/suryn.pl\/index.php\/wp-json\/wp\/v2\/comments?post=2041"}],"version-history":[{"count":2,"href":"http:\/\/suryn.pl\/index.php\/wp-json\/wp\/v2\/pages\/2041\/revisions"}],"predecessor-version":[{"id":2613,"href":"http:\/\/suryn.pl\/index.php\/wp-json\/wp\/v2\/pages\/2041\/revisions\/2613"}],"wp:attachment":[{"href":"http:\/\/suryn.pl\/index.php\/wp-json\/wp\/v2\/media?parent=2041"}],"curies":[{"name":"wp","href":"https:\/\/api.w.org\/{rel}","templated":true}]}}