{"id":1985,"date":"2021-10-14T16:45:56","date_gmt":"2021-10-14T14:45:56","guid":{"rendered":"http:\/\/suryn.pl\/?page_id=1985"},"modified":"2022-06-01T20:19:31","modified_gmt":"2022-06-01T18:19:31","slug":"1985-2","status":"publish","type":"page","link":"http:\/\/suryn.pl\/index.php\/1985-2\/","title":{"rendered":""},"content":{"rendered":"\n<p><\/p>\n\n\n\n<p style=\"font-size:24px\"><strong>Magia<\/strong><strong><\/strong><\/p>\n\n\n\n<p><em>koledze w mie\u015bcie<\/em><\/p>\n\n\n\n<p><\/p>\n\n\n\n<p><\/p>\n\n\n\n<h2 class=\"wp-block-heading\">wiatr, pszczo\u0142y<\/h2>\n\n\n\n<h2 class=\"wp-block-heading\">i muzyka co wionie<\/h2>\n\n\n\n<h2 class=\"wp-block-heading\">k\u0119dy chce<\/h2>\n\n\n\n<h2 class=\"wp-block-heading\">\u015bpiewaj\u0105 ptaki<\/h2>\n\n\n\n<h2 class=\"wp-block-heading\">pluszcze woda<\/h2>\n\n\n\n<h2 class=\"wp-block-heading\">wszystko to<\/h2>\n\n\n\n<h2 class=\"wp-block-heading\">&#8211; jaka szkoda &#8211;<\/h2>\n\n\n\n<h2 class=\"wp-block-heading\">omija ci\u0119<\/h2>\n\n\n\n<p><\/p>\n\n\n\n<div style=\"height:345px\" aria-hidden=\"true\" class=\"wp-block-spacer\"><\/div>\n\n\n\n<p class=\"has-text-align-right\"><a href=\"http:\/\/suryn.pl\/index.php\/wiersze-wszystkie\/\">Wszystkie wiersze<\/a><\/p>\n","protected":false},"excerpt":{"rendered":"<p>Magia koledze w mie\u015bcie wiatr, pszczo\u0142y i muzyka co wionie k\u0119dy chce \u015bpiewaj\u0105 ptaki pluszcze woda wszystko to &#8211; jaka szkoda &#8211; omija ci\u0119 Wszystkie wiersze<\/p>\n","protected":false},"author":1,"featured_media":0,"parent":0,"menu_order":0,"comment_status":"closed","ping_status":"closed","template":"","meta":{"footnotes":""},"class_list":["post-1985","page","type-page","status-publish","hentry"],"_links":{"self":[{"href":"http:\/\/suryn.pl\/index.php\/wp-json\/wp\/v2\/pages\/1985","targetHints":{"allow":["GET"]}}],"collection":[{"href":"http:\/\/suryn.pl\/index.php\/wp-json\/wp\/v2\/pages"}],"about":[{"href":"http:\/\/suryn.pl\/index.php\/wp-json\/wp\/v2\/types\/page"}],"author":[{"embeddable":true,"href":"http:\/\/suryn.pl\/index.php\/wp-json\/wp\/v2\/users\/1"}],"replies":[{"embeddable":true,"href":"http:\/\/suryn.pl\/index.php\/wp-json\/wp\/v2\/comments?post=1985"}],"version-history":[{"count":4,"href":"http:\/\/suryn.pl\/index.php\/wp-json\/wp\/v2\/pages\/1985\/revisions"}],"predecessor-version":[{"id":2956,"href":"http:\/\/suryn.pl\/index.php\/wp-json\/wp\/v2\/pages\/1985\/revisions\/2956"}],"wp:attachment":[{"href":"http:\/\/suryn.pl\/index.php\/wp-json\/wp\/v2\/media?parent=1985"}],"curies":[{"name":"wp","href":"https:\/\/api.w.org\/{rel}","templated":true}]}}