{"id":1978,"date":"2021-10-14T00:12:06","date_gmt":"2021-10-13T22:12:06","guid":{"rendered":"http:\/\/suryn.pl\/?page_id=1978"},"modified":"2021-10-21T16:58:14","modified_gmt":"2021-10-21T14:58:14","slug":"1978-2","status":"publish","type":"page","link":"http:\/\/suryn.pl\/index.php\/1978-2\/","title":{"rendered":""},"content":{"rendered":"\n<p><\/p>\n\n\n\n<h2 class=\"wp-block-heading\"><strong>L<\/strong>ubi\u0142em s\u0142ucha\u0107 majacz\u0105cych witra\u017cy<\/h2>\n\n\n\n<h2 class=\"wp-block-heading\">zapala\u0142y si\u0119 w czasie<\/h2>\n\n\n\n<h2 class=\"wp-block-heading\">ostatnich cyranek<\/h2>\n\n\n\n<h2 class=\"wp-block-heading\">lukiem nasyconych w\u0119\u017cy<\/h2>\n\n\n\n<h2 class=\"wp-block-heading\">i czego\u015b co pulsowa\u0142o na kra\u0144cach<\/h2>\n\n\n\n<h2 class=\"wp-block-heading\">byli\u015bmy sami<\/h2>\n\n\n\n<h2 class=\"wp-block-heading\">siedzia\u0142em w niedzielnej trawie<\/h2>\n\n\n\n<h2 class=\"wp-block-heading\">wodz\u0105c palcem po szlakach zmierzwionych<\/h2>\n\n\n\n<h2 class=\"wp-block-heading\">prowincji<\/h2>\n\n\n\n<h2 class=\"wp-block-heading\">t\u0119\u017ca\u0142y w walce armie wiolin\u00f3w<\/h2>\n\n\n\n<h2 class=\"wp-block-heading\">latawce<\/h2>\n\n\n\n<h2 class=\"wp-block-heading\">sterowce pe\u0142ne aerolitycznych spojrze\u0144<\/h2>\n\n\n\n<h2 class=\"wp-block-heading\">\u015bpiewa\u0142a\u015b na sztandarach<\/h2>\n\n\n\n<h2 class=\"wp-block-heading\">stos zawiedzionej Europy<\/h2>\n\n\n\n<h2 class=\"wp-block-heading\">sfrun\u0105\u0142 Albert<\/h2>\n\n\n\n<h2 class=\"wp-block-heading\">wype\u0142niony po wargi<\/h2>\n\n\n\n<h2 class=\"wp-block-heading\">dyskrecjami z dworu twego<\/h2>\n\n\n\n<h2 class=\"wp-block-heading\">ot\u00f3\u017c mam przyjemno\u015b\u0107 donie\u015b\u0107<\/h2>\n\n\n\n<h2 class=\"wp-block-heading\">\u017ce zbuntowa\u0142y si\u0119 armie<\/h2>\n\n\n\n<h2 class=\"wp-block-heading\">zakochanych czerwieni<\/h2>\n\n\n\n<h2 class=\"wp-block-heading\">spaceruj\u0105c nadszed\u0142 ogr\u00f3d<\/h2>\n\n\n\n<h2 class=\"wp-block-heading\">fortissimo<\/h2>\n\n\n\n<h2 class=\"wp-block-heading\">oczywisto\u015b\u0107 zieleni zdumia\u0142a nas<\/h2>\n\n\n\n<h2 class=\"wp-block-heading\">ile antypod\u00f3w<\/h2>\n\n\n\n<h2 class=\"wp-block-heading\">mog\u0142aby\u015b jeszcze pomie\u015bci\u0107<\/h2>\n\n\n\n<p><\/p>\n\n\n\n<div style=\"height:413px\" aria-hidden=\"true\" class=\"wp-block-spacer\"><\/div>\n\n\n\n<p class=\"has-text-align-right\"><a href=\"http:\/\/suryn.pl\/index.php\/wiersze-wszystkie\/\">Wszystkie wiersze<\/a><\/p>\n","protected":false},"excerpt":{"rendered":"<p>Lubi\u0142em s\u0142ucha\u0107 majacz\u0105cych witra\u017cy zapala\u0142y si\u0119 w czasie ostatnich cyranek lukiem nasyconych w\u0119\u017cy i czego\u015b co pulsowa\u0142o na kra\u0144cach byli\u015bmy sami siedzia\u0142em w niedzielnej trawie wodz\u0105c palcem po szlakach zmierzwionych prowincji t\u0119\u017ca\u0142y w walce armie wiolin\u00f3w latawce sterowce pe\u0142ne aerolitycznych spojrze\u0144 \u015bpiewa\u0142a\u015b na sztandarach stos zawiedzionej Europy sfrun\u0105\u0142 Albert wype\u0142niony po wargi dyskrecjami z dworu twego ot\u00f3\u017c mam przyjemno\u015b\u0107 donie\u015b\u0107 &#8230;<\/p>\n","protected":false},"author":1,"featured_media":0,"parent":0,"menu_order":0,"comment_status":"closed","ping_status":"closed","template":"","meta":{"footnotes":""},"class_list":["post-1978","page","type-page","status-publish","hentry"],"_links":{"self":[{"href":"http:\/\/suryn.pl\/index.php\/wp-json\/wp\/v2\/pages\/1978","targetHints":{"allow":["GET"]}}],"collection":[{"href":"http:\/\/suryn.pl\/index.php\/wp-json\/wp\/v2\/pages"}],"about":[{"href":"http:\/\/suryn.pl\/index.php\/wp-json\/wp\/v2\/types\/page"}],"author":[{"embeddable":true,"href":"http:\/\/suryn.pl\/index.php\/wp-json\/wp\/v2\/users\/1"}],"replies":[{"embeddable":true,"href":"http:\/\/suryn.pl\/index.php\/wp-json\/wp\/v2\/comments?post=1978"}],"version-history":[{"count":2,"href":"http:\/\/suryn.pl\/index.php\/wp-json\/wp\/v2\/pages\/1978\/revisions"}],"predecessor-version":[{"id":2592,"href":"http:\/\/suryn.pl\/index.php\/wp-json\/wp\/v2\/pages\/1978\/revisions\/2592"}],"wp:attachment":[{"href":"http:\/\/suryn.pl\/index.php\/wp-json\/wp\/v2\/media?parent=1978"}],"curies":[{"name":"wp","href":"https:\/\/api.w.org\/{rel}","templated":true}]}}