{"id":1934,"date":"2021-10-13T23:52:38","date_gmt":"2021-10-13T21:52:38","guid":{"rendered":"http:\/\/suryn.pl\/?page_id=1934"},"modified":"2021-10-21T15:34:59","modified_gmt":"2021-10-21T13:34:59","slug":"1934-2","status":"publish","type":"page","link":"http:\/\/suryn.pl\/index.php\/1934-2\/","title":{"rendered":""},"content":{"rendered":"\n<p><\/p>\n\n\n\n<h2 class=\"wp-block-heading\"><strong>K<\/strong>iedy tak milczysz<\/h2>\n\n\n\n<h2 class=\"wp-block-heading\">w niebog\u0142osy<\/h2>\n\n\n\n<h2 class=\"wp-block-heading\">s\u0142ucha ci\u0119 tylko<\/h2>\n\n\n\n<h2 class=\"wp-block-heading\">kos<\/h2>\n\n\n\n<h2 class=\"wp-block-heading\">a ja mam<\/h2>\n\n\n\n<h2 class=\"wp-block-heading\">pe\u0142ne serce tej chwili<\/h2>\n\n\n\n<h2 class=\"wp-block-heading\">i boj\u0119 si\u0119 poruszy\u0107<\/h2>\n\n\n\n<h2 class=\"wp-block-heading\">by nie skruszy\u0107<\/h2>\n\n\n\n<h2 class=\"wp-block-heading\">ten kochany las<\/h2>\n\n\n\n<h2 class=\"wp-block-heading\">z porcelany<\/h2>\n\n\n\n<div style=\"height:401px\" aria-hidden=\"true\" class=\"wp-block-spacer\"><\/div>\n\n\n\n<p class=\"has-text-align-right\"><a href=\"http:\/\/suryn.pl\/index.php\/wiersze-wszystkie\/\">Wszystkie wiersze<\/a><\/p>\n","protected":false},"excerpt":{"rendered":"<p>Kiedy tak milczysz w niebog\u0142osy s\u0142ucha ci\u0119 tylko kos a ja mam pe\u0142ne serce tej chwili i boj\u0119 si\u0119 poruszy\u0107 by nie skruszy\u0107 ten kochany las z porcelany Wszystkie wiersze<\/p>\n","protected":false},"author":1,"featured_media":0,"parent":0,"menu_order":0,"comment_status":"closed","ping_status":"closed","template":"","meta":{"footnotes":""},"class_list":["post-1934","page","type-page","status-publish","hentry"],"_links":{"self":[{"href":"http:\/\/suryn.pl\/index.php\/wp-json\/wp\/v2\/pages\/1934","targetHints":{"allow":["GET"]}}],"collection":[{"href":"http:\/\/suryn.pl\/index.php\/wp-json\/wp\/v2\/pages"}],"about":[{"href":"http:\/\/suryn.pl\/index.php\/wp-json\/wp\/v2\/types\/page"}],"author":[{"embeddable":true,"href":"http:\/\/suryn.pl\/index.php\/wp-json\/wp\/v2\/users\/1"}],"replies":[{"embeddable":true,"href":"http:\/\/suryn.pl\/index.php\/wp-json\/wp\/v2\/comments?post=1934"}],"version-history":[{"count":3,"href":"http:\/\/suryn.pl\/index.php\/wp-json\/wp\/v2\/pages\/1934\/revisions"}],"predecessor-version":[{"id":2580,"href":"http:\/\/suryn.pl\/index.php\/wp-json\/wp\/v2\/pages\/1934\/revisions\/2580"}],"wp:attachment":[{"href":"http:\/\/suryn.pl\/index.php\/wp-json\/wp\/v2\/media?parent=1934"}],"curies":[{"name":"wp","href":"https:\/\/api.w.org\/{rel}","templated":true}]}}