{"id":1906,"date":"2021-10-13T23:38:05","date_gmt":"2021-10-13T21:38:05","guid":{"rendered":"http:\/\/suryn.pl\/?page_id=1906"},"modified":"2021-10-21T15:25:37","modified_gmt":"2021-10-21T13:25:37","slug":"1906-2","status":"publish","type":"page","link":"http:\/\/suryn.pl\/index.php\/1906-2\/","title":{"rendered":""},"content":{"rendered":"\n<p><\/p>\n\n\n\n<h2 class=\"wp-block-heading\"><strong>J<\/strong>eszcze jeden wiersz<\/h2>\n\n\n\n<h2 class=\"wp-block-heading\">a nie jest to \u0142atwe<\/h2>\n\n\n\n<h2 class=\"wp-block-heading\">gdy si\u0119 wie zbyt wiele<\/h2>\n\n\n\n<h2 class=\"wp-block-heading\">a nic si\u0119 nie wie<\/h2>\n\n\n\n<h2 class=\"wp-block-heading\">sama bieg\u0142o\u015b\u0107 litery<\/h2>\n\n\n\n<h2 class=\"wp-block-heading\">tu nie wystarcza<\/h2>\n\n\n\n<h2 class=\"wp-block-heading\">ani t\u0119sknota<\/h2>\n\n\n\n<h2 class=\"wp-block-heading\">pr\u00f3\u017cna robota<\/h2>\n\n\n\n<h2 class=\"wp-block-heading\">gdy prawda przez ciebie<\/h2>\n\n\n\n<h2 class=\"wp-block-heading\">nie za\u015bwiadcza<\/h2>\n\n\n\n<div style=\"height:301px\" aria-hidden=\"true\" class=\"wp-block-spacer\"><\/div>\n\n\n\n<p class=\"has-text-align-right\"><a href=\"http:\/\/suryn.pl\/index.php\/wiersze-wszystkie\/\">Wszystkie wiersze<\/a><\/p>\n","protected":false},"excerpt":{"rendered":"<p>Jeszcze jeden wiersz a nie jest to \u0142atwe gdy si\u0119 wie zbyt wiele a nic si\u0119 nie wie sama bieg\u0142o\u015b\u0107 litery tu nie wystarcza ani t\u0119sknota pr\u00f3\u017cna robota gdy prawda przez ciebie nie za\u015bwiadcza Wszystkie wiersze<\/p>\n","protected":false},"author":1,"featured_media":0,"parent":0,"menu_order":0,"comment_status":"closed","ping_status":"closed","template":"","meta":{"footnotes":""},"class_list":["post-1906","page","type-page","status-publish","hentry"],"_links":{"self":[{"href":"http:\/\/suryn.pl\/index.php\/wp-json\/wp\/v2\/pages\/1906","targetHints":{"allow":["GET"]}}],"collection":[{"href":"http:\/\/suryn.pl\/index.php\/wp-json\/wp\/v2\/pages"}],"about":[{"href":"http:\/\/suryn.pl\/index.php\/wp-json\/wp\/v2\/types\/page"}],"author":[{"embeddable":true,"href":"http:\/\/suryn.pl\/index.php\/wp-json\/wp\/v2\/users\/1"}],"replies":[{"embeddable":true,"href":"http:\/\/suryn.pl\/index.php\/wp-json\/wp\/v2\/comments?post=1906"}],"version-history":[{"count":2,"href":"http:\/\/suryn.pl\/index.php\/wp-json\/wp\/v2\/pages\/1906\/revisions"}],"predecessor-version":[{"id":2571,"href":"http:\/\/suryn.pl\/index.php\/wp-json\/wp\/v2\/pages\/1906\/revisions\/2571"}],"wp:attachment":[{"href":"http:\/\/suryn.pl\/index.php\/wp-json\/wp\/v2\/media?parent=1906"}],"curies":[{"name":"wp","href":"https:\/\/api.w.org\/{rel}","templated":true}]}}