{"id":1893,"date":"2021-10-13T23:32:35","date_gmt":"2021-10-13T21:32:35","guid":{"rendered":"http:\/\/suryn.pl\/?page_id=1893"},"modified":"2021-10-21T15:20:17","modified_gmt":"2021-10-21T13:20:17","slug":"1893-2","status":"publish","type":"page","link":"http:\/\/suryn.pl\/index.php\/1893-2\/","title":{"rendered":""},"content":{"rendered":"\n<p><\/p>\n\n\n\n<h2 class=\"wp-block-heading\"><strong>J<\/strong>este\u015bmy<\/h2>\n\n\n\n<h2 class=\"wp-block-heading\">spaceruj\u0105 nimfy<\/h2>\n\n\n\n<h2 class=\"wp-block-heading\">obrazy<\/h2>\n\n\n\n<h2 class=\"wp-block-heading\">jasne i ciemne<\/h2>\n\n\n\n<h2 class=\"wp-block-heading\">\u015bwi\u0119to \u015bwiata<\/h2>\n\n\n\n<p><\/p>\n\n\n\n<h2 class=\"wp-block-heading\">s\u0105 bramy z kamienia<\/h2>\n\n\n\n<h2 class=\"wp-block-heading\">drzewa i powietrza<\/h2>\n\n\n\n<h2 class=\"wp-block-heading\">a wszystko nad nami<\/h2>\n\n\n\n<p><\/p>\n\n\n\n<h2 class=\"wp-block-heading\">oko oczywisto\u015bci<\/h2>\n\n\n\n<h2 class=\"wp-block-heading\">ogromne otwarte<\/h2>\n\n\n\n<div style=\"height:342px\" aria-hidden=\"true\" class=\"wp-block-spacer\"><\/div>\n\n\n\n<p class=\"has-text-align-right\"><a href=\"http:\/\/suryn.pl\/index.php\/wiersze-wszystkie\/\">Wszystkie wiersze<\/a><\/p>\n","protected":false},"excerpt":{"rendered":"<p>Jeste\u015bmy spaceruj\u0105 nimfy obrazy jasne i ciemne \u015bwi\u0119to \u015bwiata s\u0105 bramy z kamienia drzewa i powietrza a wszystko nad nami oko oczywisto\u015bci ogromne otwarte Wszystkie wiersze<\/p>\n","protected":false},"author":1,"featured_media":0,"parent":0,"menu_order":0,"comment_status":"closed","ping_status":"closed","template":"","meta":{"footnotes":""},"class_list":["post-1893","page","type-page","status-publish","hentry"],"_links":{"self":[{"href":"http:\/\/suryn.pl\/index.php\/wp-json\/wp\/v2\/pages\/1893","targetHints":{"allow":["GET"]}}],"collection":[{"href":"http:\/\/suryn.pl\/index.php\/wp-json\/wp\/v2\/pages"}],"about":[{"href":"http:\/\/suryn.pl\/index.php\/wp-json\/wp\/v2\/types\/page"}],"author":[{"embeddable":true,"href":"http:\/\/suryn.pl\/index.php\/wp-json\/wp\/v2\/users\/1"}],"replies":[{"embeddable":true,"href":"http:\/\/suryn.pl\/index.php\/wp-json\/wp\/v2\/comments?post=1893"}],"version-history":[{"count":4,"href":"http:\/\/suryn.pl\/index.php\/wp-json\/wp\/v2\/pages\/1893\/revisions"}],"predecessor-version":[{"id":2567,"href":"http:\/\/suryn.pl\/index.php\/wp-json\/wp\/v2\/pages\/1893\/revisions\/2567"}],"wp:attachment":[{"href":"http:\/\/suryn.pl\/index.php\/wp-json\/wp\/v2\/media?parent=1893"}],"curies":[{"name":"wp","href":"https:\/\/api.w.org\/{rel}","templated":true}]}}