{"id":1890,"date":"2021-10-13T23:31:13","date_gmt":"2021-10-13T21:31:13","guid":{"rendered":"http:\/\/suryn.pl\/?page_id=1890"},"modified":"2021-10-21T15:15:57","modified_gmt":"2021-10-21T13:15:57","slug":"1890-2","status":"publish","type":"page","link":"http:\/\/suryn.pl\/index.php\/1890-2\/","title":{"rendered":""},"content":{"rendered":"\n<p><\/p>\n\n\n\n<h2 class=\"wp-block-heading\"><strong>J<\/strong>estem \u017c\u00f3\u0142wiem<\/h2>\n\n\n\n<h2 class=\"wp-block-heading\">le\u017c\u0119 w p\u0142ytkiej wodzie<\/h2>\n\n\n\n<h2 class=\"wp-block-heading\">s\u0142o\u0144ce grzeje moj\u0105 skorup\u0119<\/h2>\n\n\n\n<h2 class=\"wp-block-heading\">spogl\u0105dam na p\u00f3\u0142 \u015bwiata<\/h2>\n\n\n\n<h2 class=\"wp-block-heading\">i nic si\u0119 nie dzieje<\/h2>\n\n\n\n<h2 class=\"wp-block-heading\">kiedy\u015b czyta\u0142em<\/h2>\n\n\n\n<h2 class=\"wp-block-heading\">dzi\u015b tylko jestem<\/h2>\n\n\n\n<h2 class=\"wp-block-heading\">i to coraz dalej<\/h2>\n\n\n\n<div style=\"height:295px\" aria-hidden=\"true\" class=\"wp-block-spacer\"><\/div>\n\n\n\n<p class=\"has-text-align-right\"><a href=\"http:\/\/suryn.pl\/index.php\/wiersze-wszystkie\/\">Wszystkie wiersze<\/a><\/p>\n","protected":false},"excerpt":{"rendered":"<p>Jestem \u017c\u00f3\u0142wiem le\u017c\u0119 w p\u0142ytkiej wodzie s\u0142o\u0144ce grzeje moj\u0105 skorup\u0119 spogl\u0105dam na p\u00f3\u0142 \u015bwiata i nic si\u0119 nie dzieje kiedy\u015b czyta\u0142em dzi\u015b tylko jestem i to coraz dalej Wszystkie wiersze<\/p>\n","protected":false},"author":1,"featured_media":0,"parent":0,"menu_order":0,"comment_status":"closed","ping_status":"closed","template":"","meta":{"footnotes":""},"class_list":["post-1890","page","type-page","status-publish","hentry"],"_links":{"self":[{"href":"http:\/\/suryn.pl\/index.php\/wp-json\/wp\/v2\/pages\/1890","targetHints":{"allow":["GET"]}}],"collection":[{"href":"http:\/\/suryn.pl\/index.php\/wp-json\/wp\/v2\/pages"}],"about":[{"href":"http:\/\/suryn.pl\/index.php\/wp-json\/wp\/v2\/types\/page"}],"author":[{"embeddable":true,"href":"http:\/\/suryn.pl\/index.php\/wp-json\/wp\/v2\/users\/1"}],"replies":[{"embeddable":true,"href":"http:\/\/suryn.pl\/index.php\/wp-json\/wp\/v2\/comments?post=1890"}],"version-history":[{"count":2,"href":"http:\/\/suryn.pl\/index.php\/wp-json\/wp\/v2\/pages\/1890\/revisions"}],"predecessor-version":[{"id":2565,"href":"http:\/\/suryn.pl\/index.php\/wp-json\/wp\/v2\/pages\/1890\/revisions\/2565"}],"wp:attachment":[{"href":"http:\/\/suryn.pl\/index.php\/wp-json\/wp\/v2\/media?parent=1890"}],"curies":[{"name":"wp","href":"https:\/\/api.w.org\/{rel}","templated":true}]}}