{"id":1885,"date":"2021-10-13T21:29:07","date_gmt":"2021-10-13T19:29:07","guid":{"rendered":"http:\/\/suryn.pl\/?page_id=1885"},"modified":"2021-10-21T15:14:29","modified_gmt":"2021-10-21T13:14:29","slug":"1885-2","status":"publish","type":"page","link":"http:\/\/suryn.pl\/index.php\/1885-2\/","title":{"rendered":""},"content":{"rendered":"\n<p><\/p>\n\n\n\n<p style=\"font-size:24px\"><strong>Jesie\u0144<\/strong><\/p>\n\n\n\n<p><\/p>\n\n\n\n<h2 class=\"wp-block-heading\">jesie\u0144 jest najprawdziwsza<\/h2>\n\n\n\n<h2 class=\"wp-block-heading\">\u015bwiat rozbiera si\u0119 z pozor\u00f3w<\/h2>\n\n\n\n<h2 class=\"wp-block-heading\">opadaj\u0105 pyszne szaty lata<\/h2>\n\n\n\n<h2 class=\"wp-block-heading\">a to co jest coraz ciemniej \u015bwieci<\/h2>\n\n\n\n<h2 class=\"wp-block-heading\">ro\u015bnie powietrze<\/h2>\n\n\n\n<h2 class=\"wp-block-heading\">a w nim lataj\u0105 ptaki-pytania<\/h2>\n\n\n\n<h2 class=\"wp-block-heading\">kim jestem? kto oddycha?<\/h2>\n\n\n\n<h2 class=\"wp-block-heading\">sk\u0105d wzi\u0105\u0107 wiar\u0119, nadziej\u0119<\/h2>\n\n\n\n<h2 class=\"wp-block-heading\">i mi\u0142o\u015b\u0107 na zim\u0119?<\/h2>\n\n\n\n<p><\/p>\n\n\n\n<h2 class=\"wp-block-heading\">i oto zn\u00f3w stajemy<\/h2>\n\n\n\n<h2 class=\"wp-block-heading\">przed lustrem prawdy<\/h2>\n\n\n\n<h2 class=\"wp-block-heading\">nadzy<\/h2>\n\n\n\n<h2 class=\"wp-block-heading\">ze \u015bwiate\u0142kiem zas\u0142ug<\/h2>\n\n\n\n<div style=\"height:500px\" aria-hidden=\"true\" class=\"wp-block-spacer\"><\/div>\n\n\n\n<p class=\"has-text-align-right\"><a href=\"http:\/\/suryn.pl\/index.php\/wiersze-wszystkie\/\">Wszystkie wiersze<\/a><\/p>\n","protected":false},"excerpt":{"rendered":"<p>Jesie\u0144 jesie\u0144 jest najprawdziwsza \u015bwiat rozbiera si\u0119 z pozor\u00f3w opadaj\u0105 pyszne szaty lata a to co jest coraz ciemniej \u015bwieci ro\u015bnie powietrze a w nim lataj\u0105 ptaki-pytania kim jestem? kto oddycha? sk\u0105d wzi\u0105\u0107 wiar\u0119, nadziej\u0119 i mi\u0142o\u015b\u0107 na zim\u0119? i oto zn\u00f3w stajemy przed lustrem prawdy nadzy ze \u015bwiate\u0142kiem zas\u0142ug Wszystkie wiersze<\/p>\n","protected":false},"author":1,"featured_media":0,"parent":0,"menu_order":0,"comment_status":"closed","ping_status":"closed","template":"","meta":{"footnotes":""},"class_list":["post-1885","page","type-page","status-publish","hentry"],"_links":{"self":[{"href":"http:\/\/suryn.pl\/index.php\/wp-json\/wp\/v2\/pages\/1885","targetHints":{"allow":["GET"]}}],"collection":[{"href":"http:\/\/suryn.pl\/index.php\/wp-json\/wp\/v2\/pages"}],"about":[{"href":"http:\/\/suryn.pl\/index.php\/wp-json\/wp\/v2\/types\/page"}],"author":[{"embeddable":true,"href":"http:\/\/suryn.pl\/index.php\/wp-json\/wp\/v2\/users\/1"}],"replies":[{"embeddable":true,"href":"http:\/\/suryn.pl\/index.php\/wp-json\/wp\/v2\/comments?post=1885"}],"version-history":[{"count":5,"href":"http:\/\/suryn.pl\/index.php\/wp-json\/wp\/v2\/pages\/1885\/revisions"}],"predecessor-version":[{"id":2564,"href":"http:\/\/suryn.pl\/index.php\/wp-json\/wp\/v2\/pages\/1885\/revisions\/2564"}],"wp:attachment":[{"href":"http:\/\/suryn.pl\/index.php\/wp-json\/wp\/v2\/media?parent=1885"}],"curies":[{"name":"wp","href":"https:\/\/api.w.org\/{rel}","templated":true}]}}

<p></p>



<p style="font-size:24px"><strong>Jesień</strong></p>



<p></p>



<h2 class="wp-block-heading">jesień jest najprawdziwsza</h2>



<h2 class="wp-block-heading">świat rozbiera się z pozorów</h2>



<h2 class="wp-block-heading">opadają pyszne szaty lata</h2>



<h2 class="wp-block-heading">a to co jest coraz ciemniej świeci</h2>



<h2 class="wp-block-heading">rośnie powietrze</h2>



<h2 class="wp-block-heading">a w nim latają ptaki-pytania</h2>



<h2 class="wp-block-heading">kim jestem? kto oddycha?</h2>



<h2 class="wp-block-heading">skąd wziąć wiarę, nadzieję</h2>



<h2 class="wp-block-heading">i miłość na zimę?</h2>



<p></p>



<h2 class="wp-block-heading">i oto znów stajemy</h2>



<h2 class="wp-block-heading">przed lustrem prawdy</h2>



<h2 class="wp-block-heading">nadzy</h2>



<h2 class="wp-block-heading">ze światełkiem zasług</h2>



<div style="height:500px" aria-hidden="true" class="wp-block-spacer"></div>



<p class="has-text-align-right"><a href="http://suryn.pl/index.php/wiersze-wszystkie/">Wszystkie wiersze</a></p>

<p>Jesień jesień jest najprawdziwsza świat rozbiera się z pozorów opadają pyszne szaty lata a to co jest coraz ciemniej świeci rośnie powietrze a w nim latają ptaki-pytania kim jestem? kto oddycha? skąd wziąć wiarę, nadzieję i miłość na zimę? i oto znów stajemy przed lustrem prawdy nadzy ze światełkiem zasług Wszystkie wiersze</p>
