{"id":1873,"date":"2021-10-13T21:09:49","date_gmt":"2021-10-13T19:09:49","guid":{"rendered":"http:\/\/suryn.pl\/?page_id=1873"},"modified":"2021-10-21T15:03:46","modified_gmt":"2021-10-21T13:03:46","slug":"1873-2","status":"publish","type":"page","link":"http:\/\/suryn.pl\/index.php\/1873-2\/","title":{"rendered":""},"content":{"rendered":"\n<p><\/p>\n\n\n\n<h2 class=\"wp-block-heading\"><strong>J<\/strong>ak ryba na brzegu dnia<\/h2>\n\n\n\n<h2 class=\"wp-block-heading\">na ch\u0142ost\u0119 s\u0142o\u0144ca wystawiony<\/h2>\n\n\n\n<h2 class=\"wp-block-heading\">nie wierz\u0119 \u017ce to ja<\/h2>\n\n\n\n<h2 class=\"wp-block-heading\">zagubiony \u2013 ocalony<\/h2>\n\n\n\n<div style=\"height:219px\" aria-hidden=\"true\" class=\"wp-block-spacer\"><\/div>\n\n\n\n<p class=\"has-text-align-right\"><a href=\"http:\/\/suryn.pl\/index.php\/wiersze-wszystkie\/\">Wszystkie wiersze<\/a><\/p>\n","protected":false},"excerpt":{"rendered":"<p>Jak ryba na brzegu dnia na ch\u0142ost\u0119 s\u0142o\u0144ca wystawiony nie wierz\u0119 \u017ce to ja zagubiony \u2013 ocalony Wszystkie wiersze<\/p>\n","protected":false},"author":1,"featured_media":0,"parent":0,"menu_order":0,"comment_status":"closed","ping_status":"closed","template":"","meta":{"footnotes":""},"class_list":["post-1873","page","type-page","status-publish","hentry"],"_links":{"self":[{"href":"http:\/\/suryn.pl\/index.php\/wp-json\/wp\/v2\/pages\/1873","targetHints":{"allow":["GET"]}}],"collection":[{"href":"http:\/\/suryn.pl\/index.php\/wp-json\/wp\/v2\/pages"}],"about":[{"href":"http:\/\/suryn.pl\/index.php\/wp-json\/wp\/v2\/types\/page"}],"author":[{"embeddable":true,"href":"http:\/\/suryn.pl\/index.php\/wp-json\/wp\/v2\/users\/1"}],"replies":[{"embeddable":true,"href":"http:\/\/suryn.pl\/index.php\/wp-json\/wp\/v2\/comments?post=1873"}],"version-history":[{"count":2,"href":"http:\/\/suryn.pl\/index.php\/wp-json\/wp\/v2\/pages\/1873\/revisions"}],"predecessor-version":[{"id":2558,"href":"http:\/\/suryn.pl\/index.php\/wp-json\/wp\/v2\/pages\/1873\/revisions\/2558"}],"wp:attachment":[{"href":"http:\/\/suryn.pl\/index.php\/wp-json\/wp\/v2\/media?parent=1873"}],"curies":[{"name":"wp","href":"https:\/\/api.w.org\/{rel}","templated":true}]}}